{"id":173014,"date":"2025-01-20T09:39:43","date_gmt":"2025-01-20T08:39:43","guid":{"rendered":"https:\/\/univet.hu\/allasborze\/allasborze-2025\/kiallitok\/name\/"},"modified":"2025-01-20T09:39:43","modified_gmt":"2025-01-20T08:39:43","slug":"borsod-abauj-zemplen-varmegyei-kormanyhivatal","status":"publish","type":"page","link":"https:\/\/univet.hu\/allasborze\/allasborze-2025\/kiallitok\/borsod-abauj-zemplen-varmegyei-kormanyhivatal\/","title":{"rendered":"Borsod-Aba\u00faj-Zempl\u00e9n V\u00e1rmegyei Korm\u00e1nyhivatal"},"content":{"rendered":"<p>&nbsp;<\/p> <p>Tov\u00e1bbi inform\u00e1ci\u00f3k: <a href=\"https:\/\/kormanyhivatalok.hu\/kormanyhivatalok\/borsod-abauj-zemplen\">https:\/\/kormanyhivatalok.hu\/kormanyhivatalok\/borsod-abauj-zemplen<\/a><\/p>","protected":false},"excerpt":{"rendered":"<p>&nbsp; Tov\u00e1bbi inform\u00e1ci\u00f3k: https:\/\/kormanyhivatalok.hu\/kormanyhivatalok\/borsod-abauj-zemplen<\/p>\n","protected":false},"author":2518,"featured_media":0,"parent":172964,"menu_order":0,"comment_status":"open","ping_status":"open","template":"","meta":{"_acf_changed":false,"footnotes":""},"categories":[],"tags":[],"class_list":["post-173014","page","type-page","status-publish","hentry"],"acf":[],"yoast_head":"<!-- This site is optimized with the Yoast SEO plugin v27.2 - https:\/\/yoast.com\/product\/yoast-seo-wordpress\/ -->\n<title>Borsod-Aba\u00faj-Zempl\u00e9n V\u00e1rmegyei Korm\u00e1nyhivatal - \u00c1ll\u00e1sb\u00f6rze<\/title>\n<meta name=\"robots\" content=\"index, follow, max-snippet:-1, max-image-preview:large, max-video-preview:-1\" \/>\n<link rel=\"canonical\" href=\"https:\/\/univet.hu\/allasborze\/allasborze-2025\/kiallitok\/borsod-abauj-zemplen-varmegyei-kormanyhivatal\/\" \/>\n<meta property=\"og:locale\" content=\"hu_HU\" \/>\n<meta property=\"og:type\" content=\"article\" \/>\n<meta property=\"og:title\" content=\"Borsod-Aba\u00faj-Zempl\u00e9n V\u00e1rmegyei Korm\u00e1nyhivatal - \u00c1ll\u00e1sb\u00f6rze\" \/>\n<meta property=\"og:description\" content=\"&nbsp; Tov\u00e1bbi inform\u00e1ci\u00f3k: https:\/\/kormanyhivatalok.hu\/kormanyhivatalok\/borsod-abauj-zemplen\" \/>\n<meta property=\"og:url\" content=\"https:\/\/univet.hu\/allasborze\/allasborze-2025\/kiallitok\/borsod-abauj-zemplen-varmegyei-kormanyhivatal\/\" \/>\n<meta property=\"og:site_name\" content=\"\u00c1ll\u00e1sb\u00f6rze\" \/>\n<meta name=\"twitter:card\" content=\"summary_large_image\" \/>\n<meta name=\"twitter:label1\" content=\"Becs\u00fclt olvas\u00e1si id\u0151\" \/>\n\t<meta name=\"twitter:data1\" content=\"1 perc\" \/>\n<script type=\"application\/ld+json\" class=\"yoast-schema-graph\">{\"@context\":\"https:\/\/schema.org\",\"@graph\":[{\"@type\":\"WebPage\",\"@id\":\"https:\/\/univet.hu\/allasborze\/allasborze-2025\/kiallitok\/borsod-abauj-zemplen-varmegyei-kormanyhivatal\/\",\"url\":\"https:\/\/univet.hu\/allasborze\/allasborze-2025\/kiallitok\/borsod-abauj-zemplen-varmegyei-kormanyhivatal\/\",\"name\":\"Borsod-Aba\u00faj-Zempl\u00e9n V\u00e1rmegyei Korm\u00e1nyhivatal - \u00c1ll\u00e1sb\u00f6rze\",\"isPartOf\":{\"@id\":\"https:\/\/univet.hu\/allasborze\/#website\"},\"datePublished\":\"2025-01-20T08:39:43+00:00\",\"breadcrumb\":{\"@id\":\"https:\/\/univet.hu\/allasborze\/allasborze-2025\/kiallitok\/borsod-abauj-zemplen-varmegyei-kormanyhivatal\/#breadcrumb\"},\"inLanguage\":\"hu\",\"potentialAction\":[{\"@type\":\"ReadAction\",\"target\":[\"https:\/\/univet.hu\/allasborze\/allasborze-2025\/kiallitok\/borsod-abauj-zemplen-varmegyei-kormanyhivatal\/\"]}]},{\"@type\":\"BreadcrumbList\",\"@id\":\"https:\/\/univet.hu\/allasborze\/allasborze-2025\/kiallitok\/borsod-abauj-zemplen-varmegyei-kormanyhivatal\/#breadcrumb\",\"itemListElement\":[{\"@type\":\"ListItem\",\"position\":1,\"name\":\"Kezd\u0151lap\",\"item\":\"https:\/\/univet.hu\/allasborze\/\"},{\"@type\":\"ListItem\",\"position\":2,\"name\":\"\u00c1ll\u00e1sb\u00f6rze 2026\",\"item\":\"https:\/\/univet.hu\/allasborze\/\"},{\"@type\":\"ListItem\",\"position\":3,\"name\":\"Ki\u00e1ll\u00edt\u00f3k\",\"item\":\"https:\/\/univet.hu\/allasborze\/?page_id=172964\"},{\"@type\":\"ListItem\",\"position\":4,\"name\":\"Borsod-Aba\u00faj-Zempl\u00e9n V\u00e1rmegyei Korm\u00e1nyhivatal\"}]},{\"@type\":\"WebSite\",\"@id\":\"https:\/\/univet.hu\/allasborze\/#website\",\"url\":\"https:\/\/univet.hu\/allasborze\/\",\"name\":\"\u00c1ll\u00e1sb\u00f6rze\",\"description\":\"\",\"potentialAction\":[{\"@type\":\"SearchAction\",\"target\":{\"@type\":\"EntryPoint\",\"urlTemplate\":\"https:\/\/univet.hu\/allasborze\/?s={search_term_string}\"},\"query-input\":{\"@type\":\"PropertyValueSpecification\",\"valueRequired\":true,\"valueName\":\"search_term_string\"}}],\"inLanguage\":\"hu\"}]}<\/script>\n<!-- \/ Yoast SEO plugin. -->","yoast_head_json":{"title":"Borsod-Aba\u00faj-Zempl\u00e9n V\u00e1rmegyei Korm\u00e1nyhivatal - \u00c1ll\u00e1sb\u00f6rze","robots":{"index":"index","follow":"follow","max-snippet":"max-snippet:-1","max-image-preview":"max-image-preview:large","max-video-preview":"max-video-preview:-1"},"canonical":"https:\/\/univet.hu\/allasborze\/allasborze-2025\/kiallitok\/borsod-abauj-zemplen-varmegyei-kormanyhivatal\/","og_locale":"hu_HU","og_type":"article","og_title":"Borsod-Aba\u00faj-Zempl\u00e9n V\u00e1rmegyei Korm\u00e1nyhivatal - \u00c1ll\u00e1sb\u00f6rze","og_description":"&nbsp; Tov\u00e1bbi inform\u00e1ci\u00f3k: https:\/\/kormanyhivatalok.hu\/kormanyhivatalok\/borsod-abauj-zemplen","og_url":"https:\/\/univet.hu\/allasborze\/allasborze-2025\/kiallitok\/borsod-abauj-zemplen-varmegyei-kormanyhivatal\/","og_site_name":"\u00c1ll\u00e1sb\u00f6rze","twitter_card":"summary_large_image","twitter_misc":{"Becs\u00fclt olvas\u00e1si id\u0151":"1 perc"},"schema":{"@context":"https:\/\/schema.org","@graph":[{"@type":"WebPage","@id":"https:\/\/univet.hu\/allasborze\/allasborze-2025\/kiallitok\/borsod-abauj-zemplen-varmegyei-kormanyhivatal\/","url":"https:\/\/univet.hu\/allasborze\/allasborze-2025\/kiallitok\/borsod-abauj-zemplen-varmegyei-kormanyhivatal\/","name":"Borsod-Aba\u00faj-Zempl\u00e9n V\u00e1rmegyei Korm\u00e1nyhivatal - \u00c1ll\u00e1sb\u00f6rze","isPartOf":{"@id":"https:\/\/univet.hu\/allasborze\/#website"},"datePublished":"2025-01-20T08:39:43+00:00","breadcrumb":{"@id":"https:\/\/univet.hu\/allasborze\/allasborze-2025\/kiallitok\/borsod-abauj-zemplen-varmegyei-kormanyhivatal\/#breadcrumb"},"inLanguage":"hu","potentialAction":[{"@type":"ReadAction","target":["https:\/\/univet.hu\/allasborze\/allasborze-2025\/kiallitok\/borsod-abauj-zemplen-varmegyei-kormanyhivatal\/"]}]},{"@type":"BreadcrumbList","@id":"https:\/\/univet.hu\/allasborze\/allasborze-2025\/kiallitok\/borsod-abauj-zemplen-varmegyei-kormanyhivatal\/#breadcrumb","itemListElement":[{"@type":"ListItem","position":1,"name":"Kezd\u0151lap","item":"https:\/\/univet.hu\/allasborze\/"},{"@type":"ListItem","position":2,"name":"\u00c1ll\u00e1sb\u00f6rze 2026","item":"https:\/\/univet.hu\/allasborze\/"},{"@type":"ListItem","position":3,"name":"Ki\u00e1ll\u00edt\u00f3k","item":"https:\/\/univet.hu\/allasborze\/?page_id=172964"},{"@type":"ListItem","position":4,"name":"Borsod-Aba\u00faj-Zempl\u00e9n V\u00e1rmegyei Korm\u00e1nyhivatal"}]},{"@type":"WebSite","@id":"https:\/\/univet.hu\/allasborze\/#website","url":"https:\/\/univet.hu\/allasborze\/","name":"\u00c1ll\u00e1sb\u00f6rze","description":"","potentialAction":[{"@type":"SearchAction","target":{"@type":"EntryPoint","urlTemplate":"https:\/\/univet.hu\/allasborze\/?s={search_term_string}"},"query-input":{"@type":"PropertyValueSpecification","valueRequired":true,"valueName":"search_term_string"}}],"inLanguage":"hu"}]}},"_links":{"self":[{"href":"https:\/\/univet.hu\/allasborze\/wp-json\/wp\/v2\/pages\/173014","targetHints":{"allow":["GET"]}}],"collection":[{"href":"https:\/\/univet.hu\/allasborze\/wp-json\/wp\/v2\/pages"}],"about":[{"href":"https:\/\/univet.hu\/allasborze\/wp-json\/wp\/v2\/types\/page"}],"author":[{"embeddable":true,"href":"https:\/\/univet.hu\/allasborze\/wp-json\/wp\/v2\/users\/2518"}],"replies":[{"embeddable":true,"href":"https:\/\/univet.hu\/allasborze\/wp-json\/wp\/v2\/comments?post=173014"}],"version-history":[{"count":1,"href":"https:\/\/univet.hu\/allasborze\/wp-json\/wp\/v2\/pages\/173014\/revisions"}],"predecessor-version":[{"id":173015,"href":"https:\/\/univet.hu\/allasborze\/wp-json\/wp\/v2\/pages\/173014\/revisions\/173015"}],"up":[{"embeddable":true,"href":"https:\/\/univet.hu\/allasborze\/wp-json\/wp\/v2\/pages\/172964"}],"wp:attachment":[{"href":"https:\/\/univet.hu\/allasborze\/wp-json\/wp\/v2\/media?parent=173014"}],"wp:term":[{"taxonomy":"category","embeddable":true,"href":"https:\/\/univet.hu\/allasborze\/wp-json\/wp\/v2\/categories?post=173014"},{"taxonomy":"post_tag","embeddable":true,"href":"https:\/\/univet.hu\/allasborze\/wp-json\/wp\/v2\/tags?post=173014"}],"curies":[{"name":"wp","href":"https:\/\/api.w.org\/{rel}","templated":true}]}}