{"id":48759,"date":"2020-01-23T14:00:51","date_gmt":"2020-01-23T13:00:51","guid":{"rendered":"https:\/\/univet.hu\/?page_id=48759"},"modified":"2025-01-10T13:55:15","modified_gmt":"2025-01-10T12:55:15","slug":"hardenberg-consulting-de-nemetorszag","status":"publish","type":"page","link":"https:\/\/univet.hu\/allasborze\/allasborze-2020\/kiallitok\/hardenberg-consulting-de-nemetorszag\/","title":{"rendered":"Hardenberg Consulting &#8211; DE\/N\u00e9metorsz\u00e1g"},"content":{"rendered":"<p>&nbsp;<\/p> <p><span class=\"TextRun SCXW41213089 BCX0\" lang=\"DE-DE\" xml:lang=\"DE-DE\" data-contrast=\"auto\"><span class=\"NormalTextRun SCXW41213089 BCX0\">Hardenberg Consulting GmbH is a leading international recruitment consultancy specializing in the recruitment of executives and specialists in th<\/span><\/span><span class=\"TextRun SCXW41213089 BCX0\" lang=\"DE-DE\" xml:lang=\"DE-DE\" data-contrast=\"auto\"><span class=\"NormalTextRun SCXW41213089 BCX0\">e field of veterinary medicine and\u00a0<\/span><\/span><span class=\"TextRun SCXW41213089 BCX0\" lang=\"DE-DE\" xml:lang=\"DE-DE\" data-contrast=\"auto\"><span class=\"NormalTextRun SCXW41213089 BCX0\">animal health. Based in Germany, near Munich, and managed by its founder Dr. Felix von Hardenberg, Hardenberg Consulting is run by a dedicated team of consultants and veterinarians specialized in providing\u00a0<\/span><\/span><span class=\"TextRun SCXW41213089 BCX0\" lang=\"DE-DE\" xml:lang=\"DE-DE\" data-contrast=\"auto\"><span class=\"NormalTextRun SCXW41213089 BCX0\">recruitment services<\/span><\/span><span class=\"TextRun SCXW41213089 BCX0\" lang=\"DE-DE\" xml:lang=\"DE-DE\" data-contrast=\"auto\"><span class=\"NormalTextRun SCXW41213089 BCX0\">. Our expertise is based on thorough and professional in<\/span><\/span><span class=\"TextRun SCXW41213089 BCX0\" lang=\"DE-DE\" xml:lang=\"DE-DE\" data-contrast=\"auto\"><span class=\"NormalTextRun SCXW41213089 BCX0\">dustry knowledge, dependability and<\/span><\/span><span class=\"TextRun SCXW41213089 BCX0\" lang=\"DE-DE\" xml:lang=\"DE-DE\" data-contrast=\"auto\"><span class=\"NormalTextRun SCXW41213089 BCX0\">\u00a0transparency<\/span><\/span><span class=\"TextRun SCXW41213089 BCX0\" lang=\"DE-DE\" xml:lang=\"DE-DE\" data-contrast=\"auto\"><span class=\"NormalTextRun SCXW41213089 BCX0\">\u00a0<\/span><\/span><span class=\"TextRun SCXW41213089 BCX0\" lang=\"DE-DE\" xml:lang=\"DE-DE\" data-contrast=\"auto\"><span class=\"NormalTextRun SCXW41213089 BCX0\">and our focus on promoting excellence and rigorous standards in our recruitment practice<\/span><\/span><span class=\"TextRun SCXW41213089 BCX0\" lang=\"DE-DE\" xml:lang=\"DE-DE\" data-contrast=\"auto\"><span class=\"NormalTextRun SCXW41213089 BCX0\">.\u00a0<\/span><\/span><span class=\"TextRun SCXW41213089 BCX0\" lang=\"DE-DE\" xml:lang=\"DE-DE\" data-contrast=\"auto\"><span class=\"NormalTextRun SCXW41213089 BCX0\">O<\/span><\/span><span class=\"TextRun SCXW41213089 BCX0\" lang=\"DE-DE\" xml:lang=\"DE-DE\" data-contrast=\"auto\"><span class=\"NormalTextRun SCXW41213089 BCX0\">ur\u00a0<\/span><\/span><span class=\"TextRun SCXW41213089 BCX0\" lang=\"DE-DE\" xml:lang=\"DE-DE\" data-contrast=\"auto\"><span class=\"NormalTextRun SCXW41213089 BCX0\">European Vet Professionals Program<\/span><\/span><span class=\"TextRun SCXW41213089 BCX0\" lang=\"DE-DE\" xml:lang=\"DE-DE\" data-contrast=\"auto\"><span class=\"NormalTextRun SCXW41213089 BCX0\">\u00a0<\/span><\/span><span class=\"TextRun SCXW41213089 BCX0\" lang=\"DE-DE\" xml:lang=\"DE-DE\" data-contrast=\"auto\"><span class=\"NormalTextRun SCXW41213089 BCX0\">offer<\/span><\/span><span class=\"TextRun SCXW41213089 BCX0\" lang=\"DE-DE\" xml:lang=\"DE-DE\" data-contrast=\"auto\"><span class=\"NormalTextRun SCXW41213089 BCX0\">s<\/span><\/span><span class=\"TextRun SCXW41213089 BCX0\" lang=\"DE-DE\" xml:lang=\"DE-DE\" data-contrast=\"auto\"><span class=\"NormalTextRun SCXW41213089 BCX0\">\u00a0well-educated colleagues skilled jobs in Germany<\/span><\/span><span class=\"TextRun SCXW41213089 BCX0\" lang=\"DE-DE\" xml:lang=\"DE-DE\" data-contrast=\"auto\"><span class=\"NormalTextRun SCXW41213089 BCX0\">.<\/span><\/span><span class=\"EOP SCXW41213089 BCX0\" data-ccp-props=\"{&quot;201341983&quot;:0,&quot;335559739&quot;:160,&quot;335559740&quot;:259}\">\u00a0<\/span><\/p> <p>&nbsp;<\/p> <p>For more information about the company click here:<\/p> <p><a href=\"http:\/\/www.hardenberg-consulting.com\/en\" target=\"_blank\" rel=\"noopener\"><img loading=\"lazy\" decoding=\"async\" class=\"aligncenter size-medium wp-image-48802\" src=\"https:\/\/univet.hu\/allasborze\/wp-content\/uploads\/sites\/2\/2020\/01\/logo_HardenbergConsulting-320x32.jpg\" alt=\"\" width=\"320\" height=\"32\" srcset=\"https:\/\/univet.hu\/allasborze\/wp-content\/uploads\/sites\/2\/2020\/01\/logo_HardenbergConsulting-320x32.jpg 320w, https:\/\/univet.hu\/allasborze\/wp-content\/uploads\/sites\/2\/2020\/01\/logo_HardenbergConsulting-2048x203.jpg 2048w, https:\/\/univet.hu\/allasborze\/wp-content\/uploads\/sites\/2\/2020\/01\/logo_HardenbergConsulting-768x76.jpg 768w, https:\/\/univet.hu\/allasborze\/wp-content\/uploads\/sites\/2\/2020\/01\/logo_HardenbergConsulting-1024x101.jpg 1024w, https:\/\/univet.hu\/allasborze\/wp-content\/uploads\/sites\/2\/2020\/01\/logo_HardenbergConsulting-1536x152.jpg 1536w, https:\/\/univet.hu\/allasborze\/wp-content\/uploads\/sites\/2\/2020\/01\/logo_HardenbergConsulting-300x30.jpg 300w\" sizes=\"auto, (max-width: 320px) 100vw, 320px\" \/><\/a><\/p>","protected":false},"excerpt":{"rendered":"<p>&nbsp; Hardenberg Consulting GmbH is a leading international recruitment consultancy specializing in the recruitment of executives and specialists in the field of veterinary medicine and\u00a0animal health. Based in Germany, near Munich, and managed by its founder Dr. Felix von Hardenberg, Hardenberg Consulting is run by a dedicated team of consultants and veterinarians specialized in providing\u00a0recruitment<\/p>\n","protected":false},"author":2518,"featured_media":0,"parent":46253,"menu_order":0,"comment_status":"closed","ping_status":"closed","template":"","meta":{"_acf_changed":false,"footnotes":""},"categories":[],"tags":[],"class_list":["post-48759","page","type-page","status-publish","hentry"],"acf":[],"yoast_head":"<!-- This site is optimized with the Yoast SEO plugin v27.2 - https:\/\/yoast.com\/product\/yoast-seo-wordpress\/ -->\n<title>Hardenberg Consulting - DE\/N\u00e9metorsz\u00e1g - \u00c1ll\u00e1sb\u00f6rze<\/title>\n<meta name=\"robots\" content=\"index, follow, max-snippet:-1, max-image-preview:large, max-video-preview:-1\" \/>\n<link rel=\"canonical\" href=\"https:\/\/univet.hu\/allasborze\/allasborze-2020\/kiallitok\/hardenberg-consulting-de-nemetorszag\/\" \/>\n<meta property=\"og:locale\" content=\"hu_HU\" \/>\n<meta property=\"og:type\" content=\"article\" \/>\n<meta property=\"og:title\" content=\"Hardenberg Consulting - DE\/N\u00e9metorsz\u00e1g - \u00c1ll\u00e1sb\u00f6rze\" \/>\n<meta property=\"og:description\" content=\"&nbsp; Hardenberg Consulting GmbH is a leading international recruitment consultancy specializing in the recruitment of executives and specialists in the field of veterinary medicine and\u00a0animal health. Based in Germany, near Munich, and managed by its founder Dr. Felix von Hardenberg, Hardenberg Consulting is run by a dedicated team of consultants and veterinarians specialized in providing\u00a0recruitment\" \/>\n<meta property=\"og:url\" content=\"https:\/\/univet.hu\/allasborze\/allasborze-2020\/kiallitok\/hardenberg-consulting-de-nemetorszag\/\" \/>\n<meta property=\"og:site_name\" content=\"\u00c1ll\u00e1sb\u00f6rze\" \/>\n<meta property=\"article:modified_time\" content=\"2025-01-10T12:55:15+00:00\" \/>\n<meta property=\"og:image\" content=\"https:\/\/univet.hu\/allasborze\/wp-content\/uploads\/sites\/2\/2020\/01\/logo_HardenbergConsulting-320x32.jpg\" \/>\n<meta name=\"twitter:card\" content=\"summary_large_image\" \/>\n<meta name=\"twitter:label1\" content=\"Becs\u00fclt olvas\u00e1si id\u0151\" \/>\n\t<meta name=\"twitter:data1\" content=\"1 perc\" \/>\n<script type=\"application\/ld+json\" class=\"yoast-schema-graph\">{\"@context\":\"https:\/\/schema.org\",\"@graph\":[{\"@type\":\"WebPage\",\"@id\":\"https:\/\/univet.hu\/allasborze\/allasborze-2020\/kiallitok\/hardenberg-consulting-de-nemetorszag\/\",\"url\":\"https:\/\/univet.hu\/allasborze\/allasborze-2020\/kiallitok\/hardenberg-consulting-de-nemetorszag\/\",\"name\":\"Hardenberg Consulting - DE\/N\u00e9metorsz\u00e1g - \u00c1ll\u00e1sb\u00f6rze\",\"isPartOf\":{\"@id\":\"https:\/\/univet.hu\/allasborze\/#website\"},\"primaryImageOfPage\":{\"@id\":\"https:\/\/univet.hu\/allasborze\/allasborze-2020\/kiallitok\/hardenberg-consulting-de-nemetorszag\/#primaryimage\"},\"image\":{\"@id\":\"https:\/\/univet.hu\/allasborze\/allasborze-2020\/kiallitok\/hardenberg-consulting-de-nemetorszag\/#primaryimage\"},\"thumbnailUrl\":\"https:\/\/univet.hu\/allasborze\/wp-content\/uploads\/sites\/2\/2020\/01\/logo_HardenbergConsulting-320x32.jpg\",\"datePublished\":\"2020-01-23T13:00:51+00:00\",\"dateModified\":\"2025-01-10T12:55:15+00:00\",\"breadcrumb\":{\"@id\":\"https:\/\/univet.hu\/allasborze\/allasborze-2020\/kiallitok\/hardenberg-consulting-de-nemetorszag\/#breadcrumb\"},\"inLanguage\":\"hu\",\"potentialAction\":[{\"@type\":\"ReadAction\",\"target\":[\"https:\/\/univet.hu\/allasborze\/allasborze-2020\/kiallitok\/hardenberg-consulting-de-nemetorszag\/\"]}]},{\"@type\":\"ImageObject\",\"inLanguage\":\"hu\",\"@id\":\"https:\/\/univet.hu\/allasborze\/allasborze-2020\/kiallitok\/hardenberg-consulting-de-nemetorszag\/#primaryimage\",\"url\":\"https:\/\/univet.hu\/allasborze\/wp-content\/uploads\/sites\/2\/2020\/01\/logo_HardenbergConsulting-scaled.jpg\",\"contentUrl\":\"https:\/\/univet.hu\/allasborze\/wp-content\/uploads\/sites\/2\/2020\/01\/logo_HardenbergConsulting-scaled.jpg\",\"width\":2560,\"height\":253},{\"@type\":\"BreadcrumbList\",\"@id\":\"https:\/\/univet.hu\/allasborze\/allasborze-2020\/kiallitok\/hardenberg-consulting-de-nemetorszag\/#breadcrumb\",\"itemListElement\":[{\"@type\":\"ListItem\",\"position\":1,\"name\":\"Kezd\u0151lap\",\"item\":\"https:\/\/univet.hu\/allasborze\/\"},{\"@type\":\"ListItem\",\"position\":2,\"name\":\"\u00c1ll\u00e1sb\u00f6rze 2020\",\"item\":\"https:\/\/univet.hu\/allasborze\/allasborze-2020\/\"},{\"@type\":\"ListItem\",\"position\":3,\"name\":\"Ki\u00e1ll\u00edt\u00f3k\",\"item\":\"https:\/\/univet.hu\/allasborze\/allasborze-2020\/kiallitok\/\"},{\"@type\":\"ListItem\",\"position\":4,\"name\":\"Hardenberg Consulting &#8211; DE\/N\u00e9metorsz\u00e1g\"}]},{\"@type\":\"WebSite\",\"@id\":\"https:\/\/univet.hu\/allasborze\/#website\",\"url\":\"https:\/\/univet.hu\/allasborze\/\",\"name\":\"\u00c1ll\u00e1sb\u00f6rze\",\"description\":\"\",\"potentialAction\":[{\"@type\":\"SearchAction\",\"target\":{\"@type\":\"EntryPoint\",\"urlTemplate\":\"https:\/\/univet.hu\/allasborze\/?s={search_term_string}\"},\"query-input\":{\"@type\":\"PropertyValueSpecification\",\"valueRequired\":true,\"valueName\":\"search_term_string\"}}],\"inLanguage\":\"hu\"}]}<\/script>\n<!-- \/ Yoast SEO plugin. -->","yoast_head_json":{"title":"Hardenberg Consulting - DE\/N\u00e9metorsz\u00e1g - \u00c1ll\u00e1sb\u00f6rze","robots":{"index":"index","follow":"follow","max-snippet":"max-snippet:-1","max-image-preview":"max-image-preview:large","max-video-preview":"max-video-preview:-1"},"canonical":"https:\/\/univet.hu\/allasborze\/allasborze-2020\/kiallitok\/hardenberg-consulting-de-nemetorszag\/","og_locale":"hu_HU","og_type":"article","og_title":"Hardenberg Consulting - DE\/N\u00e9metorsz\u00e1g - \u00c1ll\u00e1sb\u00f6rze","og_description":"&nbsp; Hardenberg Consulting GmbH is a leading international recruitment consultancy specializing in the recruitment of executives and specialists in the field of veterinary medicine and\u00a0animal health. Based in Germany, near Munich, and managed by its founder Dr. Felix von Hardenberg, Hardenberg Consulting is run by a dedicated team of consultants and veterinarians specialized in providing\u00a0recruitment","og_url":"https:\/\/univet.hu\/allasborze\/allasborze-2020\/kiallitok\/hardenberg-consulting-de-nemetorszag\/","og_site_name":"\u00c1ll\u00e1sb\u00f6rze","article_modified_time":"2025-01-10T12:55:15+00:00","og_image":[{"url":"https:\/\/univet.hu\/allasborze\/wp-content\/uploads\/sites\/2\/2020\/01\/logo_HardenbergConsulting-320x32.jpg","type":"","width":"","height":""}],"twitter_card":"summary_large_image","twitter_misc":{"Becs\u00fclt olvas\u00e1si id\u0151":"1 perc"},"schema":{"@context":"https:\/\/schema.org","@graph":[{"@type":"WebPage","@id":"https:\/\/univet.hu\/allasborze\/allasborze-2020\/kiallitok\/hardenberg-consulting-de-nemetorszag\/","url":"https:\/\/univet.hu\/allasborze\/allasborze-2020\/kiallitok\/hardenberg-consulting-de-nemetorszag\/","name":"Hardenberg Consulting - DE\/N\u00e9metorsz\u00e1g - \u00c1ll\u00e1sb\u00f6rze","isPartOf":{"@id":"https:\/\/univet.hu\/allasborze\/#website"},"primaryImageOfPage":{"@id":"https:\/\/univet.hu\/allasborze\/allasborze-2020\/kiallitok\/hardenberg-consulting-de-nemetorszag\/#primaryimage"},"image":{"@id":"https:\/\/univet.hu\/allasborze\/allasborze-2020\/kiallitok\/hardenberg-consulting-de-nemetorszag\/#primaryimage"},"thumbnailUrl":"https:\/\/univet.hu\/allasborze\/wp-content\/uploads\/sites\/2\/2020\/01\/logo_HardenbergConsulting-320x32.jpg","datePublished":"2020-01-23T13:00:51+00:00","dateModified":"2025-01-10T12:55:15+00:00","breadcrumb":{"@id":"https:\/\/univet.hu\/allasborze\/allasborze-2020\/kiallitok\/hardenberg-consulting-de-nemetorszag\/#breadcrumb"},"inLanguage":"hu","potentialAction":[{"@type":"ReadAction","target":["https:\/\/univet.hu\/allasborze\/allasborze-2020\/kiallitok\/hardenberg-consulting-de-nemetorszag\/"]}]},{"@type":"ImageObject","inLanguage":"hu","@id":"https:\/\/univet.hu\/allasborze\/allasborze-2020\/kiallitok\/hardenberg-consulting-de-nemetorszag\/#primaryimage","url":"https:\/\/univet.hu\/allasborze\/wp-content\/uploads\/sites\/2\/2020\/01\/logo_HardenbergConsulting-scaled.jpg","contentUrl":"https:\/\/univet.hu\/allasborze\/wp-content\/uploads\/sites\/2\/2020\/01\/logo_HardenbergConsulting-scaled.jpg","width":2560,"height":253},{"@type":"BreadcrumbList","@id":"https:\/\/univet.hu\/allasborze\/allasborze-2020\/kiallitok\/hardenberg-consulting-de-nemetorszag\/#breadcrumb","itemListElement":[{"@type":"ListItem","position":1,"name":"Kezd\u0151lap","item":"https:\/\/univet.hu\/allasborze\/"},{"@type":"ListItem","position":2,"name":"\u00c1ll\u00e1sb\u00f6rze 2020","item":"https:\/\/univet.hu\/allasborze\/allasborze-2020\/"},{"@type":"ListItem","position":3,"name":"Ki\u00e1ll\u00edt\u00f3k","item":"https:\/\/univet.hu\/allasborze\/allasborze-2020\/kiallitok\/"},{"@type":"ListItem","position":4,"name":"Hardenberg Consulting &#8211; DE\/N\u00e9metorsz\u00e1g"}]},{"@type":"WebSite","@id":"https:\/\/univet.hu\/allasborze\/#website","url":"https:\/\/univet.hu\/allasborze\/","name":"\u00c1ll\u00e1sb\u00f6rze","description":"","potentialAction":[{"@type":"SearchAction","target":{"@type":"EntryPoint","urlTemplate":"https:\/\/univet.hu\/allasborze\/?s={search_term_string}"},"query-input":{"@type":"PropertyValueSpecification","valueRequired":true,"valueName":"search_term_string"}}],"inLanguage":"hu"}]}},"_links":{"self":[{"href":"https:\/\/univet.hu\/allasborze\/wp-json\/wp\/v2\/pages\/48759","targetHints":{"allow":["GET"]}}],"collection":[{"href":"https:\/\/univet.hu\/allasborze\/wp-json\/wp\/v2\/pages"}],"about":[{"href":"https:\/\/univet.hu\/allasborze\/wp-json\/wp\/v2\/types\/page"}],"author":[{"embeddable":true,"href":"https:\/\/univet.hu\/allasborze\/wp-json\/wp\/v2\/users\/2518"}],"replies":[{"embeddable":true,"href":"https:\/\/univet.hu\/allasborze\/wp-json\/wp\/v2\/comments?post=48759"}],"version-history":[{"count":1,"href":"https:\/\/univet.hu\/allasborze\/wp-json\/wp\/v2\/pages\/48759\/revisions"}],"predecessor-version":[{"id":172770,"href":"https:\/\/univet.hu\/allasborze\/wp-json\/wp\/v2\/pages\/48759\/revisions\/172770"}],"up":[{"embeddable":true,"href":"https:\/\/univet.hu\/allasborze\/wp-json\/wp\/v2\/pages\/46253"}],"wp:attachment":[{"href":"https:\/\/univet.hu\/allasborze\/wp-json\/wp\/v2\/media?parent=48759"}],"wp:term":[{"taxonomy":"category","embeddable":true,"href":"https:\/\/univet.hu\/allasborze\/wp-json\/wp\/v2\/categories?post=48759"},{"taxonomy":"post_tag","embeddable":true,"href":"https:\/\/univet.hu\/allasborze\/wp-json\/wp\/v2\/tags?post=48759"}],"curies":[{"name":"wp","href":"https:\/\/api.w.org\/{rel}","templated":true}]}}