{"id":48810,"date":"2020-01-23T16:02:12","date_gmt":"2020-01-23T15:02:12","guid":{"rendered":"https:\/\/univet.hu\/?page_id=48810"},"modified":"2025-01-10T13:55:17","modified_gmt":"2025-01-10T12:55:17","slug":"koszonto","status":"publish","type":"page","link":"https:\/\/univet.hu\/allasborze\/allasborze-2020\/koszonto\/","title":{"rendered":"K\u00f6sz\u00f6nt\u0151"},"content":{"rendered":"<p><span style=\"font-size: 14pt\">Tisztelt \u00e9rdekl\u0151d\u0151!<\/span><\/p> <p><img loading=\"lazy\" decoding=\"async\" class=\"alignleft size-medium wp-image-5528\" src=\"https:\/\/univet.hu\/wp-content\/uploads\/2018\/06\/rektor-267x320.jpg\" alt=\"\" width=\"267\" height=\"320\" \/><\/p> <p>B\u00fcszk\u00e9k vagyunk Egyetem\u00fcnk nemzetk\u00f6zi szinten is kiemelked\u0151 oktat\u00e1si sz\u00ednvonal\u00e1ra \u00e9s arra, hogy di\u00e1kjaink tanulm\u00e1nyaik v\u00e9gezt\u00e9vel a vil\u00e1gon b\u00e1rhol meg\u00e1llj\u00e1k hely\u00fcket, ezt bizony\u00edtja az \u00e9vr\u0151l \u00e9vre n\u00f6vekv\u0151 \u00e9rdekl\u0151d\u00e9s a ki\u00e1ll\u00edt\u00e1s ir\u00e1nt.<\/p> <p>Id\u00e9n 3. alkalommal ker\u00fcl megrendez\u00e9sre az <strong>\u00c1llatorvostudom\u00e1nyi Egyetem \u00c1ll\u00e1sb\u00f6rz\u00e9je<\/strong>, amely kiv\u00e1l\u00f3 t\u00e1vlati lehet\u0151s\u00e9geket k\u00edn\u00e1l a nemr\u00e9giben v\u00e9gzett \u00e9s tanulm\u00e1nyaikat m\u00e9g folytat\u00f3 \u00e1llatorvosoknak. C\u00e9lunk, hogy megismertess\u00fck az \u00e9rdekl\u0151d\u0151kkel szakm\u00e1nk meghat\u00e1roz\u00f3 hazai \u00e9s nemzetk\u00f6zi szerepl\u0151it, ezzel is seg\u00edtve karrierj\u00fck ind\u00edt\u00e1s\u00e1t, illetve form\u00e1l\u00e1s\u00e1t.<\/p> <p>Az imm\u00e1r hagyom\u00e1nyos rendezv\u00e9ny\u00fcnk siker\u00e9t mutatja, hogy sz\u00e1mos hazai \u00e9s nemzetk\u00f6zi v\u00e1llalkoz\u00e1s aj\u00e1nlott fel gyakornoki helyet, illetve \u00e1ll\u00e1slehet\u0151s\u00e9get az \u00c1ll\u00e1sb\u00f6rz\u00e9n r\u00e9sztvev\u0151knek.<\/p> <p>&nbsp;<\/p> <p><strong>Dr. S\u00f3tonyi P\u00e9ter<\/strong><\/p> <p>Rektor<\/p> <p>&nbsp;<\/p>","protected":false},"excerpt":{"rendered":"<p>Tisztelt \u00e9rdekl\u0151d\u0151! B\u00fcszk\u00e9k vagyunk Egyetem\u00fcnk nemzetk\u00f6zi szinten is kiemelked\u0151 oktat\u00e1si sz\u00ednvonal\u00e1ra \u00e9s arra, hogy di\u00e1kjaink tanulm\u00e1nyaik v\u00e9gezt\u00e9vel a vil\u00e1gon b\u00e1rhol meg\u00e1llj\u00e1k hely\u00fcket, ezt bizony\u00edtja az \u00e9vr\u0151l \u00e9vre n\u00f6vekv\u0151 \u00e9rdekl\u0151d\u00e9s a ki\u00e1ll\u00edt\u00e1s ir\u00e1nt. Id\u00e9n 3. alkalommal ker\u00fcl megrendez\u00e9sre az \u00c1llatorvostudom\u00e1nyi Egyetem \u00c1ll\u00e1sb\u00f6rz\u00e9je, amely kiv\u00e1l\u00f3 t\u00e1vlati lehet\u0151s\u00e9geket k\u00edn\u00e1l a nemr\u00e9giben v\u00e9gzett \u00e9s tanulm\u00e1nyaikat m\u00e9g folytat\u00f3 \u00e1llatorvosoknak. C\u00e9lunk,<\/p>\n","protected":false},"author":2518,"featured_media":0,"parent":46245,"menu_order":0,"comment_status":"closed","ping_status":"closed","template":"","meta":{"_acf_changed":false,"footnotes":""},"categories":[],"tags":[],"class_list":["post-48810","page","type-page","status-publish","hentry"],"acf":[],"yoast_head":"<!-- This site is optimized with the Yoast SEO plugin v27.2 - https:\/\/yoast.com\/product\/yoast-seo-wordpress\/ -->\n<title>K\u00f6sz\u00f6nt\u0151 - \u00c1ll\u00e1sb\u00f6rze<\/title>\n<meta name=\"robots\" content=\"index, follow, max-snippet:-1, max-image-preview:large, max-video-preview:-1\" \/>\n<link rel=\"canonical\" href=\"https:\/\/univet.hu\/allasborze\/allasborze-2020\/koszonto\/\" \/>\n<meta property=\"og:locale\" content=\"hu_HU\" \/>\n<meta property=\"og:type\" content=\"article\" \/>\n<meta property=\"og:title\" content=\"K\u00f6sz\u00f6nt\u0151 - \u00c1ll\u00e1sb\u00f6rze\" \/>\n<meta property=\"og:description\" content=\"Tisztelt \u00e9rdekl\u0151d\u0151! B\u00fcszk\u00e9k vagyunk Egyetem\u00fcnk nemzetk\u00f6zi szinten is kiemelked\u0151 oktat\u00e1si sz\u00ednvonal\u00e1ra \u00e9s arra, hogy di\u00e1kjaink tanulm\u00e1nyaik v\u00e9gezt\u00e9vel a vil\u00e1gon b\u00e1rhol meg\u00e1llj\u00e1k hely\u00fcket, ezt bizony\u00edtja az \u00e9vr\u0151l \u00e9vre n\u00f6vekv\u0151 \u00e9rdekl\u0151d\u00e9s a ki\u00e1ll\u00edt\u00e1s ir\u00e1nt. Id\u00e9n 3. alkalommal ker\u00fcl megrendez\u00e9sre az \u00c1llatorvostudom\u00e1nyi Egyetem \u00c1ll\u00e1sb\u00f6rz\u00e9je, amely kiv\u00e1l\u00f3 t\u00e1vlati lehet\u0151s\u00e9geket k\u00edn\u00e1l a nemr\u00e9giben v\u00e9gzett \u00e9s tanulm\u00e1nyaikat m\u00e9g folytat\u00f3 \u00e1llatorvosoknak. C\u00e9lunk,\" \/>\n<meta property=\"og:url\" content=\"https:\/\/univet.hu\/allasborze\/allasborze-2020\/koszonto\/\" \/>\n<meta property=\"og:site_name\" content=\"\u00c1ll\u00e1sb\u00f6rze\" \/>\n<meta property=\"article:modified_time\" content=\"2025-01-10T12:55:17+00:00\" \/>\n<meta property=\"og:image\" content=\"https:\/\/univet.hu\/wp-content\/uploads\/2018\/06\/rektor-267x320.jpg\" \/>\n<meta name=\"twitter:card\" content=\"summary_large_image\" \/>\n<meta name=\"twitter:label1\" content=\"Becs\u00fclt olvas\u00e1si id\u0151\" \/>\n\t<meta name=\"twitter:data1\" content=\"1 perc\" \/>\n<script type=\"application\/ld+json\" class=\"yoast-schema-graph\">{\"@context\":\"https:\/\/schema.org\",\"@graph\":[{\"@type\":\"WebPage\",\"@id\":\"https:\/\/univet.hu\/allasborze\/allasborze-2020\/koszonto\/\",\"url\":\"https:\/\/univet.hu\/allasborze\/allasborze-2020\/koszonto\/\",\"name\":\"K\u00f6sz\u00f6nt\u0151 - \u00c1ll\u00e1sb\u00f6rze\",\"isPartOf\":{\"@id\":\"https:\/\/univet.hu\/allasborze\/#website\"},\"primaryImageOfPage\":{\"@id\":\"https:\/\/univet.hu\/allasborze\/allasborze-2020\/koszonto\/#primaryimage\"},\"image\":{\"@id\":\"https:\/\/univet.hu\/allasborze\/allasborze-2020\/koszonto\/#primaryimage\"},\"thumbnailUrl\":\"https:\/\/univet.hu\/wp-content\/uploads\/2018\/06\/rektor-267x320.jpg\",\"datePublished\":\"2020-01-23T15:02:12+00:00\",\"dateModified\":\"2025-01-10T12:55:17+00:00\",\"breadcrumb\":{\"@id\":\"https:\/\/univet.hu\/allasborze\/allasborze-2020\/koszonto\/#breadcrumb\"},\"inLanguage\":\"hu\",\"potentialAction\":[{\"@type\":\"ReadAction\",\"target\":[\"https:\/\/univet.hu\/allasborze\/allasborze-2020\/koszonto\/\"]}]},{\"@type\":\"ImageObject\",\"inLanguage\":\"hu\",\"@id\":\"https:\/\/univet.hu\/allasborze\/allasborze-2020\/koszonto\/#primaryimage\",\"url\":\"https:\/\/univet.hu\/wp-content\/uploads\/2018\/06\/rektor-267x320.jpg\",\"contentUrl\":\"https:\/\/univet.hu\/wp-content\/uploads\/2018\/06\/rektor-267x320.jpg\"},{\"@type\":\"BreadcrumbList\",\"@id\":\"https:\/\/univet.hu\/allasborze\/allasborze-2020\/koszonto\/#breadcrumb\",\"itemListElement\":[{\"@type\":\"ListItem\",\"position\":1,\"name\":\"Kezd\u0151lap\",\"item\":\"https:\/\/univet.hu\/allasborze\/\"},{\"@type\":\"ListItem\",\"position\":2,\"name\":\"\u00c1ll\u00e1sb\u00f6rze 2020\",\"item\":\"https:\/\/univet.hu\/allasborze\/allasborze-2020\/\"},{\"@type\":\"ListItem\",\"position\":3,\"name\":\"K\u00f6sz\u00f6nt\u0151\"}]},{\"@type\":\"WebSite\",\"@id\":\"https:\/\/univet.hu\/allasborze\/#website\",\"url\":\"https:\/\/univet.hu\/allasborze\/\",\"name\":\"\u00c1ll\u00e1sb\u00f6rze\",\"description\":\"\",\"potentialAction\":[{\"@type\":\"SearchAction\",\"target\":{\"@type\":\"EntryPoint\",\"urlTemplate\":\"https:\/\/univet.hu\/allasborze\/?s={search_term_string}\"},\"query-input\":{\"@type\":\"PropertyValueSpecification\",\"valueRequired\":true,\"valueName\":\"search_term_string\"}}],\"inLanguage\":\"hu\"}]}<\/script>\n<!-- \/ Yoast SEO plugin. -->","yoast_head_json":{"title":"K\u00f6sz\u00f6nt\u0151 - \u00c1ll\u00e1sb\u00f6rze","robots":{"index":"index","follow":"follow","max-snippet":"max-snippet:-1","max-image-preview":"max-image-preview:large","max-video-preview":"max-video-preview:-1"},"canonical":"https:\/\/univet.hu\/allasborze\/allasborze-2020\/koszonto\/","og_locale":"hu_HU","og_type":"article","og_title":"K\u00f6sz\u00f6nt\u0151 - \u00c1ll\u00e1sb\u00f6rze","og_description":"Tisztelt \u00e9rdekl\u0151d\u0151! B\u00fcszk\u00e9k vagyunk Egyetem\u00fcnk nemzetk\u00f6zi szinten is kiemelked\u0151 oktat\u00e1si sz\u00ednvonal\u00e1ra \u00e9s arra, hogy di\u00e1kjaink tanulm\u00e1nyaik v\u00e9gezt\u00e9vel a vil\u00e1gon b\u00e1rhol meg\u00e1llj\u00e1k hely\u00fcket, ezt bizony\u00edtja az \u00e9vr\u0151l \u00e9vre n\u00f6vekv\u0151 \u00e9rdekl\u0151d\u00e9s a ki\u00e1ll\u00edt\u00e1s ir\u00e1nt. Id\u00e9n 3. alkalommal ker\u00fcl megrendez\u00e9sre az \u00c1llatorvostudom\u00e1nyi Egyetem \u00c1ll\u00e1sb\u00f6rz\u00e9je, amely kiv\u00e1l\u00f3 t\u00e1vlati lehet\u0151s\u00e9geket k\u00edn\u00e1l a nemr\u00e9giben v\u00e9gzett \u00e9s tanulm\u00e1nyaikat m\u00e9g folytat\u00f3 \u00e1llatorvosoknak. C\u00e9lunk,","og_url":"https:\/\/univet.hu\/allasborze\/allasborze-2020\/koszonto\/","og_site_name":"\u00c1ll\u00e1sb\u00f6rze","article_modified_time":"2025-01-10T12:55:17+00:00","og_image":[{"url":"https:\/\/univet.hu\/wp-content\/uploads\/2018\/06\/rektor-267x320.jpg","type":"","width":"","height":""}],"twitter_card":"summary_large_image","twitter_misc":{"Becs\u00fclt olvas\u00e1si id\u0151":"1 perc"},"schema":{"@context":"https:\/\/schema.org","@graph":[{"@type":"WebPage","@id":"https:\/\/univet.hu\/allasborze\/allasborze-2020\/koszonto\/","url":"https:\/\/univet.hu\/allasborze\/allasborze-2020\/koszonto\/","name":"K\u00f6sz\u00f6nt\u0151 - \u00c1ll\u00e1sb\u00f6rze","isPartOf":{"@id":"https:\/\/univet.hu\/allasborze\/#website"},"primaryImageOfPage":{"@id":"https:\/\/univet.hu\/allasborze\/allasborze-2020\/koszonto\/#primaryimage"},"image":{"@id":"https:\/\/univet.hu\/allasborze\/allasborze-2020\/koszonto\/#primaryimage"},"thumbnailUrl":"https:\/\/univet.hu\/wp-content\/uploads\/2018\/06\/rektor-267x320.jpg","datePublished":"2020-01-23T15:02:12+00:00","dateModified":"2025-01-10T12:55:17+00:00","breadcrumb":{"@id":"https:\/\/univet.hu\/allasborze\/allasborze-2020\/koszonto\/#breadcrumb"},"inLanguage":"hu","potentialAction":[{"@type":"ReadAction","target":["https:\/\/univet.hu\/allasborze\/allasborze-2020\/koszonto\/"]}]},{"@type":"ImageObject","inLanguage":"hu","@id":"https:\/\/univet.hu\/allasborze\/allasborze-2020\/koszonto\/#primaryimage","url":"https:\/\/univet.hu\/wp-content\/uploads\/2018\/06\/rektor-267x320.jpg","contentUrl":"https:\/\/univet.hu\/wp-content\/uploads\/2018\/06\/rektor-267x320.jpg"},{"@type":"BreadcrumbList","@id":"https:\/\/univet.hu\/allasborze\/allasborze-2020\/koszonto\/#breadcrumb","itemListElement":[{"@type":"ListItem","position":1,"name":"Kezd\u0151lap","item":"https:\/\/univet.hu\/allasborze\/"},{"@type":"ListItem","position":2,"name":"\u00c1ll\u00e1sb\u00f6rze 2020","item":"https:\/\/univet.hu\/allasborze\/allasborze-2020\/"},{"@type":"ListItem","position":3,"name":"K\u00f6sz\u00f6nt\u0151"}]},{"@type":"WebSite","@id":"https:\/\/univet.hu\/allasborze\/#website","url":"https:\/\/univet.hu\/allasborze\/","name":"\u00c1ll\u00e1sb\u00f6rze","description":"","potentialAction":[{"@type":"SearchAction","target":{"@type":"EntryPoint","urlTemplate":"https:\/\/univet.hu\/allasborze\/?s={search_term_string}"},"query-input":{"@type":"PropertyValueSpecification","valueRequired":true,"valueName":"search_term_string"}}],"inLanguage":"hu"}]}},"_links":{"self":[{"href":"https:\/\/univet.hu\/allasborze\/wp-json\/wp\/v2\/pages\/48810","targetHints":{"allow":["GET"]}}],"collection":[{"href":"https:\/\/univet.hu\/allasborze\/wp-json\/wp\/v2\/pages"}],"about":[{"href":"https:\/\/univet.hu\/allasborze\/wp-json\/wp\/v2\/types\/page"}],"author":[{"embeddable":true,"href":"https:\/\/univet.hu\/allasborze\/wp-json\/wp\/v2\/users\/2518"}],"replies":[{"embeddable":true,"href":"https:\/\/univet.hu\/allasborze\/wp-json\/wp\/v2\/comments?post=48810"}],"version-history":[{"count":1,"href":"https:\/\/univet.hu\/allasborze\/wp-json\/wp\/v2\/pages\/48810\/revisions"}],"predecessor-version":[{"id":172785,"href":"https:\/\/univet.hu\/allasborze\/wp-json\/wp\/v2\/pages\/48810\/revisions\/172785"}],"up":[{"embeddable":true,"href":"https:\/\/univet.hu\/allasborze\/wp-json\/wp\/v2\/pages\/46245"}],"wp:attachment":[{"href":"https:\/\/univet.hu\/allasborze\/wp-json\/wp\/v2\/media?parent=48810"}],"wp:term":[{"taxonomy":"category","embeddable":true,"href":"https:\/\/univet.hu\/allasborze\/wp-json\/wp\/v2\/categories?post=48810"},{"taxonomy":"post_tag","embeddable":true,"href":"https:\/\/univet.hu\/allasborze\/wp-json\/wp\/v2\/tags?post=48810"}],"curies":[{"name":"wp","href":"https:\/\/api.w.org\/{rel}","templated":true}]}}