{"id":69665,"date":"2021-11-25T11:37:08","date_gmt":"2021-11-25T10:37:08","guid":{"rendered":"https:\/\/univet.hu\/?page_id=69665"},"modified":"2025-01-10T13:54:57","modified_gmt":"2025-01-10T12:54:57","slug":"aktualis-allasajanlatok","status":"publish","type":"page","link":"https:\/\/univet.hu\/allasborze\/allasborze-2022\/aktualis-allasajanlatok\/","title":{"rendered":"Aktu\u00e1lis \u00e1ll\u00e1saj\u00e1nlatok"},"content":{"rendered":"<p><span class=\"emphasis\">Magyarorsz\u00e1g:<\/span><\/p> <p><a href=\"https:\/\/www.kormanyhivatal.hu\/hu\/hajdu-bihar\/hirek\/hatosagi-allatorvosi-allaslehetoseg-a-kormanyhivatalban-0921\">Hat\u00f3s\u00e1gi \u00e1llatorvos &#8211; Hajd\u00fa-Bihar Megyei Korm\u00e1nyhivatal<\/a><\/p> <p><a href=\"https:\/\/www.kormanyhivatal.hu\/hu\/hajdu-bihar\/hirek\/jarasi-foallatorvos-munkatarsat-keres-a-kormanyhivatal-0921\">Oszt\u00e1lyvezet\u0151\/j\u00e1r\u00e1si f\u0151\u00e1llatorvos &#8211; Hajd\u00fa-Bihar Megyei Korm\u00e1nyhivatal<\/a><\/p> <p><a href=\"https:\/\/www.profession.hu\/allas\/2003542?fbclid=IwAR0v6cPufVBwZ1LYOU-VZrr-l8A_KM9HL-IW8D1PUjgwTIel2d1Ze6N5R1s\">\u00c1llatorvos (szarvasmarha) &#8211; Barbo Cattle Kft<\/a><\/p> <p><a href=\"https:\/\/univet.hu\/en\/allasborze-2022\/aktualis-allasajanlatok\/_allaspalyazat_dokumentum2022provet\/\" rel=\"attachment wp-att-77808\">\u00c1llatorvosi asszisztens\/recepci\u00f3s &#8211; Provet \u00c1llatorvosi Szakrendel\u0151 &#8211; Budapest<\/a><\/p> <p><a href=\"https:\/\/univet.hu\/en\/allasborze-2022\/aktualis-allasajanlatok\/allaspalyazat_dokumentum2022vetteam\/\" target=\"_blank\" rel=\"attachment noopener wp-att-77385\">\u00c1llatorvosi asszisztens &#8211; VetTeam &#8211; Budapest<\/a><\/p> <p><a href=\"https:\/\/univet.hu\/en\/allasborze-2022\/aktualis-allasajanlatok\/klinikus-allatorvos-szigetszentmiklos\/\" target=\"_blank\" rel=\"attachment noopener wp-att-75900\">Klinikus \u00e1llatorvos &#8211; Kedvenc \u00c1llatorvosi rendel\u0151 \u00e9s patika, Szigetszentmikl\u00f3s<\/a><\/p> <p><a href=\"https:\/\/univet.hu\/en\/allasborze-2022\/aktualis-allasajanlatok\/allasleheto%cc%8bseg_szod\/\" rel=\"attachment wp-att-73632\">A\u0301llatorvos r\u00e9sz vagy teljes munkaid\u0151ben &#8211; Sz\u0151d<\/a><\/p> <p><a href=\"https:\/\/univet.hu\/en\/allasborze-2022\/aktualis-allasajanlatok\/laboratoriumi_munkatars\/\" rel=\"attachment wp-att-72156\">Laborat\u00f3riumi munkat\u00e1rs (biol\u00f3gus) &#8211; Prophyl Kft &#8211; Moh\u00e1cs\u00a0<\/a><\/p> <p><a href=\"https:\/\/univet.hu\/en\/allasborze-2022\/aktualis-allasajanlatok\/gizmok-allashirdetes-2022\/\" rel=\"attachment wp-att-71604\">\u00c1llatorvos &#8211; Gizm\u00f3k \u00c1llatorvosi rendel\u0151 \u00e9s patika &#8211; Budapest<\/a><\/p> <p><a href=\"https:\/\/univet.hu\/en\/allasborze-2022\/aktualis-allasajanlatok\/klinikus-allatorvos-allashirdetes-trovet\/\" rel=\"attachment wp-att-71450\">Klinikus \u00e1llatorvos &#8211; Trovet &#8211; Budapest<\/a><\/p> <p><a href=\"https:\/\/univet.hu\/en\/allasborze-2022\/aktualis-allasajanlatok\/allatorvoslatogato-allashirdetes-trovet\/\" rel=\"attachment wp-att-71448\">\u00c1llatorvosl\u00e1togat\u00f3 &#8211; Trovet &#8211; Budapest<\/a><\/p> <p><a href=\"https:\/\/univet.hu\/en\/allasborze-2022\/aktualis-allasajanlatok\/allatpatikai-allashirdetes-trovet\/\" rel=\"attachment wp-att-71449\">\u00c1llatpatikai \u00e1ll\u00e1saj\u00e1nlat &#8211; Trovet &#8211; Budapest<\/a><\/p> <p><a href=\"https:\/\/univet.hu\/en\/allasborze-2022\/aktualis-allasajanlatok\/allaspalyazat_dokumentum-kutyamania\/\" rel=\"attachment wp-att-71509\">Patikus &#8211; Kutyam\u00e1nia &#8211; Budapest<\/a><\/p> <p><a href=\"https:\/\/univet.hu\/en\/allasborze-2022\/aktualis-allasajanlatok\/allasborze_minosegbiztositasi-felelos-tolnagro\/\" rel=\"attachment wp-att-71445\">Min\u0151s\u00e9gbiztos\u00edt\u00e1si felel\u0151s \u00e1llatorvos &#8211; Tolnagro &#8211; Budapest<\/a><\/p> <p><a href=\"https:\/\/univet.hu\/en\/allasborze-2022\/aktualis-allasajanlatok\/allashirdetes_allatorvos24_2021dec3-2\/\" rel=\"attachment wp-att-71270\">\u00c1llatorvos &#8211; \u00c1llatorvos 24 &#8211; Budapest \u00e9s k\u00f6rny\u00e9ke<\/a><\/p> <p><a href=\"https:\/\/univet.hu\/en\/hope-vet-med-kft\/\">\u00c1llatorvos &#8211;\u00a0Hope-Vet-Med Kft &#8211; Gy\u00f6ngy\u00f6s<\/a><\/p> <p><a href=\"https:\/\/univet.hu\/en\/hun2_\/\">\u00c1llatorvos &#8211; Hunland &#8211; Tak\u00e1csi<\/a><\/p> <p><a href=\"https:\/\/univet.hu\/en\/allasborze-2022\/aktualis-allasajanlatok\/reszmunkaidos_allas-szuper\/\" rel=\"attachment wp-att-71112\">\u00c1llatorvos (r\u00e9szmunkaid\u0151s) &#8211; Orsz\u00e1gos \u00c1llatk\u00f3rh\u00e1z &#8211; Budapest<\/a><\/p> <p><a href=\"https:\/\/univet.hu\/en\/allasborze-2022\/aktualis-allasajanlatok\/allatorvos-szuper\/\" rel=\"attachment wp-att-71113\">\u00c1llatorvos &#8211; Orsz\u00e1gos \u00c1llatk\u00f3rh\u00e1z &#8211; Budapest<\/a><\/p> <p><a href=\"https:\/\/univet.hu\/en\/allasborze-2022\/aktualis-allasajanlatok\/taltos-allatorvosi-rendelo-allatorvos-kollegat-keres-1\/\" rel=\"attachment wp-att-71082\">\u00c1llatorvos &#8211; T\u00e1ltos \u00c1llatorvosi Rendel\u0151 &#8211; Mosonmagyar\u00f3v\u00e1r<\/a><\/p> <p><a href=\"https:\/\/univet.hu\/en\/allasborze-2022\/aktualis-allasajanlatok\/bemutatas-allatkorhazak-allasajanalt\/\" rel=\"attachment wp-att-71069\">\u00c1llatorvos &#8211; Dunakeszi \u00c1llatk\u00f3rh\u00e1z\/Veresvet &#8211; Dunakeszi, Veresegyh\u00e1z<\/a><\/p> <p><a href=\"https:\/\/univet.hu\/en\/allasborze-2022\/aktualis-allasajanlatok\/allasborze-palyazat-medicus\/\" rel=\"attachment wp-att-71009\">T\u00f6bb nyitott poz\u00edci\u00f3 &#8211; Medicus Partner &#8211; Biatorb\u00e1gy<\/a><\/p> <p><a href=\"https:\/\/univet.hu\/en\/allasborze-2022\/aktualis-allasajanlatok\/allaspalyazat_dokumentum2022_drei\/\" rel=\"attachment wp-att-70990\">\u00c1llatorvos &#8211; DREI-VET &#8211; Kistarcsa<\/a><\/p> <p><a href=\"https:\/\/univet.hu\/en\/allasborze-2022\/aktualis-allasajanlatok\/pharmadent\/\" target=\"_blank\" rel=\"noopener\">\u00c1llatorvos &#8211; Pharmadent &#8211; Kisv\u00e1rda<\/a><\/p> <p><a href=\"https:\/\/univet.hu\/allasborze\/wp-content\/uploads\/sites\/2\/2022\/01\/Job-offer-brief_Elanco.pdf\">\u00c1ll\u00e1sok Elanco\u00a0<\/a><\/p> <ul> <li style=\"padding-left: 90px\"><a href=\"https:\/\/univet.hu\/wp-content\/uploads\/2022\/01\/Key-Account-Manager-Pet-Health-Hungary.pdf\">Key Account Manager Pet Health &#8211; Hungary<\/a><\/li> <li style=\"padding-left: 90px\"><a href=\"https:\/\/univet.hu\/allasborze\/wp-content\/uploads\/sites\/2\/2022\/01\/Sales-Representative-Poultry-JD.pdf\">Sales Representative Poultry &#8211; Hungary<\/a><\/li> <\/ul> <p><a href=\"https:\/\/univet.hu\/en\/allasborze-2022\/aktualis-allasajanlatok\/dalmand_allashirdetes_sablon_allatorvos\/\" rel=\"attachment wp-att-70863\">\u00c1llatorvos &#8211; Bonafarm &#8211; Dalmand<\/a><\/p> <p>&nbsp;<\/p> <p><span class=\"emphasis\">K\u00fclf\u00f6ld:<\/span><\/p> <p><strong>Angol nyelv\u0171<\/strong><\/p> <p><a href=\"https:\/\/univet.hu\/en\/allasborze-2022\/aktualis-allasajanlatok\/job-offer-brief_uvmb2022-002\/\" target=\"_blank\" rel=\"attachment noopener wp-att-79773\">Veterinarian &#8211; Sevetys, France<\/a><\/p> <p><a href=\"https:\/\/univet.hu\/en\/job-fair-2022\/job-offers\/job-offer-brief_uvmb2022fra\/\" rel=\"attachment wp-att-78061\">Veterinarian (with basic French knowledge) &#8211; Saint Gaultier, France<\/a><\/p> <p><a href=\"https:\/\/univet.hu\/en\/allasborze-2022\/aktualis-allasajanlatok\/job-offer-brief_uvmb20220711\/\" rel=\"attachment wp-att-76901\">Volunteer veterinarian &#8211; Atoll Marine Centre, Naifaru &#8211; Maldives<\/a><\/p> <p><a href=\"https:\/\/univet.hu\/en\/allasborze-2022\/aktualis-allasajanlatok\/job_ad_internship_karthaus-2\/\" rel=\"attachment wp-att-72520\">One-year Internship Programme in Equine Medicine &#8211; Altano &#8211; D\u00fclmen, Germany<\/a><\/p> <p><a href=\"https:\/\/anicuraglobal.teamtailor.com\/jobs\/1568118-anicura-veterinary-graduate-programme-september-2022-start\">Anicura veterinary graduate programme &#8211; September 2022<\/a><\/p> <p><a href=\"https:\/\/univet.hu\/en\/allasborze-2022\/aktualis-allasajanlatok\/job-breif-03-02-22\/\" rel=\"attachment wp-att-71453\">Veterinarian &#8211; Cherrywood Veterinary Clinic &#8211; Ireland<\/a><\/p> <p><a href=\"https:\/\/univet.hu\/en\/allasborze-2022\/aktualis-allasajanlatok\/france\/\" rel=\"attachment wp-att-70938\">Looking for a canine and an equine veterinarian &#8211; JM Recrutement &#8211; France<\/a><\/p> <p><a href=\"https:\/\/univet.hu\/en\/allasborze-2022\/aktualis-allasajanlatok\/switzerland\/\" rel=\"attachment wp-att-70939\">Full-time vet &#8211; JM Recrutement &#8211; Switzerland<\/a><\/p> <p><a href=\"https:\/\/univet.hu\/allasborze\/wp-content\/uploads\/sites\/2\/2021\/12\/ark-vetcare.pdf\">Permanent full-time vet &#8211; Ark Vetcare &#8211; Ireland<\/a><\/p> <p><a href=\"https:\/\/univet.hu\/allasborze\/wp-content\/uploads\/sites\/2\/2021\/11\/EvilleJones.pdf\">Eville&amp;Jones &#8211; United Kingdom<\/a><\/p> <p><a href=\"https:\/\/univet.hu\/allasborze\/wp-content\/uploads\/sites\/2\/2021\/11\/Job-offer-brief_UVMB2022-EJ.pdf\">Swine veterinary surgeon &#8211; Kiernan Animal Health &#8211; Ireland<\/a><\/p> <p><a href=\"https:\/\/univet.hu\/allasborze\/wp-content\/uploads\/sites\/2\/2022\/01\/Budapest-Uni-Apprenticehip-flyer-22.pdf\">Final Year Apprenticeship &#8211; Meadows Vet Centre &#8211; Scotland<\/a><\/p> <p><a href=\"https:\/\/univet.hu\/allasborze\/wp-content\/uploads\/sites\/2\/2022\/01\/Budapest-Uni-FT-vet-job-flyer-22.docx.pdf\">Full-Time Veterinary Surgeon &#8211; Meadows Vet Centre &#8211; Scotland<\/a><\/p> <p><a href=\"https:\/\/univet.hu\/en\/allasborze-2022\/aktualis-allasajanlatok\/job-offer-brief-hungary-newryvets\/\" rel=\"attachment wp-att-70864\">Vet for mixed animals &#8211; Newry Veterinary Centre &#8211; United Kingdom<\/a><\/p> <p><a href=\"https:\/\/univet.hu\/en\/hun1_\/\">International VETERINARIAN &#8211; Hunland\u00a0<\/a><\/p> <p><a href=\"https:\/\/univet.hu\/en\/drtrevors_malta_1\/\">Veterinarian &#8211; Dr. Trevor&#8217;s Veterinary Clinic &#8211; Malta\u00a0<\/a><\/p> <p><strong>N\u00e9met nyelv\u0171<\/strong><\/p> <p><a href=\"https:\/\/univet.hu\/en\/allasborze-2022\/aktualis-allasajanlatok\/20220901-0922_5_n\/\" rel=\"attachment wp-att-78588\">Tier\u00e4rztin\/Tierarzt f\u00fcr ein \u201eRotating Internship\u201c f\u00fcr Pferdemedizin &#8211; Wien, Austria<\/a><\/p> <p><a href=\"https:\/\/univet.hu\/en\/allasborze-2022\/aktualis-allasajanlatok\/job-offer-brief_uvmb2022aust\/\" rel=\"attachment wp-att-78057\">Veterinarian &#8211; large animal practice, Waldneukircen, Austria<\/a>,\u00a0<a href=\"https:\/\/univet.hu\/en\/allasborze-2022\/aktualis-allasajanlatok\/jobinserat-08_2022_en\/\" rel=\"attachment wp-att-78058\">Jobinserat ENG<\/a><\/p> <p><a href=\"https:\/\/univet.hu\/en\/allasborze-2022\/aktualis-allasajanlatok\/job-offer-brief_uvmb2022-2\/\" rel=\"attachment wp-att-77935\">Internship &#8211; Stiftung Tier\u00e4rztliche Hochschule, Hannover<\/a><\/p> <p><a href=\"https:\/\/univet.hu\/en\/allasborze-2022\/aktualis-allasajanlatok\/job-offer-brief_uvmb2022-ungarn-tierarzt\/\" rel=\"attachment wp-att-77746\">Veterinarian &#8211; Tierklinik, Germersheim &#8211; Germany<\/a><\/p> <p><a href=\"https:\/\/univet.hu\/en\/allasborze-2022\/aktualis-allasajanlatok\/job-offer-brief_uvmb2022-1ungarn-praktikant\/\" rel=\"attachment wp-att-77747\">Internship &#8211; Tierklinik, Germersheim &#8211; Germany<\/a><\/p> <p><a href=\"https:\/\/univet.hu\/en\/allasborze-2022\/aktualis-allasajanlatok\/job-offer-brief_uvmb2022-2ungarn-internist\/\" rel=\"attachment wp-att-77748\">Veterinarian (internal medicine focus) &#8211; Tierklinik, Germersheim &#8211; Germany<\/a>\u00a0 <a href=\"https:\/\/univet.hu\/en\/allasborze-2022\/aktualis-allasajanlatok\/stellenanzeige-1_red_ohne-qr_mit-wir-bieten\/\" rel=\"attachment wp-att-77749\">Tierklinik<\/a>\u00a0 \u00a0<a href=\"https:\/\/univet.hu\/en\/allasborze-2022\/aktualis-allasajanlatok\/stellenanzeige_praktikum_redakt\/\" rel=\"attachment wp-att-77750\">Tierklinik<\/a><\/p> <p><a href=\"https:\/\/univet.hu\/en\/allasborze-2022\/aktualis-allasajanlatok\/veterinarian-ruminants-dfs-30062022\/\" rel=\"attachment wp-att-76920\">Veterinarian &#8211; focus on ruminant nutrition, Biochem, Lohne &#8211; Germany<\/a><\/p> <p><a href=\"https:\/\/univet.hu\/en\/allasborze-2022\/aktualis-allasajanlatok\/img_joboffer\/\" rel=\"attachment wp-att-76904\">Initial assistant\/assistant, Pferdepraxis Lichtenbusch, Aachen area, Germany<\/a><\/p> <p><a href=\"https:\/\/univet.hu\/en\/allasborze-2022\/aktualis-allasajanlatok\/job_ad_internship_karthaus-2\/\" rel=\"attachment wp-att-72520\">One-year Internship Programme in Equine Medicine &#8211; Altano &#8211; D\u00fclmen, Germany<\/a><\/p> <p><a href=\"https:\/\/univet.hu\/en\/allasborze-2022\/aktualis-allasajanlatok\/ravensburg\/\" rel=\"attachment wp-att-71493\">Ravensburg &#8211; Germany<\/a><\/p> <p><a href=\"https:\/\/univet.hu\/en\/allasborze-2022\/aktualis-allasajanlatok\/norderstedt\/\" rel=\"attachment wp-att-71494\">Norderstedt &#8211; Germany<\/a><\/p> <p><a href=\"https:\/\/univet.hu\/en\/allasborze-2022\/aktualis-allasajanlatok\/kleintierzentrum-heidenheim\/\" rel=\"attachment wp-att-71495\">Heidenheim &#8211; Germany<\/a><\/p> <p><a href=\"https:\/\/univet.hu\/en\/allasborze-2022\/aktualis-allasajanlatok\/bielefeld_dr-schilling\/\" rel=\"attachment wp-att-71496\">Bielefeld &#8211; Germany<\/a><\/p> <p><a href=\"https:\/\/univet.hu\/en\/allasborze-2022\/aktualis-allasajanlatok\/tiera%cc%88rztezentrum-lohmar-003\/\" rel=\"attachment wp-att-71497\">Lohmar &#8211; Germany<\/a><\/p> <p><a href=\"https:\/\/univet.hu\/en\/allasborze-2022\/aktualis-allasajanlatok\/neutraubling-tierarztpraxis-schulz-gmbh\/\" rel=\"attachment wp-att-71498\">Neutraubling &#8211; Germany<\/a><\/p> <p><a href=\"https:\/\/univet.hu\/en\/allasborze-2022\/aktualis-allasajanlatok\/tierklinik-st-veit-austria\/\" rel=\"attachment wp-att-71131\">St. Veit, Austria<\/a><\/p> <p><a href=\"https:\/\/univet.hu\/en\/allasborze-2022\/aktualis-allasajanlatok\/tierarztpraxis-elmshorn-002\/\" rel=\"attachment wp-att-71073\">Elmshorn &#8211; Germany<\/a><\/p> <p><a href=\"https:\/\/univet.hu\/en\/allasborze-2022\/aktualis-allasajanlatok\/kleintierspezialisten-berlin-002\/\" rel=\"attachment wp-att-71074\">Berlin &#8211; Germany<\/a><\/p> <p><a href=\"https:\/\/univet.hu\/en\/allasborze-2022\/aktualis-allasajanlatok\/tierklinik-stommeln-002\/\" rel=\"attachment wp-att-71075\">Pulheim &#8211; Germany<\/a><\/p> <p><a href=\"https:\/\/univet.hu\/en\/allasborze-2022\/aktualis-allasajanlatok\/tierarztliche-klinik-reichenberg-002\/\" rel=\"attachment wp-att-71076\">Reichenberg &#8211; Germany<\/a><\/p> <p><a href=\"https:\/\/univet.hu\/en\/allasborze-2022\/aktualis-allasajanlatok\/betzdorf_-fachklinik-fur-kleintiere-002\/\" rel=\"attachment wp-att-71077\">Betzdorf &#8211; Germany<\/a><\/p>","protected":false},"excerpt":{"rendered":"<p>Magyarorsz\u00e1g: Hat\u00f3s\u00e1gi \u00e1llatorvos &#8211; Hajd\u00fa-Bihar Megyei Korm\u00e1nyhivatal Oszt\u00e1lyvezet\u0151\/j\u00e1r\u00e1si f\u0151\u00e1llatorvos &#8211; Hajd\u00fa-Bihar Megyei Korm\u00e1nyhivatal \u00c1llatorvos (szarvasmarha) &#8211; Barbo Cattle Kft \u00c1llatorvosi asszisztens\/recepci\u00f3s &#8211; Provet \u00c1llatorvosi Szakrendel\u0151 &#8211; Budapest \u00c1llatorvosi asszisztens &#8211; VetTeam &#8211; Budapest Klinikus \u00e1llatorvos &#8211; Kedvenc \u00c1llatorvosi rendel\u0151 \u00e9s patika, Szigetszentmikl\u00f3s A\u0301llatorvos r\u00e9sz vagy teljes munkaid\u0151ben &#8211; Sz\u0151d Laborat\u00f3riumi munkat\u00e1rs (biol\u00f3gus) &#8211; Prophyl Kft<\/p>\n","protected":false},"author":2518,"featured_media":0,"parent":69592,"menu_order":0,"comment_status":"open","ping_status":"open","template":"","meta":{"_acf_changed":false,"footnotes":""},"categories":[],"tags":[],"class_list":["post-69665","page","type-page","status-publish","hentry"],"acf":[],"yoast_head":"<!-- This site is optimized with the Yoast SEO plugin v27.2 - https:\/\/yoast.com\/product\/yoast-seo-wordpress\/ -->\n<title>Aktu\u00e1lis \u00e1ll\u00e1saj\u00e1nlatok - \u00c1ll\u00e1sb\u00f6rze<\/title>\n<meta name=\"robots\" content=\"index, follow, max-snippet:-1, max-image-preview:large, max-video-preview:-1\" \/>\n<link rel=\"canonical\" href=\"https:\/\/univet.hu\/allasborze\/allasborze-2022\/aktualis-allasajanlatok\/\" \/>\n<meta property=\"og:locale\" content=\"hu_HU\" \/>\n<meta property=\"og:type\" content=\"article\" \/>\n<meta property=\"og:title\" content=\"Aktu\u00e1lis \u00e1ll\u00e1saj\u00e1nlatok - \u00c1ll\u00e1sb\u00f6rze\" \/>\n<meta property=\"og:description\" content=\"Magyarorsz\u00e1g: Hat\u00f3s\u00e1gi \u00e1llatorvos &#8211; Hajd\u00fa-Bihar Megyei Korm\u00e1nyhivatal Oszt\u00e1lyvezet\u0151\/j\u00e1r\u00e1si f\u0151\u00e1llatorvos &#8211; Hajd\u00fa-Bihar Megyei Korm\u00e1nyhivatal \u00c1llatorvos (szarvasmarha) &#8211; Barbo Cattle Kft \u00c1llatorvosi asszisztens\/recepci\u00f3s &#8211; Provet \u00c1llatorvosi Szakrendel\u0151 &#8211; Budapest \u00c1llatorvosi asszisztens &#8211; VetTeam &#8211; Budapest Klinikus \u00e1llatorvos &#8211; Kedvenc \u00c1llatorvosi rendel\u0151 \u00e9s patika, Szigetszentmikl\u00f3s A\u0301llatorvos r\u00e9sz vagy teljes munkaid\u0151ben &#8211; Sz\u0151d Laborat\u00f3riumi munkat\u00e1rs (biol\u00f3gus) &#8211; Prophyl Kft\" \/>\n<meta property=\"og:url\" content=\"https:\/\/univet.hu\/allasborze\/allasborze-2022\/aktualis-allasajanlatok\/\" \/>\n<meta property=\"og:site_name\" content=\"\u00c1ll\u00e1sb\u00f6rze\" \/>\n<meta property=\"article:modified_time\" content=\"2025-01-10T12:54:57+00:00\" \/>\n<meta name=\"twitter:card\" content=\"summary_large_image\" \/>\n<meta name=\"twitter:label1\" content=\"Becs\u00fclt olvas\u00e1si id\u0151\" \/>\n\t<meta name=\"twitter:data1\" content=\"2 perc\" \/>\n<script type=\"application\/ld+json\" class=\"yoast-schema-graph\">{\"@context\":\"https:\/\/schema.org\",\"@graph\":[{\"@type\":\"WebPage\",\"@id\":\"https:\/\/univet.hu\/allasborze\/allasborze-2022\/aktualis-allasajanlatok\/\",\"url\":\"https:\/\/univet.hu\/allasborze\/allasborze-2022\/aktualis-allasajanlatok\/\",\"name\":\"Aktu\u00e1lis \u00e1ll\u00e1saj\u00e1nlatok - \u00c1ll\u00e1sb\u00f6rze\",\"isPartOf\":{\"@id\":\"https:\/\/univet.hu\/allasborze\/#website\"},\"datePublished\":\"2021-11-25T10:37:08+00:00\",\"dateModified\":\"2025-01-10T12:54:57+00:00\",\"breadcrumb\":{\"@id\":\"https:\/\/univet.hu\/allasborze\/allasborze-2022\/aktualis-allasajanlatok\/#breadcrumb\"},\"inLanguage\":\"hu\",\"potentialAction\":[{\"@type\":\"ReadAction\",\"target\":[\"https:\/\/univet.hu\/allasborze\/allasborze-2022\/aktualis-allasajanlatok\/\"]}]},{\"@type\":\"BreadcrumbList\",\"@id\":\"https:\/\/univet.hu\/allasborze\/allasborze-2022\/aktualis-allasajanlatok\/#breadcrumb\",\"itemListElement\":[{\"@type\":\"ListItem\",\"position\":1,\"name\":\"Kezd\u0151lap\",\"item\":\"https:\/\/univet.hu\/allasborze\/\"},{\"@type\":\"ListItem\",\"position\":2,\"name\":\"\u00c1ll\u00e1sb\u00f6rze 2022\",\"item\":\"https:\/\/univet.hu\/allasborze\/allasborze-2022\/\"},{\"@type\":\"ListItem\",\"position\":3,\"name\":\"Aktu\u00e1lis \u00e1ll\u00e1saj\u00e1nlatok\"}]},{\"@type\":\"WebSite\",\"@id\":\"https:\/\/univet.hu\/allasborze\/#website\",\"url\":\"https:\/\/univet.hu\/allasborze\/\",\"name\":\"\u00c1ll\u00e1sb\u00f6rze\",\"description\":\"\",\"potentialAction\":[{\"@type\":\"SearchAction\",\"target\":{\"@type\":\"EntryPoint\",\"urlTemplate\":\"https:\/\/univet.hu\/allasborze\/?s={search_term_string}\"},\"query-input\":{\"@type\":\"PropertyValueSpecification\",\"valueRequired\":true,\"valueName\":\"search_term_string\"}}],\"inLanguage\":\"hu\"}]}<\/script>\n<!-- \/ Yoast SEO plugin. -->","yoast_head_json":{"title":"Aktu\u00e1lis \u00e1ll\u00e1saj\u00e1nlatok - \u00c1ll\u00e1sb\u00f6rze","robots":{"index":"index","follow":"follow","max-snippet":"max-snippet:-1","max-image-preview":"max-image-preview:large","max-video-preview":"max-video-preview:-1"},"canonical":"https:\/\/univet.hu\/allasborze\/allasborze-2022\/aktualis-allasajanlatok\/","og_locale":"hu_HU","og_type":"article","og_title":"Aktu\u00e1lis \u00e1ll\u00e1saj\u00e1nlatok - \u00c1ll\u00e1sb\u00f6rze","og_description":"Magyarorsz\u00e1g: Hat\u00f3s\u00e1gi \u00e1llatorvos &#8211; Hajd\u00fa-Bihar Megyei Korm\u00e1nyhivatal Oszt\u00e1lyvezet\u0151\/j\u00e1r\u00e1si f\u0151\u00e1llatorvos &#8211; Hajd\u00fa-Bihar Megyei Korm\u00e1nyhivatal \u00c1llatorvos (szarvasmarha) &#8211; Barbo Cattle Kft \u00c1llatorvosi asszisztens\/recepci\u00f3s &#8211; Provet \u00c1llatorvosi Szakrendel\u0151 &#8211; Budapest \u00c1llatorvosi asszisztens &#8211; VetTeam &#8211; Budapest Klinikus \u00e1llatorvos &#8211; Kedvenc \u00c1llatorvosi rendel\u0151 \u00e9s patika, Szigetszentmikl\u00f3s A\u0301llatorvos r\u00e9sz vagy teljes munkaid\u0151ben &#8211; Sz\u0151d Laborat\u00f3riumi munkat\u00e1rs (biol\u00f3gus) &#8211; Prophyl Kft","og_url":"https:\/\/univet.hu\/allasborze\/allasborze-2022\/aktualis-allasajanlatok\/","og_site_name":"\u00c1ll\u00e1sb\u00f6rze","article_modified_time":"2025-01-10T12:54:57+00:00","twitter_card":"summary_large_image","twitter_misc":{"Becs\u00fclt olvas\u00e1si id\u0151":"2 perc"},"schema":{"@context":"https:\/\/schema.org","@graph":[{"@type":"WebPage","@id":"https:\/\/univet.hu\/allasborze\/allasborze-2022\/aktualis-allasajanlatok\/","url":"https:\/\/univet.hu\/allasborze\/allasborze-2022\/aktualis-allasajanlatok\/","name":"Aktu\u00e1lis \u00e1ll\u00e1saj\u00e1nlatok - \u00c1ll\u00e1sb\u00f6rze","isPartOf":{"@id":"https:\/\/univet.hu\/allasborze\/#website"},"datePublished":"2021-11-25T10:37:08+00:00","dateModified":"2025-01-10T12:54:57+00:00","breadcrumb":{"@id":"https:\/\/univet.hu\/allasborze\/allasborze-2022\/aktualis-allasajanlatok\/#breadcrumb"},"inLanguage":"hu","potentialAction":[{"@type":"ReadAction","target":["https:\/\/univet.hu\/allasborze\/allasborze-2022\/aktualis-allasajanlatok\/"]}]},{"@type":"BreadcrumbList","@id":"https:\/\/univet.hu\/allasborze\/allasborze-2022\/aktualis-allasajanlatok\/#breadcrumb","itemListElement":[{"@type":"ListItem","position":1,"name":"Kezd\u0151lap","item":"https:\/\/univet.hu\/allasborze\/"},{"@type":"ListItem","position":2,"name":"\u00c1ll\u00e1sb\u00f6rze 2022","item":"https:\/\/univet.hu\/allasborze\/allasborze-2022\/"},{"@type":"ListItem","position":3,"name":"Aktu\u00e1lis \u00e1ll\u00e1saj\u00e1nlatok"}]},{"@type":"WebSite","@id":"https:\/\/univet.hu\/allasborze\/#website","url":"https:\/\/univet.hu\/allasborze\/","name":"\u00c1ll\u00e1sb\u00f6rze","description":"","potentialAction":[{"@type":"SearchAction","target":{"@type":"EntryPoint","urlTemplate":"https:\/\/univet.hu\/allasborze\/?s={search_term_string}"},"query-input":{"@type":"PropertyValueSpecification","valueRequired":true,"valueName":"search_term_string"}}],"inLanguage":"hu"}]}},"_links":{"self":[{"href":"https:\/\/univet.hu\/allasborze\/wp-json\/wp\/v2\/pages\/69665","targetHints":{"allow":["GET"]}}],"collection":[{"href":"https:\/\/univet.hu\/allasborze\/wp-json\/wp\/v2\/pages"}],"about":[{"href":"https:\/\/univet.hu\/allasborze\/wp-json\/wp\/v2\/types\/page"}],"author":[{"embeddable":true,"href":"https:\/\/univet.hu\/allasborze\/wp-json\/wp\/v2\/users\/2518"}],"replies":[{"embeddable":true,"href":"https:\/\/univet.hu\/allasborze\/wp-json\/wp\/v2\/comments?post=69665"}],"version-history":[{"count":1,"href":"https:\/\/univet.hu\/allasborze\/wp-json\/wp\/v2\/pages\/69665\/revisions"}],"predecessor-version":[{"id":172632,"href":"https:\/\/univet.hu\/allasborze\/wp-json\/wp\/v2\/pages\/69665\/revisions\/172632"}],"up":[{"embeddable":true,"href":"https:\/\/univet.hu\/allasborze\/wp-json\/wp\/v2\/pages\/69592"}],"wp:attachment":[{"href":"https:\/\/univet.hu\/allasborze\/wp-json\/wp\/v2\/media?parent=69665"}],"wp:term":[{"taxonomy":"category","embeddable":true,"href":"https:\/\/univet.hu\/allasborze\/wp-json\/wp\/v2\/categories?post=69665"},{"taxonomy":"post_tag","embeddable":true,"href":"https:\/\/univet.hu\/allasborze\/wp-json\/wp\/v2\/tags?post=69665"}],"curies":[{"name":"wp","href":"https:\/\/api.w.org\/{rel}","templated":true}]}}