{"id":70724,"date":"2022-01-12T10:31:55","date_gmt":"2022-01-12T09:31:55","guid":{"rendered":"https:\/\/univet.hu\/hu\/allasborze-2022\/kiallitok\/name\/"},"modified":"2025-01-10T13:54:59","modified_gmt":"2025-01-10T12:54:59","slug":"lloydcowan-uk-anglia","status":"publish","type":"page","link":"https:\/\/univet.hu\/allasborze\/allasborze-2022\/kiallitok\/lloydcowan-uk-anglia\/","title":{"rendered":"Lloyd&amp;Cowan &#8211; UK\/Anglia"},"content":{"rendered":"<p><span class=\"TextRun SCXW268362267 BCX0\" lang=\"HU-HU\" xml:lang=\"HU-HU\" data-contrast=\"auto\"><span class=\"NormalTextRun SCXW268362267 BCX0\">Lloyd &amp;\u00a0<\/span><span class=\"SpellingError SCXW268362267 BCX0\">Cowan<\/span><span class=\"NormalTextRun SCXW268362267 BCX0\">\u00a0is a\u00a0<\/span><span class=\"SpellingError SCXW268362267 BCX0\">specialist<\/span><span class=\"NormalTextRun SCXW268362267 BCX0\">\u00a0<\/span><span class=\"SpellingError SCXW268362267 BCX0\">Veterinary<\/span><span class=\"NormalTextRun SCXW268362267 BCX0\">\u00a0<\/span><span class=\"SpellingError SCXW268362267 BCX0\">Recruitment<\/span><span class=\"NormalTextRun SCXW268362267 BCX0\">\u00a0<\/span><span class=\"SpellingError SCXW268362267 BCX0\">Consultancy<\/span><span class=\"NormalTextRun SCXW268362267 BCX0\">\u00a0<\/span><span class=\"SpellingError SCXW268362267 BCX0\">We<\/span><span class=\"NormalTextRun SCXW268362267 BCX0\">\u00a0<\/span><span class=\"SpellingError SCXW268362267 BCX0\">recruit<\/span><span class=\"NormalTextRun SCXW268362267 BCX0\">\u00a0<\/span><span class=\"SpellingError SCXW268362267 BCX0\">Veterinary<\/span><span class=\"NormalTextRun SCXW268362267 BCX0\">\u00a0<\/span><span class=\"SpellingError SCXW268362267 BCX0\">Surgeons<\/span><span class=\"NormalTextRun SCXW268362267 BCX0\">\u00a0<\/span><span class=\"SpellingError SCXW268362267 BCX0\">for<\/span><span class=\"NormalTextRun SCXW268362267 BCX0\">\u00a0<\/span><span class=\"NormalTextRun SCXW268362267 BCX0\">1000\u2019s of\u00a0<\/span><span class=\"SpellingError SCXW268362267 BCX0\">independent<\/span><span class=\"NormalTextRun SCXW268362267 BCX0\">\u00a0<\/span><span class=\"SpellingError SCXW268362267 BCX0\">practices<\/span><span class=\"NormalTextRun SCXW268362267 BCX0\">\u00a0in\u00a0<\/span><span class=\"SpellingError SCXW268362267 BCX0\">the<\/span><span class=\"NormalTextRun SCXW268362267 BCX0\">\u00a0UK &amp;\u00a0<\/span><span class=\"SpellingError SCXW268362267 BCX0\">Ireland<\/span><span class=\"NormalTextRun SCXW268362267 BCX0\">\u00a0<\/span><span class=\"SpellingError SCXW268362267 BCX0\">as<\/span><span class=\"NormalTextRun SCXW268362267 BCX0\">\u00a0<\/span><span class=\"SpellingError SCXW268362267 BCX0\">well<\/span><span class=\"NormalTextRun SCXW268362267 BCX0\">\u00a0<\/span><span class=\"SpellingError SCXW268362267 BCX0\">as<\/span><span class=\"NormalTextRun SCXW268362267 BCX0\">\u00a0<\/span><span class=\"SpellingError SCXW268362267 BCX0\">the<\/span><span class=\"NormalTextRun SCXW268362267 BCX0\">\u00a0<\/span><span class=\"SpellingError SCXW268362267 BCX0\">larger<\/span><span class=\"NormalTextRun SCXW268362267 BCX0\">\u00a0<\/span><span class=\"SpellingError SCXW268362267 BCX0\">corporate<\/span><span class=\"NormalTextRun SCXW268362267 BCX0\">\u00a0<\/span><span class=\"SpellingError SCXW268362267 BCX0\">employers<\/span><span class=\"NormalTextRun SCXW268362267 BCX0\">.\u00a0<\/span><span class=\"SpellingError SCXW268362267 BCX0\">We<\/span><span class=\"NormalTextRun SCXW268362267 BCX0\">\u00a0<\/span><span class=\"SpellingError SCXW268362267 BCX0\">want<\/span><span class=\"NormalTextRun SCXW268362267 BCX0\">\u00a0<\/span><span class=\"SpellingError SCXW268362267 BCX0\">to<\/span><span class=\"NormalTextRun SCXW268362267 BCX0\">\u00a0<\/span><span class=\"SpellingError SCXW268362267 BCX0\">hear<\/span><span class=\"NormalTextRun SCXW268362267 BCX0\">\u00a0<\/span><span class=\"SpellingError SCXW268362267 BCX0\">from<\/span><span class=\"NormalTextRun SCXW268362267 BCX0\">\u00a0<\/span><span class=\"SpellingError SCXW268362267 BCX0\">Students<\/span><span class=\"NormalTextRun SCXW268362267 BCX0\">\u00a0<\/span><span class=\"SpellingError SCXW268362267 BCX0\">looking<\/span><span class=\"NormalTextRun SCXW268362267 BCX0\">\u00a0<\/span><span class=\"SpellingError SCXW268362267 BCX0\">to<\/span><span class=\"NormalTextRun SCXW268362267 BCX0\">\u00a0<\/span><span class=\"SpellingError SCXW268362267 BCX0\">work<\/span><span class=\"NormalTextRun SCXW268362267 BCX0\">\u00a0<\/span><span class=\"SpellingError SCXW268362267 BCX0\">with<\/span><span class=\"NormalTextRun SCXW268362267 BCX0\">\u00a0<\/span><span class=\"SpellingError SCXW268362267 BCX0\">Small<\/span><span class=\"NormalTextRun SCXW268362267 BCX0\">\u00a0<\/span><span class=\"SpellingError SCXW268362267 BCX0\">Animal<\/span><span class=\"NormalTextRun SCXW268362267 BCX0\">,\u00a0<\/span><span class=\"SpellingError SCXW268362267 BCX0\">Large<\/span><span class=\"NormalTextRun SCXW268362267 BCX0\">\u00a0<\/span><span class=\"SpellingError SCXW268362267 BCX0\">Animal<\/span><span class=\"NormalTextRun SCXW268362267 BCX0\">, Mixed\u00a0<\/span><span class=\"SpellingError SCXW268362267 BCX0\">or<\/span><span class=\"NormalTextRun SCXW268362267 BCX0\">\u00a0<\/span><span class=\"SpellingError SCXW268362267 BCX0\">Equine<\/span><span class=\"NormalTextRun SCXW268362267 BCX0\">\u00a0<\/span><span class=\"NormalTextRun SCXW268362267 BCX0\">species.\u00a0<\/span><span class=\"SpellingError SCXW268362267 BCX0\">We<\/span><span class=\"NormalTextRun SCXW268362267 BCX0\">\u00a0<\/span><span class=\"SpellingError SCXW268362267 BCX0\">have<\/span><span class=\"NormalTextRun SCXW268362267 BCX0\">\u00a0<\/span><span class=\"SpellingError SCXW268362267 BCX0\">opportunities<\/span><span class=\"NormalTextRun SCXW268362267 BCX0\">\u00a0<\/span><span class=\"SpellingError SCXW268362267 BCX0\">for<\/span><span class=\"NormalTextRun SCXW268362267 BCX0\">\u00a0<\/span><span class=\"SpellingError SCXW268362267 BCX0\">Vets<\/span><span class=\"NormalTextRun SCXW268362267 BCX0\">\u00a0and\u00a0<\/span><span class=\"SpellingError SCXW268362267 BCX0\">Nurses<\/span><span class=\"NormalTextRun SCXW268362267 BCX0\">\u00a0in England, Scotland, Wales, N.\u00a0<\/span><span class=\"SpellingError SCXW268362267 BCX0\">Ireland<\/span><span class=\"NormalTextRun SCXW268362267 BCX0\">, ROI\u00a0<\/span><span class=\"SpellingError SCXW268362267 BCX0\">as<\/span><span class=\"NormalTextRun SCXW268362267 BCX0\">\u00a0<\/span><span class=\"SpellingError SCXW268362267 BCX0\">well<\/span><span class=\"NormalTextRun SCXW268362267 BCX0\">\u00a0<\/span><span class=\"SpellingError SCXW268362267 BCX0\">as<\/span><span class=\"NormalTextRun SCXW268362267 BCX0\">\u00a0<\/span><span class=\"SpellingError SCXW268362267 BCX0\">Australia<\/span><span class=\"NormalTextRun SCXW268362267 BCX0\">\u00a0and New\u00a0<\/span><span class=\"SpellingError SCXW268362267 BCX0\">Zealand<\/span><span class=\"NormalTextRun SCXW268362267 BCX0\">.\u00a0<\/span><\/span><span class=\"EOP SCXW268362267 BCX0\" data-ccp-props=\"{&quot;201341983&quot;:0,&quot;335559739&quot;:160,&quot;335559740&quot;:259}\">\u00a0<\/span><\/p> <p><strong>More information:<\/strong>\u00a0<a class=\"Hyperlink SCXW257907678 BCX0\" href=\"http:\/\/www.lloydandcowan.com\/\" target=\"_blank\" rel=\"noreferrer noopener\"><span class=\"TextRun Underlined SCXW257907678 BCX0\" lang=\"HU-HU\" xml:lang=\"HU-HU\" data-contrast=\"none\"><span class=\"NormalTextRun SCXW257907678 BCX0\" data-ccp-charstyle=\"Hyperlink\">www.lloydandcowan.com<\/span><\/span><\/a><span class=\"TextRun SCXW257907678 BCX0\" lang=\"HU-HU\" xml:lang=\"HU-HU\" data-contrast=\"auto\"><span class=\"NormalTextRun SCXW257907678 BCX0\">\u00a0<\/span><\/span><span class=\"EOP SCXW257907678 BCX0\" data-ccp-props=\"{&quot;201341983&quot;:0,&quot;335559739&quot;:160,&quot;335559740&quot;:259}\">\u00a0<\/span><\/p>","protected":false},"excerpt":{"rendered":"<p>Lloyd &amp;\u00a0Cowan\u00a0is a\u00a0specialist\u00a0Veterinary\u00a0Recruitment\u00a0Consultancy\u00a0We\u00a0recruit\u00a0Veterinary\u00a0Surgeons\u00a0for\u00a01000\u2019s of\u00a0independent\u00a0practices\u00a0in\u00a0the\u00a0UK &amp;\u00a0Ireland\u00a0as\u00a0well\u00a0as\u00a0the\u00a0larger\u00a0corporate\u00a0employers.\u00a0We\u00a0want\u00a0to\u00a0hear\u00a0from\u00a0Students\u00a0looking\u00a0to\u00a0work\u00a0with\u00a0Small\u00a0Animal,\u00a0Large\u00a0Animal, Mixed\u00a0or\u00a0Equine\u00a0species.\u00a0We\u00a0have\u00a0opportunities\u00a0for\u00a0Vets\u00a0and\u00a0Nurses\u00a0in England, Scotland, Wales, N.\u00a0Ireland, ROI\u00a0as\u00a0well\u00a0as\u00a0Australia\u00a0and New\u00a0Zealand.\u00a0\u00a0 More information:\u00a0www.lloydandcowan.com\u00a0\u00a0<\/p>\n","protected":false},"author":2518,"featured_media":0,"parent":69676,"menu_order":0,"comment_status":"open","ping_status":"open","template":"","meta":{"_acf_changed":false,"footnotes":""},"categories":[],"tags":[],"class_list":["post-70724","page","type-page","status-publish","hentry"],"acf":[],"yoast_head":"<!-- This site is optimized with the Yoast SEO plugin v27.2 - https:\/\/yoast.com\/product\/yoast-seo-wordpress\/ -->\n<title>Lloyd&amp;Cowan - UK\/Anglia - \u00c1ll\u00e1sb\u00f6rze<\/title>\n<meta name=\"robots\" content=\"index, follow, max-snippet:-1, max-image-preview:large, max-video-preview:-1\" \/>\n<link rel=\"canonical\" href=\"https:\/\/univet.hu\/allasborze\/allasborze-2022\/kiallitok\/lloydcowan-uk-anglia\/\" \/>\n<meta property=\"og:locale\" content=\"hu_HU\" \/>\n<meta property=\"og:type\" content=\"article\" \/>\n<meta property=\"og:title\" content=\"Lloyd&amp;Cowan - UK\/Anglia - \u00c1ll\u00e1sb\u00f6rze\" \/>\n<meta property=\"og:description\" content=\"Lloyd &amp;\u00a0Cowan\u00a0is a\u00a0specialist\u00a0Veterinary\u00a0Recruitment\u00a0Consultancy\u00a0We\u00a0recruit\u00a0Veterinary\u00a0Surgeons\u00a0for\u00a01000\u2019s of\u00a0independent\u00a0practices\u00a0in\u00a0the\u00a0UK &amp;\u00a0Ireland\u00a0as\u00a0well\u00a0as\u00a0the\u00a0larger\u00a0corporate\u00a0employers.\u00a0We\u00a0want\u00a0to\u00a0hear\u00a0from\u00a0Students\u00a0looking\u00a0to\u00a0work\u00a0with\u00a0Small\u00a0Animal,\u00a0Large\u00a0Animal, Mixed\u00a0or\u00a0Equine\u00a0species.\u00a0We\u00a0have\u00a0opportunities\u00a0for\u00a0Vets\u00a0and\u00a0Nurses\u00a0in England, Scotland, Wales, N.\u00a0Ireland, ROI\u00a0as\u00a0well\u00a0as\u00a0Australia\u00a0and New\u00a0Zealand.\u00a0\u00a0 More information:\u00a0www.lloydandcowan.com\u00a0\u00a0\" \/>\n<meta property=\"og:url\" content=\"https:\/\/univet.hu\/allasborze\/allasborze-2022\/kiallitok\/lloydcowan-uk-anglia\/\" \/>\n<meta property=\"og:site_name\" content=\"\u00c1ll\u00e1sb\u00f6rze\" \/>\n<meta property=\"article:modified_time\" content=\"2025-01-10T12:54:59+00:00\" \/>\n<meta name=\"twitter:card\" content=\"summary_large_image\" \/>\n<script type=\"application\/ld+json\" class=\"yoast-schema-graph\">{\"@context\":\"https:\/\/schema.org\",\"@graph\":[{\"@type\":\"WebPage\",\"@id\":\"https:\/\/univet.hu\/allasborze\/allasborze-2022\/kiallitok\/lloydcowan-uk-anglia\/\",\"url\":\"https:\/\/univet.hu\/allasborze\/allasborze-2022\/kiallitok\/lloydcowan-uk-anglia\/\",\"name\":\"Lloyd&amp;Cowan - UK\/Anglia - \u00c1ll\u00e1sb\u00f6rze\",\"isPartOf\":{\"@id\":\"https:\/\/univet.hu\/allasborze\/#website\"},\"datePublished\":\"2022-01-12T09:31:55+00:00\",\"dateModified\":\"2025-01-10T12:54:59+00:00\",\"breadcrumb\":{\"@id\":\"https:\/\/univet.hu\/allasborze\/allasborze-2022\/kiallitok\/lloydcowan-uk-anglia\/#breadcrumb\"},\"inLanguage\":\"hu\",\"potentialAction\":[{\"@type\":\"ReadAction\",\"target\":[\"https:\/\/univet.hu\/allasborze\/allasborze-2022\/kiallitok\/lloydcowan-uk-anglia\/\"]}]},{\"@type\":\"BreadcrumbList\",\"@id\":\"https:\/\/univet.hu\/allasborze\/allasborze-2022\/kiallitok\/lloydcowan-uk-anglia\/#breadcrumb\",\"itemListElement\":[{\"@type\":\"ListItem\",\"position\":1,\"name\":\"Kezd\u0151lap\",\"item\":\"https:\/\/univet.hu\/allasborze\/\"},{\"@type\":\"ListItem\",\"position\":2,\"name\":\"\u00c1ll\u00e1sb\u00f6rze 2022\",\"item\":\"https:\/\/univet.hu\/allasborze\/allasborze-2022\/\"},{\"@type\":\"ListItem\",\"position\":3,\"name\":\"Ki\u00e1ll\u00edt\u00f3k\",\"item\":\"https:\/\/univet.hu\/allasborze\/allasborze-2022\/kiallitok\/\"},{\"@type\":\"ListItem\",\"position\":4,\"name\":\"Lloyd&amp;Cowan &#8211; UK\/Anglia\"}]},{\"@type\":\"WebSite\",\"@id\":\"https:\/\/univet.hu\/allasborze\/#website\",\"url\":\"https:\/\/univet.hu\/allasborze\/\",\"name\":\"\u00c1ll\u00e1sb\u00f6rze\",\"description\":\"\",\"potentialAction\":[{\"@type\":\"SearchAction\",\"target\":{\"@type\":\"EntryPoint\",\"urlTemplate\":\"https:\/\/univet.hu\/allasborze\/?s={search_term_string}\"},\"query-input\":{\"@type\":\"PropertyValueSpecification\",\"valueRequired\":true,\"valueName\":\"search_term_string\"}}],\"inLanguage\":\"hu\"}]}<\/script>\n<!-- \/ Yoast SEO plugin. -->","yoast_head_json":{"title":"Lloyd&amp;Cowan - UK\/Anglia - \u00c1ll\u00e1sb\u00f6rze","robots":{"index":"index","follow":"follow","max-snippet":"max-snippet:-1","max-image-preview":"max-image-preview:large","max-video-preview":"max-video-preview:-1"},"canonical":"https:\/\/univet.hu\/allasborze\/allasborze-2022\/kiallitok\/lloydcowan-uk-anglia\/","og_locale":"hu_HU","og_type":"article","og_title":"Lloyd&amp;Cowan - UK\/Anglia - \u00c1ll\u00e1sb\u00f6rze","og_description":"Lloyd &amp;\u00a0Cowan\u00a0is a\u00a0specialist\u00a0Veterinary\u00a0Recruitment\u00a0Consultancy\u00a0We\u00a0recruit\u00a0Veterinary\u00a0Surgeons\u00a0for\u00a01000\u2019s of\u00a0independent\u00a0practices\u00a0in\u00a0the\u00a0UK &amp;\u00a0Ireland\u00a0as\u00a0well\u00a0as\u00a0the\u00a0larger\u00a0corporate\u00a0employers.\u00a0We\u00a0want\u00a0to\u00a0hear\u00a0from\u00a0Students\u00a0looking\u00a0to\u00a0work\u00a0with\u00a0Small\u00a0Animal,\u00a0Large\u00a0Animal, Mixed\u00a0or\u00a0Equine\u00a0species.\u00a0We\u00a0have\u00a0opportunities\u00a0for\u00a0Vets\u00a0and\u00a0Nurses\u00a0in England, Scotland, Wales, N.\u00a0Ireland, ROI\u00a0as\u00a0well\u00a0as\u00a0Australia\u00a0and New\u00a0Zealand.\u00a0\u00a0 More information:\u00a0www.lloydandcowan.com\u00a0\u00a0","og_url":"https:\/\/univet.hu\/allasborze\/allasborze-2022\/kiallitok\/lloydcowan-uk-anglia\/","og_site_name":"\u00c1ll\u00e1sb\u00f6rze","article_modified_time":"2025-01-10T12:54:59+00:00","twitter_card":"summary_large_image","schema":{"@context":"https:\/\/schema.org","@graph":[{"@type":"WebPage","@id":"https:\/\/univet.hu\/allasborze\/allasborze-2022\/kiallitok\/lloydcowan-uk-anglia\/","url":"https:\/\/univet.hu\/allasborze\/allasborze-2022\/kiallitok\/lloydcowan-uk-anglia\/","name":"Lloyd&amp;Cowan - UK\/Anglia - \u00c1ll\u00e1sb\u00f6rze","isPartOf":{"@id":"https:\/\/univet.hu\/allasborze\/#website"},"datePublished":"2022-01-12T09:31:55+00:00","dateModified":"2025-01-10T12:54:59+00:00","breadcrumb":{"@id":"https:\/\/univet.hu\/allasborze\/allasborze-2022\/kiallitok\/lloydcowan-uk-anglia\/#breadcrumb"},"inLanguage":"hu","potentialAction":[{"@type":"ReadAction","target":["https:\/\/univet.hu\/allasborze\/allasborze-2022\/kiallitok\/lloydcowan-uk-anglia\/"]}]},{"@type":"BreadcrumbList","@id":"https:\/\/univet.hu\/allasborze\/allasborze-2022\/kiallitok\/lloydcowan-uk-anglia\/#breadcrumb","itemListElement":[{"@type":"ListItem","position":1,"name":"Kezd\u0151lap","item":"https:\/\/univet.hu\/allasborze\/"},{"@type":"ListItem","position":2,"name":"\u00c1ll\u00e1sb\u00f6rze 2022","item":"https:\/\/univet.hu\/allasborze\/allasborze-2022\/"},{"@type":"ListItem","position":3,"name":"Ki\u00e1ll\u00edt\u00f3k","item":"https:\/\/univet.hu\/allasborze\/allasborze-2022\/kiallitok\/"},{"@type":"ListItem","position":4,"name":"Lloyd&amp;Cowan &#8211; UK\/Anglia"}]},{"@type":"WebSite","@id":"https:\/\/univet.hu\/allasborze\/#website","url":"https:\/\/univet.hu\/allasborze\/","name":"\u00c1ll\u00e1sb\u00f6rze","description":"","potentialAction":[{"@type":"SearchAction","target":{"@type":"EntryPoint","urlTemplate":"https:\/\/univet.hu\/allasborze\/?s={search_term_string}"},"query-input":{"@type":"PropertyValueSpecification","valueRequired":true,"valueName":"search_term_string"}}],"inLanguage":"hu"}]}},"_links":{"self":[{"href":"https:\/\/univet.hu\/allasborze\/wp-json\/wp\/v2\/pages\/70724","targetHints":{"allow":["GET"]}}],"collection":[{"href":"https:\/\/univet.hu\/allasborze\/wp-json\/wp\/v2\/pages"}],"about":[{"href":"https:\/\/univet.hu\/allasborze\/wp-json\/wp\/v2\/types\/page"}],"author":[{"embeddable":true,"href":"https:\/\/univet.hu\/allasborze\/wp-json\/wp\/v2\/users\/2518"}],"replies":[{"embeddable":true,"href":"https:\/\/univet.hu\/allasborze\/wp-json\/wp\/v2\/comments?post=70724"}],"version-history":[{"count":1,"href":"https:\/\/univet.hu\/allasborze\/wp-json\/wp\/v2\/pages\/70724\/revisions"}],"predecessor-version":[{"id":172646,"href":"https:\/\/univet.hu\/allasborze\/wp-json\/wp\/v2\/pages\/70724\/revisions\/172646"}],"up":[{"embeddable":true,"href":"https:\/\/univet.hu\/allasborze\/wp-json\/wp\/v2\/pages\/69676"}],"wp:attachment":[{"href":"https:\/\/univet.hu\/allasborze\/wp-json\/wp\/v2\/media?parent=70724"}],"wp:term":[{"taxonomy":"category","embeddable":true,"href":"https:\/\/univet.hu\/allasborze\/wp-json\/wp\/v2\/categories?post=70724"},{"taxonomy":"post_tag","embeddable":true,"href":"https:\/\/univet.hu\/allasborze\/wp-json\/wp\/v2\/tags?post=70724"}],"curies":[{"name":"wp","href":"https:\/\/api.w.org\/{rel}","templated":true}]}}