{"id":70756,"date":"2022-01-12T11:54:58","date_gmt":"2022-01-12T10:54:58","guid":{"rendered":"https:\/\/univet.hu\/hu\/allasborze-2022\/kiallitok\/name\/"},"modified":"2025-01-10T13:55:00","modified_gmt":"2025-01-10T12:55:00","slug":"tolnagro","status":"publish","type":"page","link":"https:\/\/univet.hu\/allasborze\/allasborze-2022\/kiallitok\/tolnagro\/","title":{"rendered":"Tolnagro"},"content":{"rendered":"<p style=\"text-align: center\"><strong>Tolnagro Kft. \u2013 Az agr\u00e1rium patik\u00e1ja m\u00e1r t\u00f6bb, mint 25 \u00e9ve\u2026<\/strong><\/p> <p style=\"text-align: center\"><strong>\u00a0<\/strong>7100 Szeksz\u00e1rd, R\u00e1k\u00f3czi u. 142-146.<\/p> <p style=\"text-align: center\"><a href=\"http:\/\/www.tolnagro.hu\">www.tolnagro.hu<\/a><\/p> <p>A Tolnagro Kft. m\u00e1r t\u00f6bb mint 25 \u00e9ve foglalkozik k\u00fcl\u00f6nb\u00f6z\u0151 \u00e1llatgy\u00f3gy\u00e1szati k\u00e9sz\u00edtm\u00e9nyek, \u00e1llatgy\u00f3gyszerek forgalmaz\u00e1s\u00e1val. Az elm\u00falt negyed \u00e9vsz\u00e1zad sor\u00e1n c\u00e9gcsoportt\u00e1 alakult v\u00e1llalat term\u00e9kportf\u00f3li\u00f3ja \u00e9vr\u0151l \u00e9vre n\u00f6vekedett, \u00edgy akt\u00edv term\u00e9keink sz\u00e1ma m\u00e1ra meghaladja a 13.000-et. Szortiment\u00fcnk n\u00f6veked\u00e9se megk\u00f6vetelte rakt\u00e1ri kapacit\u00e1sunk folyamatosan b\u0151v\u00fcl\u00e9s\u00e9t is, amely most m\u00e1r meghaladja a 19.500 m2-t.<\/p> <p><a href=\"https:\/\/univet.hu\/allasborze\/wp-content\/uploads\/sites\/2\/2022\/01\/Tolnagro_Csoport_logo_color-UJ2020.png\"><img loading=\"lazy\" decoding=\"async\" class=\"aligncenter size-large wp-image-70757\" src=\"https:\/\/univet.hu\/allasborze\/wp-content\/uploads\/sites\/2\/2022\/01\/Tolnagro_Csoport_logo_color-UJ2020-960x315.png\" alt=\"\" width=\"640\" height=\"210\" \/><\/a><\/p> <p>A D\u00e9l-Dun\u00e1nt\u00fal k\u00e9t sikeres \u00e1llatgy\u00f3gyszer-forgalmaz\u00f3ja, a Tolnavet Kft. \u00e9s az Agrovet Kft. egyes\u00fcl\u00e9s\u00e9vel 1996-ban alakult meg Szeksz\u00e1rdon a Tolnagro \u00c1llatgy\u00f3gy\u00e1szati Kft. A f\u00fazi\u00f3 c\u00e9lja az volt, hogy az \u00faj v\u00e1llalat sz\u00ednvonalasabb szolg\u00e1ltat\u00e1sokat tudjon biztos\u00edtani \u00fcgyfelei sz\u00e1m\u00e1ra. A c\u00e9g fejl\u0151d\u00e9s\u00e9vel partnereink sz\u00e1ma, a c\u00e9g forgalma, rakt\u00e1r- \u00e9s logisztikai kapacit\u00e1sa, alkalmazottainak sz\u00e1ma \u00e9vr\u0151l \u00e9vre folyamatosan n\u0151tt, \u00edgy a c\u00e9g m\u00e1ra a magyar agr\u00e1rium meghat\u00e1roz\u00f3 szerepl\u0151j\u00e9v\u00e9 v\u00e1lt. A 100%-ban magyar tulajdon\u00fa csal\u00e1di v\u00e1llalkoz\u00e1s forgalma 25 milli\u00e1rd forint volt 2020-ban.<\/p> <p>Teljes rakt\u00e1ri kapacit\u00e1sunk k\u00f6zel t\u00f6bb, mint 18.000 n\u00e9gyzetm\u00e9ter. Az elm\u00falt negyed \u00e9vsz\u00e1zadban \u00f6sszegy\u0171jt\u00f6tt tapasztalattal, a lehet\u0151 legmagasabb sz\u00ednvonalra t\u00f6rekedve szolg\u00e1ljuk ki v\u00e1s\u00e1rl\u00f3inkat. K\u00f6zel 22 ezer partner\u00fcnkh\u00f6z, mind az online, mind a hagyom\u00e1nyos (offline) platformjainkon kereszt\u00fcl juttatjuk el a t\u00f6bb mint 18 ezer term\u00e9kb\u0151l \u00e1ll\u00f3 k\u00edn\u00e1latunkat. C\u00e9gcsoportunk sz\u00e9khelye Szeksz\u00e1rdon tal\u00e1lhat\u00f3.M\u00e1ra m\u00e1r t\u00f6bb mint 444 f\u0151s l\u00e9tsz\u00e1m\u00fa \u00e9s 8 telephellyel rendelkez\u0151 nagyv\u00e1llalat lett\u00fcnk. A k\u00f6zponti szeksz\u00e1rdi sz\u00e9khely\u00fcnk\u00f6n k\u00edv\u00fcl Ny\u00edregyh\u00e1z\u00e1n, Budapesten, B\u00f6g\u00f6t\u00e9n, Miskolcon \u00e9s \u00c9rden van telephely\u00fcnk.<\/p> <p>V\u00e1s\u00e1rl\u00f3ink k\u00f6z\u00f6tt megtal\u00e1ljuk a Magyarorsz\u00e1g strat\u00e9giai \u00e9lelmiszerell\u00e1t\u00e1s\u00e1ban kiemelked\u0151 szerepet j\u00e1tsz\u00f3 agr\u00e1r v\u00e1llalatokat, \u00e1llatteny\u00e9szt\u0151 telepeket \u00e9s \u00e1llatorvosokat, valamint a hobbyk\u00e9nt tartott \u00e1llatokat kiszolg\u00e1l\u00f3 nagy \u00fczletl\u00e1ncokat, PET-shopokat \u00e9s a kedvencek gazd\u00e1it k\u00f6zvetlen\u00fcl is, \u00edgy kijelenthetj\u00fck, hogy Partnereink k\u00f6re igen sz\u00e9les.<\/p> <p>Szakk\u00e9pzett, t\u00f6bb mint 20 f\u0151s k\u00e9pvisel\u0151h\u00e1l\u00f3zattal, fejlett eur\u00f3pai szint\u0171 logisztikai k\u00f6zpontjainkon kereszt\u00fcl, nagyr\u00e9szt a 40 teheraut\u00f3b\u00f3l \u00e1ll\u00f3 saj\u00e1t g\u00e9pkocsiflott\u00e1nkkal el\u00e9g\u00edtj\u00fck ki megrendel\u0151ink ig\u00e9nyeit.<\/p> <p>Tev\u00e9kenys\u00e9g\u00fcnket term\u00e9keink \u00e9s az \u00e1llatok hasznos\u00edt\u00e1s\u00e1nak m\u00f3dja szerint t\u00f6bb \u00fczlet\u00e1gba csoportos\u00edtottuk. Ennek alapj\u00e1n meghat\u00e1roz\u00f3 egys\u00e9geink a haszon\u00e1llat, a t\u00e1rs\u00e1llat, a pet (vagy \u00e1llateledel), \u00e9s az eszk\u00f6z-m\u0171szer \u00fczlet\u00e1gunk. Emellett a manaps\u00e1g egyre nagyobb m\u00e9rt\u00e9kben t\u00e9rt h\u00f3d\u00edt\u00f3 online kereskedelemi szok\u00e1sokhoz igazod\u00f3 egys\u00e9g\u00fcnk &#8211; a Petissimo web\u00e1ruh\u00e1z is &#8211; gyors \u00fctemben fejl\u0151dik. \u00c1llatgy\u00f3gy\u00e1szati tev\u00e9kenys\u00e9g\u00fcnk teljes kiteljesed\u00e9s\u00e9t \u00e9s j\u00f6v\u0151j\u00e9t a kutat\u00e1s-fejleszt\u00e9si \u00e9s gy\u00e1rt\u00e1si \u00fczlet\u00e1gunk fejleszt\u00e9s\u00e9ben l\u00e1tjuk. Napjainkban tev\u00e9kenys\u00e9g\u00fcnk f\u00f3kusza a gy\u00f3gyszergy\u00e1rt\u00e1s ir\u00e1ny\u00e1ba tev\u0151dik \u00e1t.<\/p> <p>C\u00e9g\u00fcnknek fontos a partnereinkkel val\u00f3 rendszeres \u00e9s szem\u00e9lyes kapcsolattart\u00e1s, a jelenlegi \u00e9s j\u00f6v\u0151beli partnereink t\u00e1j\u00e9koztat\u00e1sa. Mi is j\u00f3l tudjuk, hogy milyen nagy seg\u00edts\u00e9g egy \u201ej\u00f3bar\u00e1t\u201d, ha az ember valahol megszorul.<\/p> <p>A ma Magyarorsz\u00e1gon megtal\u00e1lhat\u00f3 \u00e1llatgy\u00f3gy\u00e1szati gy\u00f3gyszerk\u00e9sz\u00edtm\u00e9nyek \u00e9s -vakcin\u00e1k, fert\u0151tlen\u00edt\u0151 szerek, vitaminok, \u00e1llateg\u00e9szs\u00e9g\u00fcgyi biocidok, eszk\u00f6z\u00f6k, k\u00f6tszerek, m\u0171szerek, felszerel\u00e9sek, valamint kutyamacska eledelek \u00e9s felszerel\u00e9si cikkek teljes sk\u00e1l\u00e1j\u00e1val \u00e1llunk \u00fcgyfeleink rendelkez\u00e9s\u00e9re.<\/p> <p>Piacvezet\u0151k\u00e9nt term\u00e9szetesen valamennyi magyarorsz\u00e1gi gy\u00f3gyszerimport\u0151rrel szoros kapcsolatban \u00e1llunk, \u00edgy b\u00e1rmilyen k\u00fcl\u00f6nleges szakmai k\u00e9rd\u00e9sre a t\u00e9ma legszakavatottabb ismer\u0151j\u00e9t tudjuk partnereink r\u00e9sz\u00e9re k\u00f6zvet\u00edteni.<\/p>","protected":false},"excerpt":{"rendered":"<p>Tolnagro Kft. \u2013 Az agr\u00e1rium patik\u00e1ja m\u00e1r t\u00f6bb, mint 25 \u00e9ve\u2026 \u00a07100 Szeksz\u00e1rd, R\u00e1k\u00f3czi u. 142-146. www.tolnagro.hu A Tolnagro Kft. m\u00e1r t\u00f6bb mint 25 \u00e9ve foglalkozik k\u00fcl\u00f6nb\u00f6z\u0151 \u00e1llatgy\u00f3gy\u00e1szati k\u00e9sz\u00edtm\u00e9nyek, \u00e1llatgy\u00f3gyszerek forgalmaz\u00e1s\u00e1val. Az elm\u00falt negyed \u00e9vsz\u00e1zad sor\u00e1n c\u00e9gcsoportt\u00e1 alakult v\u00e1llalat term\u00e9kportf\u00f3li\u00f3ja \u00e9vr\u0151l \u00e9vre n\u00f6vekedett, \u00edgy akt\u00edv term\u00e9keink sz\u00e1ma m\u00e1ra meghaladja a 13.000-et. Szortiment\u00fcnk n\u00f6veked\u00e9se megk\u00f6vetelte rakt\u00e1ri<\/p>\n","protected":false},"author":2518,"featured_media":0,"parent":69676,"menu_order":0,"comment_status":"open","ping_status":"open","template":"","meta":{"_acf_changed":false,"footnotes":""},"categories":[],"tags":[],"class_list":["post-70756","page","type-page","status-publish","hentry"],"acf":[],"yoast_head":"<!-- This site is optimized with the Yoast SEO plugin v27.2 - https:\/\/yoast.com\/product\/yoast-seo-wordpress\/ -->\n<title>Tolnagro - \u00c1ll\u00e1sb\u00f6rze<\/title>\n<meta name=\"robots\" content=\"index, follow, max-snippet:-1, max-image-preview:large, max-video-preview:-1\" \/>\n<link rel=\"canonical\" href=\"https:\/\/univet.hu\/allasborze\/allasborze-2022\/kiallitok\/tolnagro\/\" \/>\n<meta property=\"og:locale\" content=\"hu_HU\" \/>\n<meta property=\"og:type\" content=\"article\" \/>\n<meta property=\"og:title\" content=\"Tolnagro - \u00c1ll\u00e1sb\u00f6rze\" \/>\n<meta property=\"og:description\" content=\"Tolnagro Kft. \u2013 Az agr\u00e1rium patik\u00e1ja m\u00e1r t\u00f6bb, mint 25 \u00e9ve\u2026 \u00a07100 Szeksz\u00e1rd, R\u00e1k\u00f3czi u. 142-146. www.tolnagro.hu A Tolnagro Kft. m\u00e1r t\u00f6bb mint 25 \u00e9ve foglalkozik k\u00fcl\u00f6nb\u00f6z\u0151 \u00e1llatgy\u00f3gy\u00e1szati k\u00e9sz\u00edtm\u00e9nyek, \u00e1llatgy\u00f3gyszerek forgalmaz\u00e1s\u00e1val. Az elm\u00falt negyed \u00e9vsz\u00e1zad sor\u00e1n c\u00e9gcsoportt\u00e1 alakult v\u00e1llalat term\u00e9kportf\u00f3li\u00f3ja \u00e9vr\u0151l \u00e9vre n\u00f6vekedett, \u00edgy akt\u00edv term\u00e9keink sz\u00e1ma m\u00e1ra meghaladja a 13.000-et. Szortiment\u00fcnk n\u00f6veked\u00e9se megk\u00f6vetelte rakt\u00e1ri\" \/>\n<meta property=\"og:url\" content=\"https:\/\/univet.hu\/allasborze\/allasborze-2022\/kiallitok\/tolnagro\/\" \/>\n<meta property=\"og:site_name\" content=\"\u00c1ll\u00e1sb\u00f6rze\" \/>\n<meta property=\"article:modified_time\" content=\"2025-01-10T12:55:00+00:00\" \/>\n<meta property=\"og:image\" content=\"https:\/\/univet.hu\/allasborze\/wp-content\/uploads\/sites\/2\/2022\/01\/Tolnagro_Csoport_logo_color-UJ2020-960x315.png\" \/>\n<meta name=\"twitter:card\" content=\"summary_large_image\" \/>\n<meta name=\"twitter:label1\" content=\"Becs\u00fclt olvas\u00e1si id\u0151\" \/>\n\t<meta name=\"twitter:data1\" content=\"4 perc\" \/>\n<script type=\"application\/ld+json\" class=\"yoast-schema-graph\">{\"@context\":\"https:\/\/schema.org\",\"@graph\":[{\"@type\":\"WebPage\",\"@id\":\"https:\/\/univet.hu\/allasborze\/allasborze-2022\/kiallitok\/tolnagro\/\",\"url\":\"https:\/\/univet.hu\/allasborze\/allasborze-2022\/kiallitok\/tolnagro\/\",\"name\":\"Tolnagro - \u00c1ll\u00e1sb\u00f6rze\",\"isPartOf\":{\"@id\":\"https:\/\/univet.hu\/allasborze\/#website\"},\"primaryImageOfPage\":{\"@id\":\"https:\/\/univet.hu\/allasborze\/allasborze-2022\/kiallitok\/tolnagro\/#primaryimage\"},\"image\":{\"@id\":\"https:\/\/univet.hu\/allasborze\/allasborze-2022\/kiallitok\/tolnagro\/#primaryimage\"},\"thumbnailUrl\":\"https:\/\/univet.hu\/allasborze\/wp-content\/uploads\/sites\/2\/2022\/01\/Tolnagro_Csoport_logo_color-UJ2020-960x315.png\",\"datePublished\":\"2022-01-12T10:54:58+00:00\",\"dateModified\":\"2025-01-10T12:55:00+00:00\",\"breadcrumb\":{\"@id\":\"https:\/\/univet.hu\/allasborze\/allasborze-2022\/kiallitok\/tolnagro\/#breadcrumb\"},\"inLanguage\":\"hu\",\"potentialAction\":[{\"@type\":\"ReadAction\",\"target\":[\"https:\/\/univet.hu\/allasborze\/allasborze-2022\/kiallitok\/tolnagro\/\"]}]},{\"@type\":\"ImageObject\",\"inLanguage\":\"hu\",\"@id\":\"https:\/\/univet.hu\/allasborze\/allasborze-2022\/kiallitok\/tolnagro\/#primaryimage\",\"url\":\"https:\/\/univet.hu\/allasborze\/wp-content\/uploads\/sites\/2\/2022\/01\/Tolnagro_Csoport_logo_color-UJ2020.png\",\"contentUrl\":\"https:\/\/univet.hu\/allasborze\/wp-content\/uploads\/sites\/2\/2022\/01\/Tolnagro_Csoport_logo_color-UJ2020.png\",\"width\":1245,\"height\":408},{\"@type\":\"BreadcrumbList\",\"@id\":\"https:\/\/univet.hu\/allasborze\/allasborze-2022\/kiallitok\/tolnagro\/#breadcrumb\",\"itemListElement\":[{\"@type\":\"ListItem\",\"position\":1,\"name\":\"Kezd\u0151lap\",\"item\":\"https:\/\/univet.hu\/allasborze\/\"},{\"@type\":\"ListItem\",\"position\":2,\"name\":\"\u00c1ll\u00e1sb\u00f6rze 2022\",\"item\":\"https:\/\/univet.hu\/allasborze\/allasborze-2022\/\"},{\"@type\":\"ListItem\",\"position\":3,\"name\":\"Ki\u00e1ll\u00edt\u00f3k\",\"item\":\"https:\/\/univet.hu\/allasborze\/allasborze-2022\/kiallitok\/\"},{\"@type\":\"ListItem\",\"position\":4,\"name\":\"Tolnagro\"}]},{\"@type\":\"WebSite\",\"@id\":\"https:\/\/univet.hu\/allasborze\/#website\",\"url\":\"https:\/\/univet.hu\/allasborze\/\",\"name\":\"\u00c1ll\u00e1sb\u00f6rze\",\"description\":\"\",\"potentialAction\":[{\"@type\":\"SearchAction\",\"target\":{\"@type\":\"EntryPoint\",\"urlTemplate\":\"https:\/\/univet.hu\/allasborze\/?s={search_term_string}\"},\"query-input\":{\"@type\":\"PropertyValueSpecification\",\"valueRequired\":true,\"valueName\":\"search_term_string\"}}],\"inLanguage\":\"hu\"}]}<\/script>\n<!-- \/ Yoast SEO plugin. -->","yoast_head_json":{"title":"Tolnagro - \u00c1ll\u00e1sb\u00f6rze","robots":{"index":"index","follow":"follow","max-snippet":"max-snippet:-1","max-image-preview":"max-image-preview:large","max-video-preview":"max-video-preview:-1"},"canonical":"https:\/\/univet.hu\/allasborze\/allasborze-2022\/kiallitok\/tolnagro\/","og_locale":"hu_HU","og_type":"article","og_title":"Tolnagro - \u00c1ll\u00e1sb\u00f6rze","og_description":"Tolnagro Kft. \u2013 Az agr\u00e1rium patik\u00e1ja m\u00e1r t\u00f6bb, mint 25 \u00e9ve\u2026 \u00a07100 Szeksz\u00e1rd, R\u00e1k\u00f3czi u. 142-146. www.tolnagro.hu A Tolnagro Kft. m\u00e1r t\u00f6bb mint 25 \u00e9ve foglalkozik k\u00fcl\u00f6nb\u00f6z\u0151 \u00e1llatgy\u00f3gy\u00e1szati k\u00e9sz\u00edtm\u00e9nyek, \u00e1llatgy\u00f3gyszerek forgalmaz\u00e1s\u00e1val. Az elm\u00falt negyed \u00e9vsz\u00e1zad sor\u00e1n c\u00e9gcsoportt\u00e1 alakult v\u00e1llalat term\u00e9kportf\u00f3li\u00f3ja \u00e9vr\u0151l \u00e9vre n\u00f6vekedett, \u00edgy akt\u00edv term\u00e9keink sz\u00e1ma m\u00e1ra meghaladja a 13.000-et. Szortiment\u00fcnk n\u00f6veked\u00e9se megk\u00f6vetelte rakt\u00e1ri","og_url":"https:\/\/univet.hu\/allasborze\/allasborze-2022\/kiallitok\/tolnagro\/","og_site_name":"\u00c1ll\u00e1sb\u00f6rze","article_modified_time":"2025-01-10T12:55:00+00:00","og_image":[{"url":"https:\/\/univet.hu\/allasborze\/wp-content\/uploads\/sites\/2\/2022\/01\/Tolnagro_Csoport_logo_color-UJ2020-960x315.png","type":"","width":"","height":""}],"twitter_card":"summary_large_image","twitter_misc":{"Becs\u00fclt olvas\u00e1si id\u0151":"4 perc"},"schema":{"@context":"https:\/\/schema.org","@graph":[{"@type":"WebPage","@id":"https:\/\/univet.hu\/allasborze\/allasborze-2022\/kiallitok\/tolnagro\/","url":"https:\/\/univet.hu\/allasborze\/allasborze-2022\/kiallitok\/tolnagro\/","name":"Tolnagro - \u00c1ll\u00e1sb\u00f6rze","isPartOf":{"@id":"https:\/\/univet.hu\/allasborze\/#website"},"primaryImageOfPage":{"@id":"https:\/\/univet.hu\/allasborze\/allasborze-2022\/kiallitok\/tolnagro\/#primaryimage"},"image":{"@id":"https:\/\/univet.hu\/allasborze\/allasborze-2022\/kiallitok\/tolnagro\/#primaryimage"},"thumbnailUrl":"https:\/\/univet.hu\/allasborze\/wp-content\/uploads\/sites\/2\/2022\/01\/Tolnagro_Csoport_logo_color-UJ2020-960x315.png","datePublished":"2022-01-12T10:54:58+00:00","dateModified":"2025-01-10T12:55:00+00:00","breadcrumb":{"@id":"https:\/\/univet.hu\/allasborze\/allasborze-2022\/kiallitok\/tolnagro\/#breadcrumb"},"inLanguage":"hu","potentialAction":[{"@type":"ReadAction","target":["https:\/\/univet.hu\/allasborze\/allasborze-2022\/kiallitok\/tolnagro\/"]}]},{"@type":"ImageObject","inLanguage":"hu","@id":"https:\/\/univet.hu\/allasborze\/allasborze-2022\/kiallitok\/tolnagro\/#primaryimage","url":"https:\/\/univet.hu\/allasborze\/wp-content\/uploads\/sites\/2\/2022\/01\/Tolnagro_Csoport_logo_color-UJ2020.png","contentUrl":"https:\/\/univet.hu\/allasborze\/wp-content\/uploads\/sites\/2\/2022\/01\/Tolnagro_Csoport_logo_color-UJ2020.png","width":1245,"height":408},{"@type":"BreadcrumbList","@id":"https:\/\/univet.hu\/allasborze\/allasborze-2022\/kiallitok\/tolnagro\/#breadcrumb","itemListElement":[{"@type":"ListItem","position":1,"name":"Kezd\u0151lap","item":"https:\/\/univet.hu\/allasborze\/"},{"@type":"ListItem","position":2,"name":"\u00c1ll\u00e1sb\u00f6rze 2022","item":"https:\/\/univet.hu\/allasborze\/allasborze-2022\/"},{"@type":"ListItem","position":3,"name":"Ki\u00e1ll\u00edt\u00f3k","item":"https:\/\/univet.hu\/allasborze\/allasborze-2022\/kiallitok\/"},{"@type":"ListItem","position":4,"name":"Tolnagro"}]},{"@type":"WebSite","@id":"https:\/\/univet.hu\/allasborze\/#website","url":"https:\/\/univet.hu\/allasborze\/","name":"\u00c1ll\u00e1sb\u00f6rze","description":"","potentialAction":[{"@type":"SearchAction","target":{"@type":"EntryPoint","urlTemplate":"https:\/\/univet.hu\/allasborze\/?s={search_term_string}"},"query-input":{"@type":"PropertyValueSpecification","valueRequired":true,"valueName":"search_term_string"}}],"inLanguage":"hu"}]}},"_links":{"self":[{"href":"https:\/\/univet.hu\/allasborze\/wp-json\/wp\/v2\/pages\/70756","targetHints":{"allow":["GET"]}}],"collection":[{"href":"https:\/\/univet.hu\/allasborze\/wp-json\/wp\/v2\/pages"}],"about":[{"href":"https:\/\/univet.hu\/allasborze\/wp-json\/wp\/v2\/types\/page"}],"author":[{"embeddable":true,"href":"https:\/\/univet.hu\/allasborze\/wp-json\/wp\/v2\/users\/2518"}],"replies":[{"embeddable":true,"href":"https:\/\/univet.hu\/allasborze\/wp-json\/wp\/v2\/comments?post=70756"}],"version-history":[{"count":1,"href":"https:\/\/univet.hu\/allasborze\/wp-json\/wp\/v2\/pages\/70756\/revisions"}],"predecessor-version":[{"id":172656,"href":"https:\/\/univet.hu\/allasborze\/wp-json\/wp\/v2\/pages\/70756\/revisions\/172656"}],"up":[{"embeddable":true,"href":"https:\/\/univet.hu\/allasborze\/wp-json\/wp\/v2\/pages\/69676"}],"wp:attachment":[{"href":"https:\/\/univet.hu\/allasborze\/wp-json\/wp\/v2\/media?parent=70756"}],"wp:term":[{"taxonomy":"category","embeddable":true,"href":"https:\/\/univet.hu\/allasborze\/wp-json\/wp\/v2\/categories?post=70756"},{"taxonomy":"post_tag","embeddable":true,"href":"https:\/\/univet.hu\/allasborze\/wp-json\/wp\/v2\/tags?post=70756"}],"curies":[{"name":"wp","href":"https:\/\/api.w.org\/{rel}","templated":true}]}}