{"id":70831,"date":"2022-01-17T10:09:32","date_gmt":"2022-01-17T09:09:32","guid":{"rendered":"https:\/\/univet.hu\/hu\/allasborze-2022\/kiallitok\/name\/"},"modified":"2025-01-10T13:54:58","modified_gmt":"2025-01-10T12:54:58","slug":"alpha-vet","status":"publish","type":"page","link":"https:\/\/univet.hu\/allasborze\/allasborze-2022\/kiallitok\/alpha-vet\/","title":{"rendered":"Alpha-Vet"},"content":{"rendered":"<p><a href=\"https:\/\/univet.hu\/en\/allasborze-2021\/kiallitok\/alpha-vet-kft\/alphavet-logo-szlogennel_hu\/\" rel=\"attachment wp-att-62490\"><img loading=\"lazy\" decoding=\"async\" class=\"aligncenter size-medium wp-image-62490\" src=\"https:\/\/univet.hu\/allasborze\/wp-content\/uploads\/sites\/2\/2021\/02\/alphavet-logo-szlogennel_HU-320x89.png\" alt=\"\" width=\"320\" height=\"89\" srcset=\"https:\/\/univet.hu\/allasborze\/wp-content\/uploads\/sites\/2\/2021\/02\/alphavet-logo-szlogennel_HU-320x89.png 320w, https:\/\/univet.hu\/allasborze\/wp-content\/uploads\/sites\/2\/2021\/02\/alphavet-logo-szlogennel_HU-768x213.png 768w, https:\/\/univet.hu\/allasborze\/wp-content\/uploads\/sites\/2\/2021\/02\/alphavet-logo-szlogennel_HU-1024x284.png 1024w, https:\/\/univet.hu\/allasborze\/wp-content\/uploads\/sites\/2\/2021\/02\/alphavet-logo-szlogennel_HU-1536x425.png 1536w, https:\/\/univet.hu\/allasborze\/wp-content\/uploads\/sites\/2\/2021\/02\/alphavet-logo-szlogennel_HU-2048x567.png 2048w, https:\/\/univet.hu\/allasborze\/wp-content\/uploads\/sites\/2\/2021\/02\/alphavet-logo-szlogennel_HU-300x83.png 300w\" sizes=\"auto, (max-width: 320px) 100vw, 320px\" \/><\/a><\/p> <p><span data-contrast=\"auto\">Csatlakozz az AlphaVet csapat\u00e1hoz! Az Alpha-Vet \u00c1llatgy\u00f3gy\u00e1szati Kft. 100%-ban magyar tulajdon\u00fa \u00e9s Magyarorsz\u00e1g egyik meghat\u00e1roz\u00f3, piacvezet\u0151 \u00e1llatgy\u00f3gyszer \u00e9s \u00e1llateledel forgalmaz\u00f3 v\u00e1llalata, amelyet csal\u00e1dias, munkav\u00e1llal\u00f3 k\u00f6zpont\u00fa l\u00e9gk\u00f6r jellemez.\u00a0<\/span><span data-ccp-props=\"{&quot;201341983&quot;:0,&quot;335559739&quot;:160,&quot;335559740&quot;:259}\">\u00a0<\/span><\/p> <p><span data-contrast=\"auto\">A sz\u00e9lesk\u00f6r\u0171 \u00e1llateg\u00e9szs\u00e9g\u00fcgyi tev\u00e9kenys\u00e9g\u00fcnknek k\u00f6sz\u00f6nhet\u0151en \u00e1llatorvosk\u00e9nt n\u00e1lunk a kutat\u00e1s-fejleszt\u00e9s, az \u00e9rt\u00e9kes\u00edt\u00e9s, az innov\u00e1ci\u00f3, a marketing, a digitaliz\u00e1ci\u00f3, a klinikum, a gy\u00e1rt\u00e1s, a diagnosztikum \u00e9s a laborat\u00f3riumi ter\u00fclet\u00e9t is megismerheted. Olyan, mint Amerika \u2013 itt rengeteg lehet\u0151s\u00e9g \u00e1ll el\u0151tted! Vel\u00fcnk karriert, sz\u00e9lesk\u00f6r\u0171 kapcsolatokat \u00e9p\u00edthetsz ki a szakter\u00fcleteden!<\/span><span data-ccp-props=\"{&quot;201341983&quot;:0,&quot;335559739&quot;:160,&quot;335559740&quot;:259}\">\u00a0<\/span><\/p> <p><span data-contrast=\"auto\">\u00a0<\/span><span data-ccp-props=\"{&quot;201341983&quot;:0,&quot;335559739&quot;:160,&quot;335559740&quot;:259}\">\u00a0<\/span><\/p> <p><span class=\"emphasis\">Az AlphaVet nem csak egy munkahely, hanem egy \u00e9let\u00e9rz\u00e9s!\u00a0<\/span><\/p> <p><strong>Munk\u00e1ltat\u00f3i d\u00edjaink:\u00a0<\/strong><\/p> <p><span data-contrast=\"auto\">Szerethet\u0151 munkahely d\u00edj 2018.<\/span><span data-ccp-props=\"{&quot;201341983&quot;:0,&quot;335559739&quot;:160,&quot;335559740&quot;:259}\">\u00a0<\/span><\/p> <p><span data-contrast=\"auto\">K&amp;H csal\u00e1di v\u00e1llalatok kiv\u00e1l\u00f3s\u00e1gi d\u00edj 2019.<\/span><span data-ccp-props=\"{&quot;201341983&quot;:0,&quot;335559739&quot;:160,&quot;335559740&quot;:259}\">\u00a0<\/span><\/p> <p><span data-contrast=\"auto\">Csal\u00e1dbar\u00e1t munkahely d\u00edj 2019.<\/span><span data-ccp-props=\"{&quot;201341983&quot;:0,&quot;335559739&quot;:160,&quot;335559740&quot;:259}\">\u00a0<\/span><\/p> <p><span data-ccp-props=\"{&quot;201341983&quot;:0,&quot;335559739&quot;:160,&quot;335559740&quot;:259}\">\u00a0<\/span><\/p> <p><b><i><span data-contrast=\"auto\">Az AlphaVet k\u00fcldet\u00e9se: &#8222;Az agr\u00e1rium j\u00f6v\u0151j\u00e9\u00e9rt, \u00e1llataink j\u00f3ll\u00e9t\u00e9\u00e9rt&#8221;<\/span><\/i><\/b><span data-ccp-props=\"{&quot;201341983&quot;:0,&quot;335559739&quot;:160,&quot;335559740&quot;:259}\">\u00a0<\/span><\/p> <p>&nbsp;<\/p> <p><b><span data-contrast=\"auto\">Mi v\u00e1r r\u00e1d az AlphaVet-n\u00e9l?<\/span><\/b><span data-ccp-props=\"{&quot;201341983&quot;:0,&quot;335559739&quot;:160,&quot;335559740&quot;:259}\">\u00a0<\/span><\/p> <p><span data-contrast=\"auto\">Hossz\u00fa t\u00e1v\u00fa munkalehet\u0151s\u00e9get, karriert, tervezhet\u0151 j\u00f6v\u0151k\u00e9pet biztos\u00edtunk sz\u00e1modra!<\/span><span data-ccp-props=\"{&quot;201341983&quot;:0,&quot;335559739&quot;:160,&quot;335559740&quot;:259}\">\u00a0<\/span><span data-contrast=\"auto\">Munk\u00e1ltat\u00f3k\u00e9nt nagy hangs\u00falyt fektet\u00fcnk a munkav\u00e1llal\u00f3k eg\u00e9szs\u00e9g\u00e9re, a k\u00f6rnyezet \u00e9s a munkak\u00f6r\u00fclm\u00e9nyek folyamatos jav\u00edt\u00e1s\u00e1ra, tov\u00e1bb\u00e1 a leg\u00fajabb innov\u00e1ci\u00f3kon alapul\u00f3 fejl\u0151d\u00e9sre, fejleszt\u00e9sre.<\/span><span data-ccp-props=\"{&quot;201341983&quot;:0,&quot;335559739&quot;:160,&quot;335559740&quot;:259}\">\u00a0<\/span><\/p> <p><b><span data-contrast=\"auto\">Kik vagyunk?<\/span><\/b><span data-ccp-props=\"{&quot;201341983&quot;:0,&quot;335559739&quot;:160,&quot;335559740&quot;:259}\">\u00a0<\/span><\/p> <p><span data-contrast=\"auto\">Magyarorsz\u00e1g egyik meghat\u00e1roz\u00f3, piacvezet\u0151 \u00e1llatgy\u00f3gyszer \u00e9s \u00e1llateledel forgalmaz\u00f3 v\u00e1llalata vagyunk. Tev\u00e9kenys\u00e9g\u00fcnk a kis- \u00e9s nagykereskedelmen alapul. Emellett, az innov\u00e1ci\u00f3s fejleszt\u00e9seinknek k\u00f6sz\u00f6nhet\u0151en gy\u00f3gyszerek, vitaminok, kieg\u00e9sz\u00edt\u0151k, takarm\u00e1nyok fejleszt\u00e9s\u00e9vel \u00e9s t\u00f6rzsk\u00f6nyvez\u00e9s\u00e9vel foglalkozunk. Eredm\u00e9nyes nagykeresked\u0151k\u00e9nt egyed\u00fcl\u00e1ll\u00f3 m\u00f3don l\u00e9trehoztuk a hazai \u00e1llateledel \u00e9s felszerel\u00e9s kiskereskedelmi piac\u00e1n, a franchise rendszerben m\u0171k\u00f6d\u0151 \u00e1llateledel \u00e9s felszerel\u00e9s bolth\u00e1l\u00f3zatunkat, az ALPHAZOO-t, mely orsz\u00e1gszerte k\u00f6zel 80 \u00e1ruh\u00e1zzal rendelkezik. Ebbe a csal\u00e1dias, munkav\u00e1llal\u00f3bar\u00e1t \u00e9s szerethet\u0151 munkahelyre v\u00e1rjuk a jelentkez\u00e9sedet!<\/span><span data-ccp-props=\"{&quot;201341983&quot;:0,&quot;335559739&quot;:160,&quot;335559740&quot;:259}\">\u00a0<\/span><\/p> <p><span data-ccp-props=\"{&quot;201341983&quot;:0,&quot;335559739&quot;:160,&quot;335559740&quot;:259}\">\u00a0<\/span><b><span data-contrast=\"auto\">Mik az \u00e9rt\u00e9keink?<\/span><\/b><span data-ccp-props=\"{&quot;201341983&quot;:0,&quot;335559739&quot;:160,&quot;335559740&quot;:259}\">\u00a0<\/span><\/p> <ol> <li data-leveltext=\"%1.\" data-font=\"\" data-listid=\"5\" data-aria-posinset=\"1\" data-aria-level=\"1\"><span data-contrast=\"auto\">Az AlphaVet \u00e9rt\u00e9ket teremt \u00e9s \u00e9rt\u00e9ket k\u00f6zvet\u00edt!<\/span><span data-ccp-props=\"{&quot;134233279&quot;:true,&quot;201341983&quot;:0,&quot;335559739&quot;:160,&quot;335559740&quot;:259}\">\u00a0<\/span><\/li> <li data-leveltext=\"%1.\" data-font=\"\" data-listid=\"5\" data-aria-posinset=\"1\" data-aria-level=\"1\"><span data-contrast=\"auto\">Az \u00e1llatok szeretete \u00e9s eg\u00e9szs\u00e9g\u00fck v\u00e9delme n\u00e1lunk nem csak munka, hanem szenved\u00e9ly!<\/span><span data-ccp-props=\"{&quot;134233279&quot;:true,&quot;201341983&quot;:0,&quot;335559739&quot;:160,&quot;335559740&quot;:259}\">\u00a0<\/span><\/li> <li data-leveltext=\"%1.\" data-font=\"\" data-listid=\"5\" data-aria-posinset=\"1\" data-aria-level=\"1\"><span data-contrast=\"auto\">30 \u00e9ve folyamatosan n\u00f6veksz\u00fcnk, vel\u00fcnk biztos a j\u00f6v\u0151!<\/span><span data-ccp-props=\"{&quot;134233279&quot;:true,&quot;201341983&quot;:0,&quot;335559739&quot;:160,&quot;335559740&quot;:259}\">\u00a0<\/span><\/li> <li data-leveltext=\"%1.\" data-font=\"\" data-listid=\"5\" data-aria-posinset=\"1\" data-aria-level=\"1\"><span data-contrast=\"auto\">Folyamatosan fejl\u0151d\u00fcnk \u00e9s fejleszt\u00fcnk, ehhez elv\u00e1rt \u00e9s t\u00e1mogatott az egy\u00e9ni fejl\u0151d\u00e9s is!<\/span><span data-ccp-props=\"{&quot;134233279&quot;:true,&quot;201341983&quot;:0,&quot;335559739&quot;:160,&quot;335559740&quot;:259}\">\u00a0<\/span><\/li> <li data-leveltext=\"%1.\" data-font=\"\" data-listid=\"5\" data-aria-posinset=\"1\" data-aria-level=\"1\"><span data-contrast=\"auto\">Valljuk, hogy b\u00e1rmivel is foglalkozunk csak tisztess\u00e9gesen \u00e9s becs\u00fcletesen kell megval\u00f3s\u00edtanunk!<\/span><span data-ccp-props=\"{&quot;134233279&quot;:true,&quot;201341983&quot;:0,&quot;335559739&quot;:160,&quot;335559740&quot;:259}\">\u00a0<\/span><\/li> <\/ol> <p><span data-ccp-props=\"{&quot;201341983&quot;:0,&quot;335559739&quot;:160,&quot;335559740&quot;:259}\">\u00a0<\/span><b><span data-contrast=\"auto\">Mit k\u00edn\u00e1lunk?<\/span><\/b><span data-ccp-props=\"{&quot;201341983&quot;:0,&quot;335559739&quot;:160,&quot;335559740&quot;:259}\">\u00a0<\/span><\/p> <ol> <li data-leveltext=\"%1.\" data-font=\"\" data-listid=\"4\" data-aria-posinset=\"1\" data-aria-level=\"1\"><span data-contrast=\"auto\">Versenyk\u00e9pes j\u00f6vedelem<\/span><span data-ccp-props=\"{&quot;134233279&quot;:true,&quot;201341983&quot;:0,&quot;335559739&quot;:160,&quot;335559740&quot;:259}\">\u00a0<\/span><\/li> <li data-leveltext=\"%1.\" data-font=\"\" data-listid=\"4\" data-aria-posinset=\"1\" data-aria-level=\"1\"><span data-contrast=\"auto\">B\u00e9ren k\u00edv\u00fcli juttat\u00e1sok<\/span><span data-ccp-props=\"{&quot;134233279&quot;:true,&quot;201341983&quot;:0,&quot;335559739&quot;:160,&quot;335559740&quot;:259}\">\u00a0<\/span><\/li> <li data-leveltext=\"%1.\" data-font=\"\" data-listid=\"4\" data-aria-posinset=\"1\" data-aria-level=\"1\"><span data-contrast=\"auto\">Hossz\u00fa t\u00e1v\u00fa munkalehet\u0151s\u00e9g<\/span><span data-ccp-props=\"{&quot;134233279&quot;:true,&quot;201341983&quot;:0,&quot;335559739&quot;:160,&quot;335559740&quot;:259}\">\u00a0<\/span><\/li> <li data-leveltext=\"%1.\" data-font=\"\" data-listid=\"4\" data-aria-posinset=\"1\" data-aria-level=\"1\"><span data-contrast=\"auto\">Karriertervez\u00e9s, \u00e9letp\u00e1lya modell<\/span><span data-ccp-props=\"{&quot;134233279&quot;:true,&quot;201341983&quot;:0,&quot;335559739&quot;:160,&quot;335559740&quot;:259}\">\u00a0<\/span><\/li> <li data-leveltext=\"%1.\" data-font=\"\" data-listid=\"4\" data-aria-posinset=\"1\" data-aria-level=\"1\"><span data-contrast=\"auto\">K\u00e9pz\u00e9s-fejleszt\u00e9s<\/span><span data-ccp-props=\"{&quot;134233279&quot;:true,&quot;201341983&quot;:0,&quot;335559739&quot;:160,&quot;335559740&quot;:259}\">\u00a0<\/span><\/li> <li data-leveltext=\"%1.\" data-font=\"\" data-listid=\"4\" data-aria-posinset=\"1\" data-aria-level=\"1\"><span data-contrast=\"auto\">Erk\u00f6lcsi elismer\u00e9si rendszer, csal\u00e1di nap<\/span><span data-ccp-props=\"{&quot;134233279&quot;:true,&quot;201341983&quot;:0,&quot;335559739&quot;:160,&quot;335559740&quot;:259}\">\u00a0<\/span><\/li> <li data-leveltext=\"%1.\" data-font=\"\" data-listid=\"4\" data-aria-posinset=\"1\" data-aria-level=\"1\"><span data-contrast=\"auto\">Dolgoz\u00f3i v\u00e1s\u00e1rl\u00e1si kedvezm\u00e9nyek biztos\u00edt\u00e1sa<\/span><span data-ccp-props=\"{&quot;134233279&quot;:true,&quot;201341983&quot;:0,&quot;335559739&quot;:160,&quot;335559740&quot;:259}\">\u00a0<\/span><\/li> <li data-leveltext=\"%1.\" data-font=\"\" data-listid=\"4\" data-aria-posinset=\"1\" data-aria-level=\"1\"><span data-contrast=\"auto\">Alap\u00edtv\u00e1nyi t\u00e1mogat\u00e1s<\/span><span data-ccp-props=\"{&quot;134233279&quot;:true,&quot;201341983&quot;:0,&quot;335559739&quot;:160,&quot;335559740&quot;:259}\">\u00a0<\/span><\/li> <li data-leveltext=\"%1.\" data-font=\"\" data-listid=\"4\" data-aria-posinset=\"1\" data-aria-level=\"1\"><span data-contrast=\"auto\">Modern munkak\u00f6r\u00fclm\u00e9nyek<\/span><span data-ccp-props=\"{&quot;134233279&quot;:true,&quot;201341983&quot;:0,&quot;335559739&quot;:160,&quot;335559740&quot;:259}\">\u00a0<\/span><\/li> <li data-leveltext=\"%1.\" data-font=\"\" data-listid=\"4\" data-aria-posinset=\"1\" data-aria-level=\"1\"><span data-contrast=\"auto\">Nyaral\u00e1si lehet\u0151s\u00e9g<\/span><span data-ccp-props=\"{&quot;134233279&quot;:true,&quot;201341983&quot;:0,&quot;335559739&quot;:160,&quot;335559740&quot;:259}\">\u00a0<\/span><\/li> <li data-leveltext=\"%1.\" data-font=\"\" data-listid=\"4\" data-aria-posinset=\"1\" data-aria-level=\"1\"><span data-contrast=\"auto\">Eg\u00e9szs\u00e9gmeg\u0151rz\u00e9s<\/span><span data-ccp-props=\"{&quot;134233279&quot;:true,&quot;201341983&quot;:0,&quot;335559739&quot;:160,&quot;335559740&quot;:259}\">\u00a0<\/span><\/li> <li data-leveltext=\"%1.\" data-font=\"\" data-listid=\"4\" data-aria-posinset=\"1\" data-aria-level=\"1\"><span data-contrast=\"auto\">Tov\u00e1bbk\u00e9pz\u00e9sek, oktat\u00e1sok<\/span><span data-ccp-props=\"{&quot;134233279&quot;:true,&quot;201341983&quot;:0,&quot;335559739&quot;:160,&quot;335559740&quot;:259}\">\u00a0<\/span><\/li> <li data-leveltext=\"%1.\" data-font=\"\" data-listid=\"4\" data-aria-posinset=\"1\" data-aria-level=\"1\"><span data-contrast=\"auto\">Dolgoz\u00f3i aj\u00e1nl\u00e1si program<\/span><span data-ccp-props=\"{&quot;134233279&quot;:true,&quot;201341983&quot;:0,&quot;335559739&quot;:160,&quot;335559740&quot;:259}\">\u00a0<\/span><\/li> <\/ol> <p>&nbsp;<\/p> <p>Tov\u00e1bbi inform\u00e1ci\u00f3k:\u00a0<a href=\"https:\/\/www.alphavet.hu\/\">https:\/\/www.alphavet.hu\/<\/a><\/p>","protected":false},"excerpt":{"rendered":"<p>Csatlakozz az AlphaVet csapat\u00e1hoz! Az Alpha-Vet \u00c1llatgy\u00f3gy\u00e1szati Kft. 100%-ban magyar tulajdon\u00fa \u00e9s Magyarorsz\u00e1g egyik meghat\u00e1roz\u00f3, piacvezet\u0151 \u00e1llatgy\u00f3gyszer \u00e9s \u00e1llateledel forgalmaz\u00f3 v\u00e1llalata, amelyet csal\u00e1dias, munkav\u00e1llal\u00f3 k\u00f6zpont\u00fa l\u00e9gk\u00f6r jellemez.\u00a0\u00a0 A sz\u00e9lesk\u00f6r\u0171 \u00e1llateg\u00e9szs\u00e9g\u00fcgyi tev\u00e9kenys\u00e9g\u00fcnknek k\u00f6sz\u00f6nhet\u0151en \u00e1llatorvosk\u00e9nt n\u00e1lunk a kutat\u00e1s-fejleszt\u00e9s, az \u00e9rt\u00e9kes\u00edt\u00e9s, az innov\u00e1ci\u00f3, a marketing, a digitaliz\u00e1ci\u00f3, a klinikum, a gy\u00e1rt\u00e1s, a diagnosztikum \u00e9s a laborat\u00f3riumi ter\u00fclet\u00e9t is<\/p>\n","protected":false},"author":2518,"featured_media":0,"parent":69676,"menu_order":0,"comment_status":"open","ping_status":"open","template":"","meta":{"_acf_changed":false,"footnotes":""},"categories":[],"tags":[],"class_list":["post-70831","page","type-page","status-publish","hentry"],"acf":[],"yoast_head":"<!-- This site is optimized with the Yoast SEO plugin v27.2 - https:\/\/yoast.com\/product\/yoast-seo-wordpress\/ -->\n<title>Alpha-Vet - \u00c1ll\u00e1sb\u00f6rze<\/title>\n<meta name=\"robots\" content=\"index, follow, max-snippet:-1, max-image-preview:large, max-video-preview:-1\" \/>\n<link rel=\"canonical\" href=\"https:\/\/univet.hu\/allasborze\/allasborze-2022\/kiallitok\/alpha-vet\/\" \/>\n<meta property=\"og:locale\" content=\"hu_HU\" \/>\n<meta property=\"og:type\" content=\"article\" \/>\n<meta property=\"og:title\" content=\"Alpha-Vet - \u00c1ll\u00e1sb\u00f6rze\" \/>\n<meta property=\"og:description\" content=\"Csatlakozz az AlphaVet csapat\u00e1hoz! Az Alpha-Vet \u00c1llatgy\u00f3gy\u00e1szati Kft. 100%-ban magyar tulajdon\u00fa \u00e9s Magyarorsz\u00e1g egyik meghat\u00e1roz\u00f3, piacvezet\u0151 \u00e1llatgy\u00f3gyszer \u00e9s \u00e1llateledel forgalmaz\u00f3 v\u00e1llalata, amelyet csal\u00e1dias, munkav\u00e1llal\u00f3 k\u00f6zpont\u00fa l\u00e9gk\u00f6r jellemez.\u00a0\u00a0 A sz\u00e9lesk\u00f6r\u0171 \u00e1llateg\u00e9szs\u00e9g\u00fcgyi tev\u00e9kenys\u00e9g\u00fcnknek k\u00f6sz\u00f6nhet\u0151en \u00e1llatorvosk\u00e9nt n\u00e1lunk a kutat\u00e1s-fejleszt\u00e9s, az \u00e9rt\u00e9kes\u00edt\u00e9s, az innov\u00e1ci\u00f3, a marketing, a digitaliz\u00e1ci\u00f3, a klinikum, a gy\u00e1rt\u00e1s, a diagnosztikum \u00e9s a laborat\u00f3riumi ter\u00fclet\u00e9t is\" \/>\n<meta property=\"og:url\" content=\"https:\/\/univet.hu\/allasborze\/allasborze-2022\/kiallitok\/alpha-vet\/\" \/>\n<meta property=\"og:site_name\" content=\"\u00c1ll\u00e1sb\u00f6rze\" \/>\n<meta property=\"article:modified_time\" content=\"2025-01-10T12:54:58+00:00\" \/>\n<meta property=\"og:image\" content=\"https:\/\/univet.hu\/allasborze\/wp-content\/uploads\/sites\/2\/2021\/02\/alphavet-logo-szlogennel_HU-320x89.png\" \/>\n<meta name=\"twitter:card\" content=\"summary_large_image\" \/>\n<meta name=\"twitter:label1\" content=\"Becs\u00fclt olvas\u00e1si id\u0151\" \/>\n\t<meta name=\"twitter:data1\" content=\"3 perc\" \/>\n<script type=\"application\/ld+json\" class=\"yoast-schema-graph\">{\"@context\":\"https:\/\/schema.org\",\"@graph\":[{\"@type\":\"WebPage\",\"@id\":\"https:\/\/univet.hu\/allasborze\/allasborze-2022\/kiallitok\/alpha-vet\/\",\"url\":\"https:\/\/univet.hu\/allasborze\/allasborze-2022\/kiallitok\/alpha-vet\/\",\"name\":\"Alpha-Vet - \u00c1ll\u00e1sb\u00f6rze\",\"isPartOf\":{\"@id\":\"https:\/\/univet.hu\/allasborze\/#website\"},\"primaryImageOfPage\":{\"@id\":\"https:\/\/univet.hu\/allasborze\/allasborze-2022\/kiallitok\/alpha-vet\/#primaryimage\"},\"image\":{\"@id\":\"https:\/\/univet.hu\/allasborze\/allasborze-2022\/kiallitok\/alpha-vet\/#primaryimage\"},\"thumbnailUrl\":\"https:\/\/univet.hu\/allasborze\/wp-content\/uploads\/sites\/2\/2021\/02\/alphavet-logo-szlogennel_HU-320x89.png\",\"datePublished\":\"2022-01-17T09:09:32+00:00\",\"dateModified\":\"2025-01-10T12:54:58+00:00\",\"breadcrumb\":{\"@id\":\"https:\/\/univet.hu\/allasborze\/allasborze-2022\/kiallitok\/alpha-vet\/#breadcrumb\"},\"inLanguage\":\"hu\",\"potentialAction\":[{\"@type\":\"ReadAction\",\"target\":[\"https:\/\/univet.hu\/allasborze\/allasborze-2022\/kiallitok\/alpha-vet\/\"]}]},{\"@type\":\"ImageObject\",\"inLanguage\":\"hu\",\"@id\":\"https:\/\/univet.hu\/allasborze\/allasborze-2022\/kiallitok\/alpha-vet\/#primaryimage\",\"url\":\"https:\/\/univet.hu\/allasborze\/wp-content\/uploads\/sites\/2\/2021\/02\/alphavet-logo-szlogennel_HU.png\",\"contentUrl\":\"https:\/\/univet.hu\/allasborze\/wp-content\/uploads\/sites\/2\/2021\/02\/alphavet-logo-szlogennel_HU.png\",\"width\":2480,\"height\":687},{\"@type\":\"BreadcrumbList\",\"@id\":\"https:\/\/univet.hu\/allasborze\/allasborze-2022\/kiallitok\/alpha-vet\/#breadcrumb\",\"itemListElement\":[{\"@type\":\"ListItem\",\"position\":1,\"name\":\"Kezd\u0151lap\",\"item\":\"https:\/\/univet.hu\/allasborze\/\"},{\"@type\":\"ListItem\",\"position\":2,\"name\":\"\u00c1ll\u00e1sb\u00f6rze 2022\",\"item\":\"https:\/\/univet.hu\/allasborze\/allasborze-2022\/\"},{\"@type\":\"ListItem\",\"position\":3,\"name\":\"Ki\u00e1ll\u00edt\u00f3k\",\"item\":\"https:\/\/univet.hu\/allasborze\/allasborze-2022\/kiallitok\/\"},{\"@type\":\"ListItem\",\"position\":4,\"name\":\"Alpha-Vet\"}]},{\"@type\":\"WebSite\",\"@id\":\"https:\/\/univet.hu\/allasborze\/#website\",\"url\":\"https:\/\/univet.hu\/allasborze\/\",\"name\":\"\u00c1ll\u00e1sb\u00f6rze\",\"description\":\"\",\"potentialAction\":[{\"@type\":\"SearchAction\",\"target\":{\"@type\":\"EntryPoint\",\"urlTemplate\":\"https:\/\/univet.hu\/allasborze\/?s={search_term_string}\"},\"query-input\":{\"@type\":\"PropertyValueSpecification\",\"valueRequired\":true,\"valueName\":\"search_term_string\"}}],\"inLanguage\":\"hu\"}]}<\/script>\n<!-- \/ Yoast SEO plugin. -->","yoast_head_json":{"title":"Alpha-Vet - \u00c1ll\u00e1sb\u00f6rze","robots":{"index":"index","follow":"follow","max-snippet":"max-snippet:-1","max-image-preview":"max-image-preview:large","max-video-preview":"max-video-preview:-1"},"canonical":"https:\/\/univet.hu\/allasborze\/allasborze-2022\/kiallitok\/alpha-vet\/","og_locale":"hu_HU","og_type":"article","og_title":"Alpha-Vet - \u00c1ll\u00e1sb\u00f6rze","og_description":"Csatlakozz az AlphaVet csapat\u00e1hoz! Az Alpha-Vet \u00c1llatgy\u00f3gy\u00e1szati Kft. 100%-ban magyar tulajdon\u00fa \u00e9s Magyarorsz\u00e1g egyik meghat\u00e1roz\u00f3, piacvezet\u0151 \u00e1llatgy\u00f3gyszer \u00e9s \u00e1llateledel forgalmaz\u00f3 v\u00e1llalata, amelyet csal\u00e1dias, munkav\u00e1llal\u00f3 k\u00f6zpont\u00fa l\u00e9gk\u00f6r jellemez.\u00a0\u00a0 A sz\u00e9lesk\u00f6r\u0171 \u00e1llateg\u00e9szs\u00e9g\u00fcgyi tev\u00e9kenys\u00e9g\u00fcnknek k\u00f6sz\u00f6nhet\u0151en \u00e1llatorvosk\u00e9nt n\u00e1lunk a kutat\u00e1s-fejleszt\u00e9s, az \u00e9rt\u00e9kes\u00edt\u00e9s, az innov\u00e1ci\u00f3, a marketing, a digitaliz\u00e1ci\u00f3, a klinikum, a gy\u00e1rt\u00e1s, a diagnosztikum \u00e9s a laborat\u00f3riumi ter\u00fclet\u00e9t is","og_url":"https:\/\/univet.hu\/allasborze\/allasborze-2022\/kiallitok\/alpha-vet\/","og_site_name":"\u00c1ll\u00e1sb\u00f6rze","article_modified_time":"2025-01-10T12:54:58+00:00","og_image":[{"url":"https:\/\/univet.hu\/allasborze\/wp-content\/uploads\/sites\/2\/2021\/02\/alphavet-logo-szlogennel_HU-320x89.png","type":"","width":"","height":""}],"twitter_card":"summary_large_image","twitter_misc":{"Becs\u00fclt olvas\u00e1si id\u0151":"3 perc"},"schema":{"@context":"https:\/\/schema.org","@graph":[{"@type":"WebPage","@id":"https:\/\/univet.hu\/allasborze\/allasborze-2022\/kiallitok\/alpha-vet\/","url":"https:\/\/univet.hu\/allasborze\/allasborze-2022\/kiallitok\/alpha-vet\/","name":"Alpha-Vet - \u00c1ll\u00e1sb\u00f6rze","isPartOf":{"@id":"https:\/\/univet.hu\/allasborze\/#website"},"primaryImageOfPage":{"@id":"https:\/\/univet.hu\/allasborze\/allasborze-2022\/kiallitok\/alpha-vet\/#primaryimage"},"image":{"@id":"https:\/\/univet.hu\/allasborze\/allasborze-2022\/kiallitok\/alpha-vet\/#primaryimage"},"thumbnailUrl":"https:\/\/univet.hu\/allasborze\/wp-content\/uploads\/sites\/2\/2021\/02\/alphavet-logo-szlogennel_HU-320x89.png","datePublished":"2022-01-17T09:09:32+00:00","dateModified":"2025-01-10T12:54:58+00:00","breadcrumb":{"@id":"https:\/\/univet.hu\/allasborze\/allasborze-2022\/kiallitok\/alpha-vet\/#breadcrumb"},"inLanguage":"hu","potentialAction":[{"@type":"ReadAction","target":["https:\/\/univet.hu\/allasborze\/allasborze-2022\/kiallitok\/alpha-vet\/"]}]},{"@type":"ImageObject","inLanguage":"hu","@id":"https:\/\/univet.hu\/allasborze\/allasborze-2022\/kiallitok\/alpha-vet\/#primaryimage","url":"https:\/\/univet.hu\/allasborze\/wp-content\/uploads\/sites\/2\/2021\/02\/alphavet-logo-szlogennel_HU.png","contentUrl":"https:\/\/univet.hu\/allasborze\/wp-content\/uploads\/sites\/2\/2021\/02\/alphavet-logo-szlogennel_HU.png","width":2480,"height":687},{"@type":"BreadcrumbList","@id":"https:\/\/univet.hu\/allasborze\/allasborze-2022\/kiallitok\/alpha-vet\/#breadcrumb","itemListElement":[{"@type":"ListItem","position":1,"name":"Kezd\u0151lap","item":"https:\/\/univet.hu\/allasborze\/"},{"@type":"ListItem","position":2,"name":"\u00c1ll\u00e1sb\u00f6rze 2022","item":"https:\/\/univet.hu\/allasborze\/allasborze-2022\/"},{"@type":"ListItem","position":3,"name":"Ki\u00e1ll\u00edt\u00f3k","item":"https:\/\/univet.hu\/allasborze\/allasborze-2022\/kiallitok\/"},{"@type":"ListItem","position":4,"name":"Alpha-Vet"}]},{"@type":"WebSite","@id":"https:\/\/univet.hu\/allasborze\/#website","url":"https:\/\/univet.hu\/allasborze\/","name":"\u00c1ll\u00e1sb\u00f6rze","description":"","potentialAction":[{"@type":"SearchAction","target":{"@type":"EntryPoint","urlTemplate":"https:\/\/univet.hu\/allasborze\/?s={search_term_string}"},"query-input":{"@type":"PropertyValueSpecification","valueRequired":true,"valueName":"search_term_string"}}],"inLanguage":"hu"}]}},"_links":{"self":[{"href":"https:\/\/univet.hu\/allasborze\/wp-json\/wp\/v2\/pages\/70831","targetHints":{"allow":["GET"]}}],"collection":[{"href":"https:\/\/univet.hu\/allasborze\/wp-json\/wp\/v2\/pages"}],"about":[{"href":"https:\/\/univet.hu\/allasborze\/wp-json\/wp\/v2\/types\/page"}],"author":[{"embeddable":true,"href":"https:\/\/univet.hu\/allasborze\/wp-json\/wp\/v2\/users\/2518"}],"replies":[{"embeddable":true,"href":"https:\/\/univet.hu\/allasborze\/wp-json\/wp\/v2\/comments?post=70831"}],"version-history":[{"count":1,"href":"https:\/\/univet.hu\/allasborze\/wp-json\/wp\/v2\/pages\/70831\/revisions"}],"predecessor-version":[{"id":172636,"href":"https:\/\/univet.hu\/allasborze\/wp-json\/wp\/v2\/pages\/70831\/revisions\/172636"}],"up":[{"embeddable":true,"href":"https:\/\/univet.hu\/allasborze\/wp-json\/wp\/v2\/pages\/69676"}],"wp:attachment":[{"href":"https:\/\/univet.hu\/allasborze\/wp-json\/wp\/v2\/media?parent=70831"}],"wp:term":[{"taxonomy":"category","embeddable":true,"href":"https:\/\/univet.hu\/allasborze\/wp-json\/wp\/v2\/categories?post=70831"},{"taxonomy":"post_tag","embeddable":true,"href":"https:\/\/univet.hu\/allasborze\/wp-json\/wp\/v2\/tags?post=70831"}],"curies":[{"name":"wp","href":"https:\/\/api.w.org\/{rel}","templated":true}]}}