{"id":81535,"date":"2023-01-09T08:44:52","date_gmt":"2023-01-09T07:44:52","guid":{"rendered":"https:\/\/univet.hu\/hu\/allasborze-2023\/kiallitok\/name\/"},"modified":"2025-01-10T13:55:01","modified_gmt":"2025-01-10T12:55:01","slug":"anicura-germany-holding-gmbh","status":"publish","type":"page","link":"https:\/\/univet.hu\/allasborze\/allasborze-2023\/kiallitok\/anicura-germany-holding-gmbh\/","title":{"rendered":"AniCura Germany Holding GmbH"},"content":{"rendered":"<p>&nbsp;<\/p> <p><a href=\"https:\/\/univet.hu\/en\/allasborze-2023\/kiallitok\/anicura-germany-holding-gmbh\/anicura_logo_horizontal_rgb-002-2\/\" rel=\"attachment wp-att-82662\"><img loading=\"lazy\" decoding=\"async\" class=\"aligncenter size-medium wp-image-82662\" src=\"https:\/\/univet.hu\/allasborze\/wp-content\/uploads\/sites\/2\/2023\/01\/AniCura_logo_horizontal_rgb-002-320x232.png\" alt=\"\" width=\"320\" height=\"232\" srcset=\"https:\/\/univet.hu\/allasborze\/wp-content\/uploads\/sites\/2\/2023\/01\/AniCura_logo_horizontal_rgb-002-320x232.png 320w, https:\/\/univet.hu\/allasborze\/wp-content\/uploads\/sites\/2\/2023\/01\/AniCura_logo_horizontal_rgb-002-768x556.png 768w, https:\/\/univet.hu\/allasborze\/wp-content\/uploads\/sites\/2\/2023\/01\/AniCura_logo_horizontal_rgb-002-300x217.png 300w, https:\/\/univet.hu\/allasborze\/wp-content\/uploads\/sites\/2\/2023\/01\/AniCura_logo_horizontal_rgb-002.png 1016w\" sizes=\"auto, (max-width: 320px) 100vw, 320px\" \/><\/a><\/p> <p>AniCura is one of Europe\u2019s leading providers of high-quality veterinary care for companion animals. AniCura offers a wide range of high-quality medical services covering preventive and basic health care as well as advanced diagnostics, internal medicine, intensive care, surgery and orthopaedics. AniCura also provides rehabilitation, physiotherapy and dietary advice and offers selected pet food and care products. AniCura DACH (Germany, Austria, Switzerland) is present at 80 European locations and creates peace of mind for pet owners through<br \/> excellent access and patient safety. AniCura is a trusted training and referral body. We focus on quality and education! Are you looking for an internship in the small animal sector? The AniCura internship programme is aimed at students who have to complete a compulsory internship as part of their veterinary studies.<\/p> <p>Find out more here: <a href=\"https:\/\/www.anicura.de\/praktikum\/\">https:\/\/www.anicura.de\/praktikum\/<\/a><\/p> <p>AniCura\u2019s ambition is to provide the highest medical quality available. Our work around medical quality development is extensive, and we invest in education, research and equipment. AniCura is growing rapidly and we are looking for motivated and skilled individuals with passion for pets and pet health.<\/p> <p>#shareyourpassion<\/p> <p><strong>Our websites are:<\/strong><br \/> For Germany: <a href=\"https:\/\/www.anicura.de\">https:\/\/www.anicura.de<\/a><br \/> For Austria: <a href=\"https:\/\/www.anicura.at\">https:\/\/www.anicura.at<\/a><br \/> For Switzerland: <a href=\"https:\/\/www.anicura.ch\">https:\/\/www.anicura.ch<\/a><\/p> <p>&nbsp;<\/p>","protected":false},"excerpt":{"rendered":"<p>&nbsp; AniCura is one of Europe\u2019s leading providers of high-quality veterinary care for companion animals. AniCura offers a wide range of high-quality medical services covering preventive and basic health care as well as advanced diagnostics, internal medicine, intensive care, surgery and orthopaedics. AniCura also provides rehabilitation, physiotherapy and dietary advice and offers selected pet food<\/p>\n","protected":false},"author":2518,"featured_media":0,"parent":80830,"menu_order":0,"comment_status":"open","ping_status":"open","template":"","meta":{"_acf_changed":false,"footnotes":""},"categories":[],"tags":[],"class_list":["post-81535","page","type-page","status-publish","hentry"],"acf":[],"yoast_head":"<!-- This site is optimized with the Yoast SEO plugin v27.2 - https:\/\/yoast.com\/product\/yoast-seo-wordpress\/ -->\n<title>AniCura Germany Holding GmbH - \u00c1ll\u00e1sb\u00f6rze<\/title>\n<meta name=\"robots\" content=\"index, follow, max-snippet:-1, max-image-preview:large, max-video-preview:-1\" \/>\n<link rel=\"canonical\" href=\"https:\/\/univet.hu\/allasborze\/allasborze-2023\/kiallitok\/anicura-germany-holding-gmbh\/\" \/>\n<meta property=\"og:locale\" content=\"hu_HU\" \/>\n<meta property=\"og:type\" content=\"article\" \/>\n<meta property=\"og:title\" content=\"AniCura Germany Holding GmbH - \u00c1ll\u00e1sb\u00f6rze\" \/>\n<meta property=\"og:description\" content=\"&nbsp; AniCura is one of Europe\u2019s leading providers of high-quality veterinary care for companion animals. AniCura offers a wide range of high-quality medical services covering preventive and basic health care as well as advanced diagnostics, internal medicine, intensive care, surgery and orthopaedics. AniCura also provides rehabilitation, physiotherapy and dietary advice and offers selected pet food\" \/>\n<meta property=\"og:url\" content=\"https:\/\/univet.hu\/allasborze\/allasborze-2023\/kiallitok\/anicura-germany-holding-gmbh\/\" \/>\n<meta property=\"og:site_name\" content=\"\u00c1ll\u00e1sb\u00f6rze\" \/>\n<meta property=\"article:modified_time\" content=\"2025-01-10T12:55:01+00:00\" \/>\n<meta property=\"og:image\" content=\"https:\/\/univet.hu\/allasborze\/wp-content\/uploads\/sites\/2\/2023\/01\/AniCura_logo_horizontal_rgb-002-320x232.png\" \/>\n<meta name=\"twitter:card\" content=\"summary_large_image\" \/>\n<meta name=\"twitter:label1\" content=\"Becs\u00fclt olvas\u00e1si id\u0151\" \/>\n\t<meta name=\"twitter:data1\" content=\"1 perc\" \/>\n<script type=\"application\/ld+json\" class=\"yoast-schema-graph\">{\"@context\":\"https:\/\/schema.org\",\"@graph\":[{\"@type\":\"WebPage\",\"@id\":\"https:\/\/univet.hu\/allasborze\/allasborze-2023\/kiallitok\/anicura-germany-holding-gmbh\/\",\"url\":\"https:\/\/univet.hu\/allasborze\/allasborze-2023\/kiallitok\/anicura-germany-holding-gmbh\/\",\"name\":\"AniCura Germany Holding GmbH - \u00c1ll\u00e1sb\u00f6rze\",\"isPartOf\":{\"@id\":\"https:\/\/univet.hu\/allasborze\/#website\"},\"primaryImageOfPage\":{\"@id\":\"https:\/\/univet.hu\/allasborze\/allasborze-2023\/kiallitok\/anicura-germany-holding-gmbh\/#primaryimage\"},\"image\":{\"@id\":\"https:\/\/univet.hu\/allasborze\/allasborze-2023\/kiallitok\/anicura-germany-holding-gmbh\/#primaryimage\"},\"thumbnailUrl\":\"https:\/\/univet.hu\/allasborze\/wp-content\/uploads\/sites\/2\/2023\/01\/AniCura_logo_horizontal_rgb-002-320x232.png\",\"datePublished\":\"2023-01-09T07:44:52+00:00\",\"dateModified\":\"2025-01-10T12:55:01+00:00\",\"breadcrumb\":{\"@id\":\"https:\/\/univet.hu\/allasborze\/allasborze-2023\/kiallitok\/anicura-germany-holding-gmbh\/#breadcrumb\"},\"inLanguage\":\"hu\",\"potentialAction\":[{\"@type\":\"ReadAction\",\"target\":[\"https:\/\/univet.hu\/allasborze\/allasborze-2023\/kiallitok\/anicura-germany-holding-gmbh\/\"]}]},{\"@type\":\"ImageObject\",\"inLanguage\":\"hu\",\"@id\":\"https:\/\/univet.hu\/allasborze\/allasborze-2023\/kiallitok\/anicura-germany-holding-gmbh\/#primaryimage\",\"url\":\"https:\/\/univet.hu\/allasborze\/wp-content\/uploads\/sites\/2\/2023\/01\/AniCura_logo_horizontal_rgb-002.png\",\"contentUrl\":\"https:\/\/univet.hu\/allasborze\/wp-content\/uploads\/sites\/2\/2023\/01\/AniCura_logo_horizontal_rgb-002.png\",\"width\":1016,\"height\":736},{\"@type\":\"BreadcrumbList\",\"@id\":\"https:\/\/univet.hu\/allasborze\/allasborze-2023\/kiallitok\/anicura-germany-holding-gmbh\/#breadcrumb\",\"itemListElement\":[{\"@type\":\"ListItem\",\"position\":1,\"name\":\"Kezd\u0151lap\",\"item\":\"https:\/\/univet.hu\/allasborze\/\"},{\"@type\":\"ListItem\",\"position\":2,\"name\":\"\u00c1ll\u00e1sb\u00f6rze 2023\",\"item\":\"https:\/\/univet.hu\/allasborze\/allasborze-2023\/\"},{\"@type\":\"ListItem\",\"position\":3,\"name\":\"Ki\u00e1ll\u00edt\u00f3k\",\"item\":\"https:\/\/univet.hu\/allasborze\/allasborze-2023\/kiallitok\/\"},{\"@type\":\"ListItem\",\"position\":4,\"name\":\"AniCura Germany Holding GmbH\"}]},{\"@type\":\"WebSite\",\"@id\":\"https:\/\/univet.hu\/allasborze\/#website\",\"url\":\"https:\/\/univet.hu\/allasborze\/\",\"name\":\"\u00c1ll\u00e1sb\u00f6rze\",\"description\":\"\",\"potentialAction\":[{\"@type\":\"SearchAction\",\"target\":{\"@type\":\"EntryPoint\",\"urlTemplate\":\"https:\/\/univet.hu\/allasborze\/?s={search_term_string}\"},\"query-input\":{\"@type\":\"PropertyValueSpecification\",\"valueRequired\":true,\"valueName\":\"search_term_string\"}}],\"inLanguage\":\"hu\"}]}<\/script>\n<!-- \/ Yoast SEO plugin. -->","yoast_head_json":{"title":"AniCura Germany Holding GmbH - \u00c1ll\u00e1sb\u00f6rze","robots":{"index":"index","follow":"follow","max-snippet":"max-snippet:-1","max-image-preview":"max-image-preview:large","max-video-preview":"max-video-preview:-1"},"canonical":"https:\/\/univet.hu\/allasborze\/allasborze-2023\/kiallitok\/anicura-germany-holding-gmbh\/","og_locale":"hu_HU","og_type":"article","og_title":"AniCura Germany Holding GmbH - \u00c1ll\u00e1sb\u00f6rze","og_description":"&nbsp; AniCura is one of Europe\u2019s leading providers of high-quality veterinary care for companion animals. AniCura offers a wide range of high-quality medical services covering preventive and basic health care as well as advanced diagnostics, internal medicine, intensive care, surgery and orthopaedics. AniCura also provides rehabilitation, physiotherapy and dietary advice and offers selected pet food","og_url":"https:\/\/univet.hu\/allasborze\/allasborze-2023\/kiallitok\/anicura-germany-holding-gmbh\/","og_site_name":"\u00c1ll\u00e1sb\u00f6rze","article_modified_time":"2025-01-10T12:55:01+00:00","og_image":[{"url":"https:\/\/univet.hu\/allasborze\/wp-content\/uploads\/sites\/2\/2023\/01\/AniCura_logo_horizontal_rgb-002-320x232.png","type":"","width":"","height":""}],"twitter_card":"summary_large_image","twitter_misc":{"Becs\u00fclt olvas\u00e1si id\u0151":"1 perc"},"schema":{"@context":"https:\/\/schema.org","@graph":[{"@type":"WebPage","@id":"https:\/\/univet.hu\/allasborze\/allasborze-2023\/kiallitok\/anicura-germany-holding-gmbh\/","url":"https:\/\/univet.hu\/allasborze\/allasborze-2023\/kiallitok\/anicura-germany-holding-gmbh\/","name":"AniCura Germany Holding GmbH - \u00c1ll\u00e1sb\u00f6rze","isPartOf":{"@id":"https:\/\/univet.hu\/allasborze\/#website"},"primaryImageOfPage":{"@id":"https:\/\/univet.hu\/allasborze\/allasborze-2023\/kiallitok\/anicura-germany-holding-gmbh\/#primaryimage"},"image":{"@id":"https:\/\/univet.hu\/allasborze\/allasborze-2023\/kiallitok\/anicura-germany-holding-gmbh\/#primaryimage"},"thumbnailUrl":"https:\/\/univet.hu\/allasborze\/wp-content\/uploads\/sites\/2\/2023\/01\/AniCura_logo_horizontal_rgb-002-320x232.png","datePublished":"2023-01-09T07:44:52+00:00","dateModified":"2025-01-10T12:55:01+00:00","breadcrumb":{"@id":"https:\/\/univet.hu\/allasborze\/allasborze-2023\/kiallitok\/anicura-germany-holding-gmbh\/#breadcrumb"},"inLanguage":"hu","potentialAction":[{"@type":"ReadAction","target":["https:\/\/univet.hu\/allasborze\/allasborze-2023\/kiallitok\/anicura-germany-holding-gmbh\/"]}]},{"@type":"ImageObject","inLanguage":"hu","@id":"https:\/\/univet.hu\/allasborze\/allasborze-2023\/kiallitok\/anicura-germany-holding-gmbh\/#primaryimage","url":"https:\/\/univet.hu\/allasborze\/wp-content\/uploads\/sites\/2\/2023\/01\/AniCura_logo_horizontal_rgb-002.png","contentUrl":"https:\/\/univet.hu\/allasborze\/wp-content\/uploads\/sites\/2\/2023\/01\/AniCura_logo_horizontal_rgb-002.png","width":1016,"height":736},{"@type":"BreadcrumbList","@id":"https:\/\/univet.hu\/allasborze\/allasborze-2023\/kiallitok\/anicura-germany-holding-gmbh\/#breadcrumb","itemListElement":[{"@type":"ListItem","position":1,"name":"Kezd\u0151lap","item":"https:\/\/univet.hu\/allasborze\/"},{"@type":"ListItem","position":2,"name":"\u00c1ll\u00e1sb\u00f6rze 2023","item":"https:\/\/univet.hu\/allasborze\/allasborze-2023\/"},{"@type":"ListItem","position":3,"name":"Ki\u00e1ll\u00edt\u00f3k","item":"https:\/\/univet.hu\/allasborze\/allasborze-2023\/kiallitok\/"},{"@type":"ListItem","position":4,"name":"AniCura Germany Holding GmbH"}]},{"@type":"WebSite","@id":"https:\/\/univet.hu\/allasborze\/#website","url":"https:\/\/univet.hu\/allasborze\/","name":"\u00c1ll\u00e1sb\u00f6rze","description":"","potentialAction":[{"@type":"SearchAction","target":{"@type":"EntryPoint","urlTemplate":"https:\/\/univet.hu\/allasborze\/?s={search_term_string}"},"query-input":{"@type":"PropertyValueSpecification","valueRequired":true,"valueName":"search_term_string"}}],"inLanguage":"hu"}]}},"_links":{"self":[{"href":"https:\/\/univet.hu\/allasborze\/wp-json\/wp\/v2\/pages\/81535","targetHints":{"allow":["GET"]}}],"collection":[{"href":"https:\/\/univet.hu\/allasborze\/wp-json\/wp\/v2\/pages"}],"about":[{"href":"https:\/\/univet.hu\/allasborze\/wp-json\/wp\/v2\/types\/page"}],"author":[{"embeddable":true,"href":"https:\/\/univet.hu\/allasborze\/wp-json\/wp\/v2\/users\/2518"}],"replies":[{"embeddable":true,"href":"https:\/\/univet.hu\/allasborze\/wp-json\/wp\/v2\/comments?post=81535"}],"version-history":[{"count":1,"href":"https:\/\/univet.hu\/allasborze\/wp-json\/wp\/v2\/pages\/81535\/revisions"}],"predecessor-version":[{"id":172668,"href":"https:\/\/univet.hu\/allasborze\/wp-json\/wp\/v2\/pages\/81535\/revisions\/172668"}],"up":[{"embeddable":true,"href":"https:\/\/univet.hu\/allasborze\/wp-json\/wp\/v2\/pages\/80830"}],"wp:attachment":[{"href":"https:\/\/univet.hu\/allasborze\/wp-json\/wp\/v2\/media?parent=81535"}],"wp:term":[{"taxonomy":"category","embeddable":true,"href":"https:\/\/univet.hu\/allasborze\/wp-json\/wp\/v2\/categories?post=81535"},{"taxonomy":"post_tag","embeddable":true,"href":"https:\/\/univet.hu\/allasborze\/wp-json\/wp\/v2\/tags?post=81535"}],"curies":[{"name":"wp","href":"https:\/\/api.w.org\/{rel}","templated":true}]}}