{"id":82239,"date":"2023-01-23T11:40:51","date_gmt":"2023-01-23T10:40:51","guid":{"rendered":"https:\/\/univet.hu\/hu\/allasborze-2023\/kiallitok\/name\/"},"modified":"2025-01-10T13:55:03","modified_gmt":"2025-01-10T12:55:03","slug":"prophyl-kft","status":"publish","type":"page","link":"https:\/\/univet.hu\/allasborze\/allasborze-2023\/kiallitok\/prophyl-kft\/","title":{"rendered":"Prophyl Kft."},"content":{"rendered":"<p>&nbsp;<\/p> <p><b><span data-contrast=\"none\">Prophyl Kft.<\/span><\/b> <b><span data-contrast=\"none\">\u2013 A hum\u00e1n- \u00e9s az \u00e1llateg\u00e9szs\u00e9g\u00fcgy szolg\u00e1lat\u00e1ban<\/span><\/b><span data-ccp-props=\"{&quot;335559739&quot;:60}\">\u00a0<\/span><\/p> <p><span data-ccp-props=\"{&quot;335559739&quot;:60}\">\u00a0<a href=\"https:\/\/univet.hu\/en\/allasborze-2023\/kiallitok\/prophyl-kft\/prophyl\/\" rel=\"attachment wp-att-82300\"><img loading=\"lazy\" decoding=\"async\" class=\"aligncenter size-medium wp-image-82300\" src=\"https:\/\/univet.hu\/allasborze\/wp-content\/uploads\/sites\/2\/2023\/01\/prophyl-320x80.jpg\" alt=\"\" width=\"320\" height=\"80\" srcset=\"https:\/\/univet.hu\/allasborze\/wp-content\/uploads\/sites\/2\/2023\/01\/prophyl-320x80.jpg 320w, https:\/\/univet.hu\/allasborze\/wp-content\/uploads\/sites\/2\/2023\/01\/prophyl-300x75.jpg 300w, https:\/\/univet.hu\/allasborze\/wp-content\/uploads\/sites\/2\/2023\/01\/prophyl.jpg 754w\" sizes=\"auto, (max-width: 320px) 100vw, 320px\" \/><\/a><\/span><\/p> <p><span data-contrast=\"none\">Az imm\u00e1r t\u00f6bb 30 \u00e9ves Prophyl Kft. 8 telephely\u00e9n eur\u00f3pai szinten is kiemelked\u0151 munk\u00e1t v\u00e9gz\u00fcnk a hum\u00e1n- \u00e9s \u00e1llateg\u00e9szs\u00e9g\u00fcgy ter\u00fclet\u00e9n. F\u0151 tev\u00e9kenys\u00e9geink az <\/span><b><span data-contrast=\"none\">SPF- <\/span><\/b><span data-contrast=\"none\">(Specific Pathogen Free)<\/span><b><span data-contrast=\"none\"> \u00e9s vakcinatoj\u00e1sok termel\u00e9se<\/span><\/b><span data-contrast=\"none\">, amelyeket hum\u00e1n- \u00e9s \u00e1llatgy\u00f3gy\u00e1szati olt\u00f3anyaggy\u00e1rt\u00f3k haszn\u00e1lnak. Emellett <\/span><b><span data-contrast=\"none\">folyamatosan b\u0151v\u00fcl\u0151 K+F szolg\u00e1ltat\u00e1saink <\/span><\/b><span data-contrast=\"none\">keret\u00e9ben lehet\u0151s\u00e9g van <\/span><b><span data-contrast=\"none\">az \u00e1llatgy\u00f3gy\u00e1szati k\u00e9sz\u00edtm\u00e9nyek fejleszt\u00e9s\u00e9hez \u00e9s regisztr\u00e1ci\u00f3j\u00e1hoz sz\u00fcks\u00e9ges vizsg\u00e1latok <\/span><\/b><span data-contrast=\"none\">elv\u00e9gz\u00e9s\u00e9re.<\/span><span data-ccp-props=\"{&quot;335559739&quot;:60}\">\u00a0<\/span><\/p> <p><span data-ccp-props=\"{&quot;335559739&quot;:60}\">\u00a0<\/span><b><span data-contrast=\"none\">CRO tev\u00e9kenys\u00e9geink<\/span><\/b><span data-ccp-props=\"{&quot;335559739&quot;:60}\">\u00a0<\/span><\/p> <ul> <li data-leveltext=\"\uf023\" data-font=\"Symbol\" data-listid=\"11\" data-list-defn-props=\"{&quot;335552541&quot;:1,&quot;335559684&quot;:-2,&quot;335559685&quot;:720,&quot;335559991&quot;:360,&quot;469769226&quot;:&quot;Symbol&quot;,&quot;469769242&quot;:[8226],&quot;469777803&quot;:&quot;left&quot;,&quot;469777804&quot;:&quot;\uf023&quot;,&quot;469777815&quot;:&quot;hybridMultilevel&quot;}\" data-aria-posinset=\"1\" data-aria-level=\"1\"><span data-contrast=\"none\">\u00c1LLATVIZSG\u00c1LATOK<\/span><span data-ccp-props=\"{&quot;335559739&quot;:60}\">\u00a0<\/span><\/li> <li data-leveltext=\"\uf023\" data-font=\"Symbol\" data-listid=\"11\" data-list-defn-props=\"{&quot;335552541&quot;:1,&quot;335559684&quot;:-2,&quot;335559685&quot;:720,&quot;335559991&quot;:360,&quot;469769226&quot;:&quot;Symbol&quot;,&quot;469769242&quot;:[8226],&quot;469777803&quot;:&quot;left&quot;,&quot;469777804&quot;:&quot;\uf023&quot;,&quot;469777815&quot;:&quot;hybridMultilevel&quot;}\" data-aria-posinset=\"2\" data-aria-level=\"1\"><span data-contrast=\"none\">LABORVIZSG\u00c1LATOK<\/span><span data-ccp-props=\"{&quot;335559739&quot;:60}\">\u00a0<\/span><\/li> <li data-leveltext=\"\uf023\" data-font=\"Symbol\" data-listid=\"11\" data-list-defn-props=\"{&quot;335552541&quot;:1,&quot;335559684&quot;:-2,&quot;335559685&quot;:720,&quot;335559991&quot;:360,&quot;469769226&quot;:&quot;Symbol&quot;,&quot;469769242&quot;:[8226],&quot;469777803&quot;:&quot;left&quot;,&quot;469777804&quot;:&quot;\uf023&quot;,&quot;469777815&quot;:&quot;hybridMultilevel&quot;}\" data-aria-posinset=\"3\" data-aria-level=\"1\"><span data-contrast=\"none\">KOMPLEX VIZSG\u00c1LATI DOKUMENT\u00c1CI\u00d3<\/span><span data-ccp-props=\"{&quot;335559739&quot;:60}\">\u00a0<\/span><\/li> <li data-leveltext=\"\uf023\" data-font=\"Symbol\" data-listid=\"11\" data-list-defn-props=\"{&quot;335552541&quot;:1,&quot;335559684&quot;:-2,&quot;335559685&quot;:720,&quot;335559991&quot;:360,&quot;469769226&quot;:&quot;Symbol&quot;,&quot;469769242&quot;:[8226],&quot;469777803&quot;:&quot;left&quot;,&quot;469777804&quot;:&quot;\uf023&quot;,&quot;469777815&quot;:&quot;hybridMultilevel&quot;}\" data-aria-posinset=\"4\" data-aria-level=\"1\"><span data-contrast=\"none\">BIOL\u00d3GIAI ANYAGOK TERMEL\u00c9SE (SEJT, ELLENANYAG, ANTIG\u00c9N, HAT\u00d3ANYAG)<\/span><span data-ccp-props=\"{&quot;335559739&quot;:60}\">\u00a0<\/span><\/li> <li data-leveltext=\"\uf023\" data-font=\"Symbol\" data-listid=\"11\" data-list-defn-props=\"{&quot;335552541&quot;:1,&quot;335559684&quot;:-2,&quot;335559685&quot;:720,&quot;335559991&quot;:360,&quot;469769226&quot;:&quot;Symbol&quot;,&quot;469769242&quot;:[8226],&quot;469777803&quot;:&quot;left&quot;,&quot;469777804&quot;:&quot;\uf023&quot;,&quot;469777815&quot;:&quot;hybridMultilevel&quot;}\" data-aria-posinset=\"5\" data-aria-level=\"1\"><span data-contrast=\"none\">GY\u00c1RT\u00c1S ELLEN\u0150RZ\u0150 VIZSG\u00c1LATOK<\/span><span data-ccp-props=\"{&quot;335559739&quot;:60}\">\u00a0<\/span><\/li> <\/ul> <p><span data-contrast=\"none\">A telepeinken sz\u00e1mos k\u00fcl\u00f6nb\u00f6z\u0151 adotts\u00e1g\u00fa \u00e1llattart\u00f3 egys\u00e9ggel rendelkez\u00fcnk, amelyek kiszolg\u00e1lj\u00e1k a k\u00fcl\u00f6nb\u00f6z\u0151 vizsg\u00e1latok \u00e9s a vizsg\u00e1latban r\u00e9sztvev\u0151 haszon\u00e1llatok elt\u00e9r\u0151 ig\u00e9nyeit. A <\/span><b><span data-contrast=\"none\">konvencion\u00e1lis \u00e9s 2-es biol\u00f3giai biztons\u00e1gi szint\u0171<\/span><\/b><span data-contrast=\"none\"> tart\u00f3helyeken t\u00fal, rendelkez\u00fcnk <\/span><b><span data-contrast=\"none\">SPF st\u00e1tusz\u00fa vizsg\u00e1latok<\/span><\/b><span data-contrast=\"none\"> elhelyez\u00e9s\u00e9re alkalmas \u00e1llath\u00e1zzal \u00e9s izol\u00e1torokkal is. Magyarorsz\u00e1gon egyed\u00fcl\u00e1ll\u00f3 m\u00f3don <\/span><b><span data-contrast=\"none\">3-as biol\u00f3giai biztons\u00e1gi szint\u0171 \u00e1llath\u00e1zaink<\/span><\/b><span data-contrast=\"none\"> is vannak, ahol olyan <\/span><b><span data-contrast=\"none\">nagy k\u00f3rokoz\u00f3 k\u00e9pess\u00e9g\u0171 pathog\u00e9nek<\/span><\/b><span data-contrast=\"none\">kel is tudunk dolgozni, mint a mad\u00e1rinfluenza, baromfipestis vagy \u00e9ppen az afrikai sert\u00e9spestis v\u00edrusa.<\/span><span data-ccp-props=\"{&quot;335559739&quot;:60}\">\u00a0<\/span><\/p> <p><span data-contrast=\"none\">A projektekhez kapcsol\u00f3d\u00f3 laborat\u00f3riumi vizsg\u00e1latokat a <\/span><b><span data-contrast=\"none\">Dr. Marek J\u00f3zsef \u00c1llateg\u00e9szs\u00e9g\u00fcgyi Laborat\u00f3rium<\/span><\/b><span data-contrast=\"none\">ban v\u00e9gezz\u00fck, ahol az alapdiagnosztikai \u00e9s szerol\u00f3giai vizsg\u00e1latok mellett a legmodernebb molekul\u00e1ris biol\u00f3giai m\u00f3dszerek is rendelkez\u00e9sre \u00e1llnak a kedvtel\u00e9sb\u0151l tartott \u00e9s haszon\u00e1llatfajok eset\u00e9n egyar\u00e1nt. 2021-ben egy <\/span><b><span data-contrast=\"none\">tisztat\u00e9ri gy\u00e1rt\u00f3egys\u00e9g<\/span><\/b><span data-contrast=\"none\"> is l\u00e9tes\u00fclt, amely a <\/span><b><span data-contrast=\"none\">GMP min\u0151s\u00edt\u00e9s<\/span><\/b><span data-contrast=\"none\">t k\u00f6vet\u0151en biztos\u00edtja a felt\u00e9teleket a steril hat\u00f3anyaggy\u00e1rt\u00e1sra.<\/span><span data-ccp-props=\"{&quot;335559739&quot;:60}\">\u00a0<\/span><\/p> <p><span data-ccp-props=\"{&quot;335559739&quot;:60}\">\u00a0<\/span><\/p> <p><strong>Mi\u00e9rt a Prophyl?<\/strong><\/p> <ul> <li>100%-ban magyar tulajdon\u00fa, szakmai vezet\u00e9sen alapul\u00f3 v\u00e1llalat<\/li> <li>Biztos munkahely<\/li> <li>Szakmai fejl\u0151d\u00e9si lehet\u0151s\u00e9g<\/li> <li>Versenyk\u00e9pes fizet\u00e9s<\/li> <li>\u00c9v v\u00e9gi jutalom<\/li> <li>Cafeteria<\/li> <\/ul> <p>&nbsp;<\/p> <p><b><span data-contrast=\"none\">K\u00f6z\u00f6ss\u00e9gi oldalak, el\u00e9rhet\u0151s\u00e9gek:<\/span><\/b><span data-ccp-props=\"{&quot;335559739&quot;:60}\">\u00a0<\/span><\/p> <ul> <li data-leveltext=\"-\" data-font=\"Arial\" data-listid=\"17\" data-list-defn-props=\"{&quot;335551671&quot;:0,&quot;335552541&quot;:1,&quot;335559684&quot;:-2,&quot;335559685&quot;:720,&quot;335559991&quot;:360,&quot;469769226&quot;:&quot;Arial&quot;,&quot;469769242&quot;:[8226],&quot;469777803&quot;:&quot;left&quot;,&quot;469777804&quot;:&quot;-&quot;,&quot;469777815&quot;:&quot;hybridMultilevel&quot;}\" data-aria-posinset=\"0\" data-aria-level=\"1\"><span data-contrast=\"none\">Facebook: <\/span><a href=\"https:\/\/www.facebook.com\/prophylkft\"><span data-contrast=\"none\">https:\/\/www.facebook.com\/prophylkft<\/span><\/a><span data-contrast=\"none\">\u00a0<\/span><span data-ccp-props=\"{&quot;335559739&quot;:0}\">\u00a0<\/span><\/li> <li data-leveltext=\"-\" data-font=\"Arial\" data-listid=\"17\" data-list-defn-props=\"{&quot;335551671&quot;:0,&quot;335552541&quot;:1,&quot;335559684&quot;:-2,&quot;335559685&quot;:720,&quot;335559991&quot;:360,&quot;469769226&quot;:&quot;Arial&quot;,&quot;469769242&quot;:[8226],&quot;469777803&quot;:&quot;left&quot;,&quot;469777804&quot;:&quot;-&quot;,&quot;469777815&quot;:&quot;hybridMultilevel&quot;}\" data-aria-posinset=\"0\" data-aria-level=\"1\"><span data-contrast=\"none\">LinkedIn: <\/span><a href=\"https:\/\/www.linkedin.com\/company\/prophyl-ltd\"><span data-contrast=\"none\">https:\/\/www.linkedin.com\/company\/prophyl-ltd<\/span><\/a><span data-contrast=\"none\">\u00a0<\/span><span data-ccp-props=\"{&quot;335559739&quot;:60}\">\u00a0<\/span><\/li> <li data-leveltext=\"-\" data-font=\"Arial\" data-listid=\"17\" data-list-defn-props=\"{&quot;335551671&quot;:0,&quot;335552541&quot;:1,&quot;335559684&quot;:-2,&quot;335559685&quot;:720,&quot;335559991&quot;:360,&quot;469769226&quot;:&quot;Arial&quot;,&quot;469769242&quot;:[8226],&quot;469777803&quot;:&quot;left&quot;,&quot;469777804&quot;:&quot;-&quot;,&quot;469777815&quot;:&quot;hybridMultilevel&quot;}\" data-aria-posinset=\"0\" data-aria-level=\"1\"><span data-contrast=\"none\">Karrier oldal:<\/span> <a href=\"https:\/\/www.prophyl.hu\/karrier\"><span data-contrast=\"none\">https:\/\/www.prophyl.hu\/karrier<\/span><\/a><span data-contrast=\"none\">\u00a0\u00a0<\/span><span data-ccp-props=\"{&quot;335559739&quot;:60}\">\u00a0<\/span><\/li> <\/ul> <p><span data-ccp-props=\"{&quot;335559739&quot;:60}\">\u00a0<\/span><\/p> <p><b><span data-contrast=\"none\">V\u00e1rjuk \u00e1llatorvos koll\u00e9g\u00e1k jelentkez\u00e9s\u00e9t az \u00e1llatvizsg\u00e1lati telepeinkre \u00e9s diagnosztikai ter\u00fcletre is!<\/span><\/b><span data-ccp-props=\"{&quot;335559739&quot;:60}\">\u00a0<\/span><\/p> <p><a class=\"decrypt\" rel=\"lbssjfsAqspqizm\/iv\" href=\"javascript:void(0);\">[Kattintson az emailc\u00edmhez]<\/a><span data-ccp-props=\"{&quot;335559739&quot;:60}\">\u00a0<\/span><\/p>","protected":false},"excerpt":{"rendered":"<p>&nbsp; Prophyl Kft. \u2013 A hum\u00e1n- \u00e9s az \u00e1llateg\u00e9szs\u00e9g\u00fcgy szolg\u00e1lat\u00e1ban\u00a0 \u00a0 Az imm\u00e1r t\u00f6bb 30 \u00e9ves Prophyl Kft. 8 telephely\u00e9n eur\u00f3pai szinten is kiemelked\u0151 munk\u00e1t v\u00e9gz\u00fcnk a hum\u00e1n- \u00e9s \u00e1llateg\u00e9szs\u00e9g\u00fcgy ter\u00fclet\u00e9n. F\u0151 tev\u00e9kenys\u00e9geink az SPF- (Specific Pathogen Free) \u00e9s vakcinatoj\u00e1sok termel\u00e9se, amelyeket hum\u00e1n- \u00e9s \u00e1llatgy\u00f3gy\u00e1szati olt\u00f3anyaggy\u00e1rt\u00f3k haszn\u00e1lnak. Emellett folyamatosan b\u0151v\u00fcl\u0151 K+F szolg\u00e1ltat\u00e1saink keret\u00e9ben lehet\u0151s\u00e9g van<\/p>\n","protected":false},"author":2518,"featured_media":0,"parent":80830,"menu_order":0,"comment_status":"open","ping_status":"open","template":"","meta":{"_acf_changed":false,"footnotes":""},"categories":[],"tags":[],"class_list":["post-82239","page","type-page","status-publish","hentry"],"acf":[],"yoast_head":"<!-- This site is optimized with the Yoast SEO plugin v27.2 - https:\/\/yoast.com\/product\/yoast-seo-wordpress\/ -->\n<title>Prophyl Kft. - \u00c1ll\u00e1sb\u00f6rze<\/title>\n<meta name=\"robots\" content=\"index, follow, max-snippet:-1, max-image-preview:large, max-video-preview:-1\" \/>\n<link rel=\"canonical\" href=\"https:\/\/univet.hu\/allasborze\/allasborze-2023\/kiallitok\/prophyl-kft\/\" \/>\n<meta property=\"og:locale\" content=\"hu_HU\" \/>\n<meta property=\"og:type\" content=\"article\" \/>\n<meta property=\"og:title\" content=\"Prophyl Kft. - \u00c1ll\u00e1sb\u00f6rze\" \/>\n<meta property=\"og:description\" content=\"&nbsp; Prophyl Kft. \u2013 A hum\u00e1n- \u00e9s az \u00e1llateg\u00e9szs\u00e9g\u00fcgy szolg\u00e1lat\u00e1ban\u00a0 \u00a0 Az imm\u00e1r t\u00f6bb 30 \u00e9ves Prophyl Kft. 8 telephely\u00e9n eur\u00f3pai szinten is kiemelked\u0151 munk\u00e1t v\u00e9gz\u00fcnk a hum\u00e1n- \u00e9s \u00e1llateg\u00e9szs\u00e9g\u00fcgy ter\u00fclet\u00e9n. F\u0151 tev\u00e9kenys\u00e9geink az SPF- (Specific Pathogen Free) \u00e9s vakcinatoj\u00e1sok termel\u00e9se, amelyeket hum\u00e1n- \u00e9s \u00e1llatgy\u00f3gy\u00e1szati olt\u00f3anyaggy\u00e1rt\u00f3k haszn\u00e1lnak. Emellett folyamatosan b\u0151v\u00fcl\u0151 K+F szolg\u00e1ltat\u00e1saink keret\u00e9ben lehet\u0151s\u00e9g van\" \/>\n<meta property=\"og:url\" content=\"https:\/\/univet.hu\/allasborze\/allasborze-2023\/kiallitok\/prophyl-kft\/\" \/>\n<meta property=\"og:site_name\" content=\"\u00c1ll\u00e1sb\u00f6rze\" \/>\n<meta property=\"article:modified_time\" content=\"2025-01-10T12:55:03+00:00\" \/>\n<meta property=\"og:image\" content=\"https:\/\/univet.hu\/allasborze\/wp-content\/uploads\/sites\/2\/2023\/01\/prophyl-320x80.jpg\" \/>\n<meta name=\"twitter:card\" content=\"summary_large_image\" \/>\n<meta name=\"twitter:label1\" content=\"Becs\u00fclt olvas\u00e1si id\u0151\" \/>\n\t<meta name=\"twitter:data1\" content=\"2 perc\" \/>\n<script type=\"application\/ld+json\" class=\"yoast-schema-graph\">{\"@context\":\"https:\/\/schema.org\",\"@graph\":[{\"@type\":\"WebPage\",\"@id\":\"https:\/\/univet.hu\/allasborze\/allasborze-2023\/kiallitok\/prophyl-kft\/\",\"url\":\"https:\/\/univet.hu\/allasborze\/allasborze-2023\/kiallitok\/prophyl-kft\/\",\"name\":\"Prophyl Kft. - \u00c1ll\u00e1sb\u00f6rze\",\"isPartOf\":{\"@id\":\"https:\/\/univet.hu\/allasborze\/#website\"},\"primaryImageOfPage\":{\"@id\":\"https:\/\/univet.hu\/allasborze\/allasborze-2023\/kiallitok\/prophyl-kft\/#primaryimage\"},\"image\":{\"@id\":\"https:\/\/univet.hu\/allasborze\/allasborze-2023\/kiallitok\/prophyl-kft\/#primaryimage\"},\"thumbnailUrl\":\"https:\/\/univet.hu\/allasborze\/wp-content\/uploads\/sites\/2\/2023\/01\/prophyl-320x80.jpg\",\"datePublished\":\"2023-01-23T10:40:51+00:00\",\"dateModified\":\"2025-01-10T12:55:03+00:00\",\"breadcrumb\":{\"@id\":\"https:\/\/univet.hu\/allasborze\/allasborze-2023\/kiallitok\/prophyl-kft\/#breadcrumb\"},\"inLanguage\":\"hu\",\"potentialAction\":[{\"@type\":\"ReadAction\",\"target\":[\"https:\/\/univet.hu\/allasborze\/allasborze-2023\/kiallitok\/prophyl-kft\/\"]}]},{\"@type\":\"ImageObject\",\"inLanguage\":\"hu\",\"@id\":\"https:\/\/univet.hu\/allasborze\/allasborze-2023\/kiallitok\/prophyl-kft\/#primaryimage\",\"url\":\"https:\/\/univet.hu\/allasborze\/wp-content\/uploads\/sites\/2\/2023\/01\/prophyl.jpg\",\"contentUrl\":\"https:\/\/univet.hu\/allasborze\/wp-content\/uploads\/sites\/2\/2023\/01\/prophyl.jpg\",\"width\":754,\"height\":189},{\"@type\":\"BreadcrumbList\",\"@id\":\"https:\/\/univet.hu\/allasborze\/allasborze-2023\/kiallitok\/prophyl-kft\/#breadcrumb\",\"itemListElement\":[{\"@type\":\"ListItem\",\"position\":1,\"name\":\"Kezd\u0151lap\",\"item\":\"https:\/\/univet.hu\/allasborze\/\"},{\"@type\":\"ListItem\",\"position\":2,\"name\":\"\u00c1ll\u00e1sb\u00f6rze 2023\",\"item\":\"https:\/\/univet.hu\/allasborze\/allasborze-2023\/\"},{\"@type\":\"ListItem\",\"position\":3,\"name\":\"Ki\u00e1ll\u00edt\u00f3k\",\"item\":\"https:\/\/univet.hu\/allasborze\/allasborze-2023\/kiallitok\/\"},{\"@type\":\"ListItem\",\"position\":4,\"name\":\"Prophyl Kft.\"}]},{\"@type\":\"WebSite\",\"@id\":\"https:\/\/univet.hu\/allasborze\/#website\",\"url\":\"https:\/\/univet.hu\/allasborze\/\",\"name\":\"\u00c1ll\u00e1sb\u00f6rze\",\"description\":\"\",\"potentialAction\":[{\"@type\":\"SearchAction\",\"target\":{\"@type\":\"EntryPoint\",\"urlTemplate\":\"https:\/\/univet.hu\/allasborze\/?s={search_term_string}\"},\"query-input\":{\"@type\":\"PropertyValueSpecification\",\"valueRequired\":true,\"valueName\":\"search_term_string\"}}],\"inLanguage\":\"hu\"}]}<\/script>\n<!-- \/ Yoast SEO plugin. -->","yoast_head_json":{"title":"Prophyl Kft. - \u00c1ll\u00e1sb\u00f6rze","robots":{"index":"index","follow":"follow","max-snippet":"max-snippet:-1","max-image-preview":"max-image-preview:large","max-video-preview":"max-video-preview:-1"},"canonical":"https:\/\/univet.hu\/allasborze\/allasborze-2023\/kiallitok\/prophyl-kft\/","og_locale":"hu_HU","og_type":"article","og_title":"Prophyl Kft. - \u00c1ll\u00e1sb\u00f6rze","og_description":"&nbsp; Prophyl Kft. \u2013 A hum\u00e1n- \u00e9s az \u00e1llateg\u00e9szs\u00e9g\u00fcgy szolg\u00e1lat\u00e1ban\u00a0 \u00a0 Az imm\u00e1r t\u00f6bb 30 \u00e9ves Prophyl Kft. 8 telephely\u00e9n eur\u00f3pai szinten is kiemelked\u0151 munk\u00e1t v\u00e9gz\u00fcnk a hum\u00e1n- \u00e9s \u00e1llateg\u00e9szs\u00e9g\u00fcgy ter\u00fclet\u00e9n. F\u0151 tev\u00e9kenys\u00e9geink az SPF- (Specific Pathogen Free) \u00e9s vakcinatoj\u00e1sok termel\u00e9se, amelyeket hum\u00e1n- \u00e9s \u00e1llatgy\u00f3gy\u00e1szati olt\u00f3anyaggy\u00e1rt\u00f3k haszn\u00e1lnak. Emellett folyamatosan b\u0151v\u00fcl\u0151 K+F szolg\u00e1ltat\u00e1saink keret\u00e9ben lehet\u0151s\u00e9g van","og_url":"https:\/\/univet.hu\/allasborze\/allasborze-2023\/kiallitok\/prophyl-kft\/","og_site_name":"\u00c1ll\u00e1sb\u00f6rze","article_modified_time":"2025-01-10T12:55:03+00:00","og_image":[{"url":"https:\/\/univet.hu\/allasborze\/wp-content\/uploads\/sites\/2\/2023\/01\/prophyl-320x80.jpg","type":"","width":"","height":""}],"twitter_card":"summary_large_image","twitter_misc":{"Becs\u00fclt olvas\u00e1si id\u0151":"2 perc"},"schema":{"@context":"https:\/\/schema.org","@graph":[{"@type":"WebPage","@id":"https:\/\/univet.hu\/allasborze\/allasborze-2023\/kiallitok\/prophyl-kft\/","url":"https:\/\/univet.hu\/allasborze\/allasborze-2023\/kiallitok\/prophyl-kft\/","name":"Prophyl Kft. - \u00c1ll\u00e1sb\u00f6rze","isPartOf":{"@id":"https:\/\/univet.hu\/allasborze\/#website"},"primaryImageOfPage":{"@id":"https:\/\/univet.hu\/allasborze\/allasborze-2023\/kiallitok\/prophyl-kft\/#primaryimage"},"image":{"@id":"https:\/\/univet.hu\/allasborze\/allasborze-2023\/kiallitok\/prophyl-kft\/#primaryimage"},"thumbnailUrl":"https:\/\/univet.hu\/allasborze\/wp-content\/uploads\/sites\/2\/2023\/01\/prophyl-320x80.jpg","datePublished":"2023-01-23T10:40:51+00:00","dateModified":"2025-01-10T12:55:03+00:00","breadcrumb":{"@id":"https:\/\/univet.hu\/allasborze\/allasborze-2023\/kiallitok\/prophyl-kft\/#breadcrumb"},"inLanguage":"hu","potentialAction":[{"@type":"ReadAction","target":["https:\/\/univet.hu\/allasborze\/allasborze-2023\/kiallitok\/prophyl-kft\/"]}]},{"@type":"ImageObject","inLanguage":"hu","@id":"https:\/\/univet.hu\/allasborze\/allasborze-2023\/kiallitok\/prophyl-kft\/#primaryimage","url":"https:\/\/univet.hu\/allasborze\/wp-content\/uploads\/sites\/2\/2023\/01\/prophyl.jpg","contentUrl":"https:\/\/univet.hu\/allasborze\/wp-content\/uploads\/sites\/2\/2023\/01\/prophyl.jpg","width":754,"height":189},{"@type":"BreadcrumbList","@id":"https:\/\/univet.hu\/allasborze\/allasborze-2023\/kiallitok\/prophyl-kft\/#breadcrumb","itemListElement":[{"@type":"ListItem","position":1,"name":"Kezd\u0151lap","item":"https:\/\/univet.hu\/allasborze\/"},{"@type":"ListItem","position":2,"name":"\u00c1ll\u00e1sb\u00f6rze 2023","item":"https:\/\/univet.hu\/allasborze\/allasborze-2023\/"},{"@type":"ListItem","position":3,"name":"Ki\u00e1ll\u00edt\u00f3k","item":"https:\/\/univet.hu\/allasborze\/allasborze-2023\/kiallitok\/"},{"@type":"ListItem","position":4,"name":"Prophyl Kft."}]},{"@type":"WebSite","@id":"https:\/\/univet.hu\/allasborze\/#website","url":"https:\/\/univet.hu\/allasborze\/","name":"\u00c1ll\u00e1sb\u00f6rze","description":"","potentialAction":[{"@type":"SearchAction","target":{"@type":"EntryPoint","urlTemplate":"https:\/\/univet.hu\/allasborze\/?s={search_term_string}"},"query-input":{"@type":"PropertyValueSpecification","valueRequired":true,"valueName":"search_term_string"}}],"inLanguage":"hu"}]}},"_links":{"self":[{"href":"https:\/\/univet.hu\/allasborze\/wp-json\/wp\/v2\/pages\/82239","targetHints":{"allow":["GET"]}}],"collection":[{"href":"https:\/\/univet.hu\/allasborze\/wp-json\/wp\/v2\/pages"}],"about":[{"href":"https:\/\/univet.hu\/allasborze\/wp-json\/wp\/v2\/types\/page"}],"author":[{"embeddable":true,"href":"https:\/\/univet.hu\/allasborze\/wp-json\/wp\/v2\/users\/2518"}],"replies":[{"embeddable":true,"href":"https:\/\/univet.hu\/allasborze\/wp-json\/wp\/v2\/comments?post=82239"}],"version-history":[{"count":1,"href":"https:\/\/univet.hu\/allasborze\/wp-json\/wp\/v2\/pages\/82239\/revisions"}],"predecessor-version":[{"id":172683,"href":"https:\/\/univet.hu\/allasborze\/wp-json\/wp\/v2\/pages\/82239\/revisions\/172683"}],"up":[{"embeddable":true,"href":"https:\/\/univet.hu\/allasborze\/wp-json\/wp\/v2\/pages\/80830"}],"wp:attachment":[{"href":"https:\/\/univet.hu\/allasborze\/wp-json\/wp\/v2\/media?parent=82239"}],"wp:term":[{"taxonomy":"category","embeddable":true,"href":"https:\/\/univet.hu\/allasborze\/wp-json\/wp\/v2\/categories?post=82239"},{"taxonomy":"post_tag","embeddable":true,"href":"https:\/\/univet.hu\/allasborze\/wp-json\/wp\/v2\/tags?post=82239"}],"curies":[{"name":"wp","href":"https:\/\/api.w.org\/{rel}","templated":true}]}}