{"id":98072,"date":"2024-01-25T13:09:41","date_gmt":"2024-01-25T12:09:41","guid":{"rendered":"https:\/\/univet.hu\/hu\/allasborze-2024\/kiallitok\/name-2\/"},"modified":"2025-01-10T13:55:07","modified_gmt":"2025-01-10T12:55:07","slug":"kharisz-vet-kft","status":"publish","type":"page","link":"https:\/\/univet.hu\/allasborze\/allasborze-2024\/kiallitok\/kharisz-vet-kft\/","title":{"rendered":"Kharisz-Vet Kft."},"content":{"rendered":"<p><a href=\"https:\/\/univet.hu\/allasborze\/wp-content\/uploads\/sites\/2\/2024\/01\/khariszvet.png\"><img loading=\"lazy\" decoding=\"async\" class=\"aligncenter size-medium wp-image-98075\" src=\"https:\/\/univet.hu\/allasborze\/wp-content\/uploads\/sites\/2\/2024\/01\/khariszvet-261x320.png\" alt=\"\" width=\"261\" height=\"320\" srcset=\"https:\/\/univet.hu\/allasborze\/wp-content\/uploads\/sites\/2\/2024\/01\/khariszvet-261x320.png 261w, https:\/\/univet.hu\/allasborze\/wp-content\/uploads\/sites\/2\/2024\/01\/khariszvet-244x300.png 244w, https:\/\/univet.hu\/allasborze\/wp-content\/uploads\/sites\/2\/2024\/01\/khariszvet.png 496w\" sizes=\"auto, (max-width: 261px) 100vw, 261px\" \/><\/a><\/p> <p><span class=\"TextRun SCXW30148255 BCX0\" lang=\"HU-HU\" xml:lang=\"HU-HU\" data-contrast=\"auto\"><span class=\"NormalTextRun SCXW30148255 BCX0\">A Kharisz-Vet Kft. 2020-as alap\u00edt\u00e1sa \u00f3ta megh\u00e1romszorozta szem\u00e9lyi \u00e1llom\u00e1ny\u00e1t \u00e9s megn\u00e9gyszerezte \u00e1rbev\u00e9tel\u00e9t. Mindez elhivatott koll\u00e9g\u00e1inknak \u00e9s a rendk\u00edv\u00fcl sz\u00e9les tev\u00e9kenys\u00e9gi k\u00f6r\u00fcnknek k\u00f6sz\u00f6nhet\u0151.<\/span><\/span><\/p> <p><span class=\"TextRun SCXW30148255 BCX0\" lang=\"HU-HU\" xml:lang=\"HU-HU\" data-contrast=\"auto\"><span class=\"NormalTextRun SCXW30148255 BCX0\"> Az orsz\u00e1g egyik legnagyobb<\/span> <span class=\"NormalTextRun SCXW30148255 BCX0\">szarvasmarha praxis<\/span><span class=\"NormalTextRun SCXW30148255 BCX0\">\u00e1val rendelkez\u00fcnk: 4 megy\u00e9ben, 6 nagyl\u00e9tsz\u00e1m\u00fa telepet l\u00e1tunk el, melyek tej-, h\u00fas- \u00e9s szapor\u00edt\u00f3anyag el\u0151\u00e1ll\u00edt\u00e1ssal is foglalkoznak.<\/span> <span class=\"NormalTextRun SCXW30148255 BCX0\">E<\/span><span class=\"NormalTextRun SCXW30148255 BCX0\">mellett \u00e1llatorvosi rendel\u0151t \u00e9s \u00e1llatpatik\u00e1t \u00fczemeltet\u00fcnk, ENAR <\/span><span class=\"NormalTextRun SCXW30148255 BCX0\">kapcsolattart\u00f3i \u00e9s jogosult \u00e1llatorvosi tev\u00e9kenys\u00e9get l\u00e1tunk el, gyakorlati helyet biztos\u00edtunk \u00e1llatorvostan hallgat\u00f3nak, \u00e9s mindent megoldunk, amivel egy vid\u00e9ki vegyes praxisban tal\u00e1lkozni lehet.<\/span><\/span><\/p> <p><span class=\"TextRun SCXW30148255 BCX0\" lang=\"HU-HU\" xml:lang=\"HU-HU\" data-contrast=\"auto\"><span class=\"NormalTextRun SCXW30148255 BCX0\">Minden koll\u00e9g\u00e1nk biztons\u00e1gos, t\u00e1mogat\u00f3 k\u00f6zegben tud dolgozni, ahol b\u00e1rmikor t\u00e1maszkodhat az \u00e9vek alatt felhalmozott tud\u00e1sra \u00e9s tapasztalatra, illetve a csapat seg\u00edts\u00e9g\u00e9re. Fontos, hogy koll\u00e9g\u00e1inkat megbecs\u00fclj\u00fck, az anyagi biztons\u00e1g mellett a szellemi, fizikai <\/span><span class=\"NormalTextRun SCXW30148255 BCX0\">eg\u00e9szs\u00e9g meg\u0151rz\u00e9s\u00e9t is seg\u00edtj\u00fck.<\/span><\/span><span class=\"LineBreakBlob BlobObject DragDrop SCXW30148255 BCX0\"><span class=\"SCXW30148255 BCX0\">\u00a0<\/span><\/span><\/p> <p><span class=\"TextRun SCXW30148255 BCX0\" lang=\"HU-HU\" xml:lang=\"HU-HU\" data-contrast=\"auto\"><span class=\"NormalTextRun SCXW30148255 BCX0\">L\u00e1tva az \u00e1llatorvos-t\u00e1rsadalom \u00f6reged\u0151 korf\u00e1j\u00e1t \u00e9s az ebb\u0151l ad\u00f3d\u00f3 munkaer\u0151hi\u00e1nyt, szeretn\u00e9nk mind az el\u0151tt\u00fcnk, mind az ut\u00e1nunk k\u00f6vetkez\u0151 gener\u00e1ci\u00f3nak is egy biztons\u00e1got jelent\u0151 alternat\u00edv\u00e1t ny\u00fajtani: a nyugd\u00edjas koll\u00e9g\u00e1knak olyan <\/span><\/span><span class=\"TextRun SCXW30148255 BCX0\" lang=\"HU-HU\" xml:lang=\"HU-HU\" data-contrast=\"auto\"><span class=\"NormalTextRun SCXW30148255 BCX0\">megb\u00edzhat\u00f3<\/span><\/span><span class=\"TextRun SCXW30148255 BCX0\" lang=\"HU-HU\" xml:lang=\"HU-HU\" data-contrast=\"auto\"><span class=\"NormalTextRun SCXW30148255 BCX0\">, szakmailag korrekt praxist, melyre r\u00e1b\u00edzhatj\u00e1k klient\u00far\u00e1jukat; a leg\u00fajabb \u00e1llatorvos gener\u00e1ci\u00f3nak pedig egy olyan munkalehet\u0151s\u00e9get, ahol k\u00f6lcs\u00f6n\u00f6s <\/span><\/span><span class=\"TextRun SCXW30148255 BCX0\" lang=\"HU-HU\" xml:lang=\"HU-HU\" data-contrast=\"auto\"><span class=\"NormalTextRun SCXW30148255 BCX0\">bizalommal<\/span><\/span><span class=\"TextRun SCXW30148255 BCX0\" lang=\"HU-HU\" xml:lang=\"HU-HU\" data-contrast=\"auto\"><span class=\"NormalTextRun SCXW30148255 BCX0\"> fordulhatunk egym\u00e1shoz \u00e9s egy\u00fctt n\u00f6vekedhet\u00fcnk.<\/span><\/span><span class=\"EOP SCXW30148255 BCX0\" data-ccp-props=\"{}\">\u00a0<\/span><\/p> <p>Kharisz-Vet Kft.<\/p> <p>9343 Beled, J\u00f3kai u. 23.<\/p> <p><strong>Tov\u00e1bbi inform\u00e1ci\u00f3k:<\/strong>\u00a0<a href=\"https:\/\/www.facebook.com\/khariszvet\">https:\/\/www.facebook.com\/khariszvet<\/a><\/p>","protected":false},"excerpt":{"rendered":"<p>A Kharisz-Vet Kft. 2020-as alap\u00edt\u00e1sa \u00f3ta megh\u00e1romszorozta szem\u00e9lyi \u00e1llom\u00e1ny\u00e1t \u00e9s megn\u00e9gyszerezte \u00e1rbev\u00e9tel\u00e9t. Mindez elhivatott koll\u00e9g\u00e1inknak \u00e9s a rendk\u00edv\u00fcl sz\u00e9les tev\u00e9kenys\u00e9gi k\u00f6r\u00fcnknek k\u00f6sz\u00f6nhet\u0151. Az orsz\u00e1g egyik legnagyobb szarvasmarha praxis\u00e1val rendelkez\u00fcnk: 4 megy\u00e9ben, 6 nagyl\u00e9tsz\u00e1m\u00fa telepet l\u00e1tunk el, melyek tej-, h\u00fas- \u00e9s szapor\u00edt\u00f3anyag el\u0151\u00e1ll\u00edt\u00e1ssal is foglalkoznak. Emellett \u00e1llatorvosi rendel\u0151t \u00e9s \u00e1llatpatik\u00e1t \u00fczemeltet\u00fcnk, ENAR kapcsolattart\u00f3i \u00e9s jogosult \u00e1llatorvosi<\/p>\n","protected":false},"author":2518,"featured_media":0,"parent":96306,"menu_order":0,"comment_status":"open","ping_status":"open","template":"","meta":{"_acf_changed":false,"footnotes":""},"categories":[],"tags":[],"class_list":["post-98072","page","type-page","status-publish","hentry"],"acf":[],"yoast_head":"<!-- This site is optimized with the Yoast SEO plugin v27.2 - https:\/\/yoast.com\/product\/yoast-seo-wordpress\/ -->\n<title>Kharisz-Vet Kft. - \u00c1ll\u00e1sb\u00f6rze<\/title>\n<meta name=\"robots\" content=\"index, follow, max-snippet:-1, max-image-preview:large, max-video-preview:-1\" \/>\n<link rel=\"canonical\" href=\"https:\/\/univet.hu\/allasborze\/allasborze-2024\/kiallitok\/kharisz-vet-kft\/\" \/>\n<meta property=\"og:locale\" content=\"hu_HU\" \/>\n<meta property=\"og:type\" content=\"article\" \/>\n<meta property=\"og:title\" content=\"Kharisz-Vet Kft. - \u00c1ll\u00e1sb\u00f6rze\" \/>\n<meta property=\"og:description\" content=\"A Kharisz-Vet Kft. 2020-as alap\u00edt\u00e1sa \u00f3ta megh\u00e1romszorozta szem\u00e9lyi \u00e1llom\u00e1ny\u00e1t \u00e9s megn\u00e9gyszerezte \u00e1rbev\u00e9tel\u00e9t. Mindez elhivatott koll\u00e9g\u00e1inknak \u00e9s a rendk\u00edv\u00fcl sz\u00e9les tev\u00e9kenys\u00e9gi k\u00f6r\u00fcnknek k\u00f6sz\u00f6nhet\u0151. Az orsz\u00e1g egyik legnagyobb szarvasmarha praxis\u00e1val rendelkez\u00fcnk: 4 megy\u00e9ben, 6 nagyl\u00e9tsz\u00e1m\u00fa telepet l\u00e1tunk el, melyek tej-, h\u00fas- \u00e9s szapor\u00edt\u00f3anyag el\u0151\u00e1ll\u00edt\u00e1ssal is foglalkoznak. Emellett \u00e1llatorvosi rendel\u0151t \u00e9s \u00e1llatpatik\u00e1t \u00fczemeltet\u00fcnk, ENAR kapcsolattart\u00f3i \u00e9s jogosult \u00e1llatorvosi\" \/>\n<meta property=\"og:url\" content=\"https:\/\/univet.hu\/allasborze\/allasborze-2024\/kiallitok\/kharisz-vet-kft\/\" \/>\n<meta property=\"og:site_name\" content=\"\u00c1ll\u00e1sb\u00f6rze\" \/>\n<meta property=\"article:modified_time\" content=\"2025-01-10T12:55:07+00:00\" \/>\n<meta property=\"og:image\" content=\"https:\/\/univet.hu\/allasborze\/wp-content\/uploads\/sites\/2\/2024\/01\/khariszvet-261x320.png\" \/>\n<meta name=\"twitter:card\" content=\"summary_large_image\" \/>\n<meta name=\"twitter:label1\" content=\"Becs\u00fclt olvas\u00e1si id\u0151\" \/>\n\t<meta name=\"twitter:data1\" content=\"1 perc\" \/>\n<script type=\"application\/ld+json\" class=\"yoast-schema-graph\">{\"@context\":\"https:\/\/schema.org\",\"@graph\":[{\"@type\":\"WebPage\",\"@id\":\"https:\/\/univet.hu\/allasborze\/allasborze-2024\/kiallitok\/kharisz-vet-kft\/\",\"url\":\"https:\/\/univet.hu\/allasborze\/allasborze-2024\/kiallitok\/kharisz-vet-kft\/\",\"name\":\"Kharisz-Vet Kft. - \u00c1ll\u00e1sb\u00f6rze\",\"isPartOf\":{\"@id\":\"https:\/\/univet.hu\/allasborze\/#website\"},\"primaryImageOfPage\":{\"@id\":\"https:\/\/univet.hu\/allasborze\/allasborze-2024\/kiallitok\/kharisz-vet-kft\/#primaryimage\"},\"image\":{\"@id\":\"https:\/\/univet.hu\/allasborze\/allasborze-2024\/kiallitok\/kharisz-vet-kft\/#primaryimage\"},\"thumbnailUrl\":\"https:\/\/univet.hu\/allasborze\/wp-content\/uploads\/sites\/2\/2024\/01\/khariszvet-261x320.png\",\"datePublished\":\"2024-01-25T12:09:41+00:00\",\"dateModified\":\"2025-01-10T12:55:07+00:00\",\"breadcrumb\":{\"@id\":\"https:\/\/univet.hu\/allasborze\/allasborze-2024\/kiallitok\/kharisz-vet-kft\/#breadcrumb\"},\"inLanguage\":\"hu\",\"potentialAction\":[{\"@type\":\"ReadAction\",\"target\":[\"https:\/\/univet.hu\/allasborze\/allasborze-2024\/kiallitok\/kharisz-vet-kft\/\"]}]},{\"@type\":\"ImageObject\",\"inLanguage\":\"hu\",\"@id\":\"https:\/\/univet.hu\/allasborze\/allasborze-2024\/kiallitok\/kharisz-vet-kft\/#primaryimage\",\"url\":\"https:\/\/univet.hu\/allasborze\/wp-content\/uploads\/sites\/2\/2024\/01\/khariszvet.png\",\"contentUrl\":\"https:\/\/univet.hu\/allasborze\/wp-content\/uploads\/sites\/2\/2024\/01\/khariszvet.png\",\"width\":496,\"height\":609},{\"@type\":\"BreadcrumbList\",\"@id\":\"https:\/\/univet.hu\/allasborze\/allasborze-2024\/kiallitok\/kharisz-vet-kft\/#breadcrumb\",\"itemListElement\":[{\"@type\":\"ListItem\",\"position\":1,\"name\":\"Kezd\u0151lap\",\"item\":\"https:\/\/univet.hu\/allasborze\/\"},{\"@type\":\"ListItem\",\"position\":2,\"name\":\"\u00c1ll\u00e1sb\u00f6rze 2024\",\"item\":\"https:\/\/univet.hu\/allasborze\/allasborze-2024\/\"},{\"@type\":\"ListItem\",\"position\":3,\"name\":\"Ki\u00e1ll\u00edt\u00f3k\",\"item\":\"https:\/\/univet.hu\/allasborze\/allasborze-2024\/kiallitok\/\"},{\"@type\":\"ListItem\",\"position\":4,\"name\":\"Kharisz-Vet Kft.\"}]},{\"@type\":\"WebSite\",\"@id\":\"https:\/\/univet.hu\/allasborze\/#website\",\"url\":\"https:\/\/univet.hu\/allasborze\/\",\"name\":\"\u00c1ll\u00e1sb\u00f6rze\",\"description\":\"\",\"potentialAction\":[{\"@type\":\"SearchAction\",\"target\":{\"@type\":\"EntryPoint\",\"urlTemplate\":\"https:\/\/univet.hu\/allasborze\/?s={search_term_string}\"},\"query-input\":{\"@type\":\"PropertyValueSpecification\",\"valueRequired\":true,\"valueName\":\"search_term_string\"}}],\"inLanguage\":\"hu\"}]}<\/script>\n<!-- \/ Yoast SEO plugin. -->","yoast_head_json":{"title":"Kharisz-Vet Kft. - \u00c1ll\u00e1sb\u00f6rze","robots":{"index":"index","follow":"follow","max-snippet":"max-snippet:-1","max-image-preview":"max-image-preview:large","max-video-preview":"max-video-preview:-1"},"canonical":"https:\/\/univet.hu\/allasborze\/allasborze-2024\/kiallitok\/kharisz-vet-kft\/","og_locale":"hu_HU","og_type":"article","og_title":"Kharisz-Vet Kft. - \u00c1ll\u00e1sb\u00f6rze","og_description":"A Kharisz-Vet Kft. 2020-as alap\u00edt\u00e1sa \u00f3ta megh\u00e1romszorozta szem\u00e9lyi \u00e1llom\u00e1ny\u00e1t \u00e9s megn\u00e9gyszerezte \u00e1rbev\u00e9tel\u00e9t. Mindez elhivatott koll\u00e9g\u00e1inknak \u00e9s a rendk\u00edv\u00fcl sz\u00e9les tev\u00e9kenys\u00e9gi k\u00f6r\u00fcnknek k\u00f6sz\u00f6nhet\u0151. Az orsz\u00e1g egyik legnagyobb szarvasmarha praxis\u00e1val rendelkez\u00fcnk: 4 megy\u00e9ben, 6 nagyl\u00e9tsz\u00e1m\u00fa telepet l\u00e1tunk el, melyek tej-, h\u00fas- \u00e9s szapor\u00edt\u00f3anyag el\u0151\u00e1ll\u00edt\u00e1ssal is foglalkoznak. Emellett \u00e1llatorvosi rendel\u0151t \u00e9s \u00e1llatpatik\u00e1t \u00fczemeltet\u00fcnk, ENAR kapcsolattart\u00f3i \u00e9s jogosult \u00e1llatorvosi","og_url":"https:\/\/univet.hu\/allasborze\/allasborze-2024\/kiallitok\/kharisz-vet-kft\/","og_site_name":"\u00c1ll\u00e1sb\u00f6rze","article_modified_time":"2025-01-10T12:55:07+00:00","og_image":[{"url":"https:\/\/univet.hu\/allasborze\/wp-content\/uploads\/sites\/2\/2024\/01\/khariszvet-261x320.png","type":"","width":"","height":""}],"twitter_card":"summary_large_image","twitter_misc":{"Becs\u00fclt olvas\u00e1si id\u0151":"1 perc"},"schema":{"@context":"https:\/\/schema.org","@graph":[{"@type":"WebPage","@id":"https:\/\/univet.hu\/allasborze\/allasborze-2024\/kiallitok\/kharisz-vet-kft\/","url":"https:\/\/univet.hu\/allasborze\/allasborze-2024\/kiallitok\/kharisz-vet-kft\/","name":"Kharisz-Vet Kft. - \u00c1ll\u00e1sb\u00f6rze","isPartOf":{"@id":"https:\/\/univet.hu\/allasborze\/#website"},"primaryImageOfPage":{"@id":"https:\/\/univet.hu\/allasborze\/allasborze-2024\/kiallitok\/kharisz-vet-kft\/#primaryimage"},"image":{"@id":"https:\/\/univet.hu\/allasborze\/allasborze-2024\/kiallitok\/kharisz-vet-kft\/#primaryimage"},"thumbnailUrl":"https:\/\/univet.hu\/allasborze\/wp-content\/uploads\/sites\/2\/2024\/01\/khariszvet-261x320.png","datePublished":"2024-01-25T12:09:41+00:00","dateModified":"2025-01-10T12:55:07+00:00","breadcrumb":{"@id":"https:\/\/univet.hu\/allasborze\/allasborze-2024\/kiallitok\/kharisz-vet-kft\/#breadcrumb"},"inLanguage":"hu","potentialAction":[{"@type":"ReadAction","target":["https:\/\/univet.hu\/allasborze\/allasborze-2024\/kiallitok\/kharisz-vet-kft\/"]}]},{"@type":"ImageObject","inLanguage":"hu","@id":"https:\/\/univet.hu\/allasborze\/allasborze-2024\/kiallitok\/kharisz-vet-kft\/#primaryimage","url":"https:\/\/univet.hu\/allasborze\/wp-content\/uploads\/sites\/2\/2024\/01\/khariszvet.png","contentUrl":"https:\/\/univet.hu\/allasborze\/wp-content\/uploads\/sites\/2\/2024\/01\/khariszvet.png","width":496,"height":609},{"@type":"BreadcrumbList","@id":"https:\/\/univet.hu\/allasborze\/allasborze-2024\/kiallitok\/kharisz-vet-kft\/#breadcrumb","itemListElement":[{"@type":"ListItem","position":1,"name":"Kezd\u0151lap","item":"https:\/\/univet.hu\/allasborze\/"},{"@type":"ListItem","position":2,"name":"\u00c1ll\u00e1sb\u00f6rze 2024","item":"https:\/\/univet.hu\/allasborze\/allasborze-2024\/"},{"@type":"ListItem","position":3,"name":"Ki\u00e1ll\u00edt\u00f3k","item":"https:\/\/univet.hu\/allasborze\/allasborze-2024\/kiallitok\/"},{"@type":"ListItem","position":4,"name":"Kharisz-Vet Kft."}]},{"@type":"WebSite","@id":"https:\/\/univet.hu\/allasborze\/#website","url":"https:\/\/univet.hu\/allasborze\/","name":"\u00c1ll\u00e1sb\u00f6rze","description":"","potentialAction":[{"@type":"SearchAction","target":{"@type":"EntryPoint","urlTemplate":"https:\/\/univet.hu\/allasborze\/?s={search_term_string}"},"query-input":{"@type":"PropertyValueSpecification","valueRequired":true,"valueName":"search_term_string"}}],"inLanguage":"hu"}]}},"_links":{"self":[{"href":"https:\/\/univet.hu\/allasborze\/wp-json\/wp\/v2\/pages\/98072","targetHints":{"allow":["GET"]}}],"collection":[{"href":"https:\/\/univet.hu\/allasborze\/wp-json\/wp\/v2\/pages"}],"about":[{"href":"https:\/\/univet.hu\/allasborze\/wp-json\/wp\/v2\/types\/page"}],"author":[{"embeddable":true,"href":"https:\/\/univet.hu\/allasborze\/wp-json\/wp\/v2\/users\/2518"}],"replies":[{"embeddable":true,"href":"https:\/\/univet.hu\/allasborze\/wp-json\/wp\/v2\/comments?post=98072"}],"version-history":[{"count":1,"href":"https:\/\/univet.hu\/allasborze\/wp-json\/wp\/v2\/pages\/98072\/revisions"}],"predecessor-version":[{"id":172711,"href":"https:\/\/univet.hu\/allasborze\/wp-json\/wp\/v2\/pages\/98072\/revisions\/172711"}],"up":[{"embeddable":true,"href":"https:\/\/univet.hu\/allasborze\/wp-json\/wp\/v2\/pages\/96306"}],"wp:attachment":[{"href":"https:\/\/univet.hu\/allasborze\/wp-json\/wp\/v2\/media?parent=98072"}],"wp:term":[{"taxonomy":"category","embeddable":true,"href":"https:\/\/univet.hu\/allasborze\/wp-json\/wp\/v2\/categories?post=98072"},{"taxonomy":"post_tag","embeddable":true,"href":"https:\/\/univet.hu\/allasborze\/wp-json\/wp\/v2\/tags?post=98072"}],"curies":[{"name":"wp","href":"https:\/\/api.w.org\/{rel}","templated":true}]}}