{"id":3843,"date":"2017-10-24T15:43:00","date_gmt":"2017-10-24T13:43:00","guid":{"rendered":"http:\/\/univet.hu\/universitaet\/mitarbeiter\/gerencser-ferencne\/"},"modified":"2026-02-10T04:43:41","modified_gmt":"2026-02-10T03:43:41","slug":"gerencser-ferencne","status":"publish","type":"page","link":"https:\/\/univet.hu\/de\/universitaet\/mitarbeiter\/gerencser-ferencne\/","title":{"rendered":"Gerencs\u00e9r Ferencn\u00e9"},"content":{"rendered":"<p style=\"text-align: center;\"><strong>Einf\u00fchrung<\/strong><\/p> <p>Im Zusammenhang mit der Lehre von Heilpflanzen bin ich 2014 an die Abteilung f\u00fcr Botanik gekommen, zun\u00e4chst auf Deutsch und dann auf Ungarisch. Sp\u00e4ter beteiligte ich mich auch an der Lehre der Veterin\u00e4rbotanik und an der Entwicklung des neu gestalteten Lehrplans, wobei vor allem die Pflanzenchemie zu meinem Fachgebiet wurde. Zus\u00e4tzlich zu diesen beiden F\u00e4chern leite ich derzeit einen Deutschkurs zum Thema giftige Garten- und Zimmerpflanzen. Ich verstehe mich als Lehrer, Forschungsaufgaben erledige ich nur als Mitarbeiter kleinerer Projekte.<\/p> <p>Meine Arbeit ist mein Hobby: Ich interessiere mich f\u00fcr alles, was mit Bildung, Kr\u00e4utern und der deutschen Sprache zu tun hat. Meine Zeit au\u00dferhalb der Arbeit verbringe ich mit meiner Familie.<\/p> <p><strong>Forschungsschwerpunkte:<\/strong><\/p> <ul> <li>Einsatzm\u00f6glichkeiten von Heilpflanzen in der tier\u00e4rztlichen Praxis<\/li> <li>sekund\u00e4re Stoffwechselprodukte und deren Nachweis<\/li> <\/ul> <p><strong>Fortschritt<\/strong><\/p> <table style=\"height: 247px;\" width=\"981\"> <tbody> <tr style=\"height: 23px;\"> <td style=\"width: 231.108px; text-align: center; height: 23px;\">Arbeitspl\u00e4tze<\/td> <td style=\"width: 456.236px; text-align: center; height: 23px;\">Institutionen<\/td> <td style=\"width: 273.139px; text-align: center; height: 23px;\">Post<\/td> <\/tr> <tr style=\"height: 95px;\"> <td style=\"width: 231.108px; text-align: center; height: 95px;\">\u00a01993 -1994<\/td> <td style=\"width: 456.236px; text-align: center; height: 95px;\"> <p>\u00a0Gy\u00f3gyn\u00f6v\u00e9nykutat\u00f3 Int\u00e9zet<\/p> <p>(Institut f\u00fcr Heilpflanzenforschung)<\/td> <td style=\"width: 273.139px; text-align: center; height: 95px;\">wissenschaftlicher Praktikant<\/td> <\/tr> <tr style=\"height: 119px;\"> <td style=\"width: 231.108px; text-align: center; height: 119px;\">\u00a01990-1993<\/td> <td style=\"width: 456.236px; text-align: center; height: 119px;\"> <p>\u00a0G\u00f6d\u00f6ll\u0151i Agr\u00e1rtudom\u00e1nyi Egyetem Tan\u00e1rk\u00e9pz\u0151 Int\u00e9zete<\/p> <p>(Institut f\u00fcr Lehrerausbildung an der Agrarwissenschaftlichen Universit\u00e4t G\u00f6d\u00f6ll\u0151)<\/td> <td style=\"width: 273.139px; text-align: center; height: 119px;\">Lehrer f\u00fcr Gartenbautechnik<\/td> <\/tr> <tr style=\"height: 10px;\"> <td style=\"width: 231.108px; text-align: center; height: 10px;\">\u00a01988-1993<\/td> <td style=\"width: 456.236px; text-align: center; height: 10px;\"> <p>\u00a0Kert\u00e9szeti \u00e9s \u00c9lelmiszeripari Egyetem, Kert\u00e9szeti Kar, Gy\u00f3gyn\u00f6v\u00e9nytermeszt\u00e9s Szak<\/p> <p>(Universit\u00e4t f\u00fcr Gartenbau und Lebensmittelindustrie, Fakult\u00e4t f\u00fcr Gartenbau, Anbau von Heilpflanzen)<\/td> <td style=\"width: 273.139px; text-align: center; height: 10px;\"><strong>zertifizierter GartenbauingenieurSzakmai szervezeti tags\u00e1g<\/strong><\/td> <\/tr> <\/tbody> <\/table> <p>Anzahl der bisherigen Abschlussarbeiten\/TDK-Studenten<\/p> <p>1<\/p> <table width=\"569\"> <tbody> <tr> <td colspan=\"2\" width=\"569\">Doktoranden<\/td> <\/tr> <\/tbody> <\/table> <p><strong>Publikationsliste (Top10)<\/strong><\/p> <p>MTMT:<\/p>","protected":false},"excerpt":{"rendered":"<p>Einf\u00fchrung Im Zusammenhang mit der Lehre von Heilpflanzen bin ich 2014 an die Abteilung f\u00fcr Botanik gekommen, zun\u00e4chst auf Deutsch und dann auf Ungarisch. Sp\u00e4ter beteiligte ich mich auch an der Lehre der Veterin\u00e4rbotanik und an der Entwicklung des neu gestalteten Lehrplans, wobei vor allem die Pflanzenchemie zu meinem Fachgebiet wurde. Zus\u00e4tzlich zu diesen beiden<\/p>\n","protected":false},"author":5824,"featured_media":0,"parent":859,"menu_order":210,"comment_status":"closed","ping_status":"closed","template":"","meta":{"_acf_changed":false,"footnotes":""},"categories":[55],"tags":[],"class_list":["post-3843","page","type-page","status-publish","hentry","category-mitarbeiter"],"acf":[],"_links":{"self":[{"href":"https:\/\/univet.hu\/de\/wp-json\/wp\/v2\/pages\/3843","targetHints":{"allow":["GET"]}}],"collection":[{"href":"https:\/\/univet.hu\/de\/wp-json\/wp\/v2\/pages"}],"about":[{"href":"https:\/\/univet.hu\/de\/wp-json\/wp\/v2\/types\/page"}],"author":[{"embeddable":true,"href":"https:\/\/univet.hu\/de\/wp-json\/wp\/v2\/users\/5824"}],"replies":[{"embeddable":true,"href":"https:\/\/univet.hu\/de\/wp-json\/wp\/v2\/comments?post=3843"}],"version-history":[{"count":1,"href":"https:\/\/univet.hu\/de\/wp-json\/wp\/v2\/pages\/3843\/revisions"}],"predecessor-version":[{"id":200686,"href":"https:\/\/univet.hu\/de\/wp-json\/wp\/v2\/pages\/3843\/revisions\/200686"}],"up":[{"embeddable":true,"href":"https:\/\/univet.hu\/de\/wp-json\/wp\/v2\/pages\/859"}],"wp:attachment":[{"href":"https:\/\/univet.hu\/de\/wp-json\/wp\/v2\/media?parent=3843"}],"wp:term":[{"taxonomy":"category","embeddable":true,"href":"https:\/\/univet.hu\/de\/wp-json\/wp\/v2\/categories?post=3843"},{"taxonomy":"post_tag","embeddable":true,"href":"https:\/\/univet.hu\/de\/wp-json\/wp\/v2\/tags?post=3843"}],"curies":[{"name":"wp","href":"https:\/\/api.w.org\/{rel}","templated":true}]}}

Gerencsér Ferencné

<p style="text-align: center;"><strong>Einführung</strong></p> <p>Im Zusammenhang mit der Lehre von Heilpflanzen bin ich 2014 an die Abteilung für Botanik gekommen, zunächst auf Deutsch und dann auf Ungarisch. Später beteiligte ich mich auch an der Lehre der Veterinärbotanik und an der Entwicklung des neu gestalteten Lehrplans, wobei vor allem die Pflanzenchemie zu meinem Fachgebiet wurde. Zusätzlich zu diesen beiden Fächern leite ich derzeit einen Deutschkurs zum Thema giftige Garten- und Zimmerpflanzen. Ich verstehe mich als Lehrer, Forschungsaufgaben erledige ich nur als Mitarbeiter kleinerer Projekte.</p> <p>Meine Arbeit ist mein Hobby: Ich interessiere mich für alles, was mit Bildung, Kräutern und der deutschen Sprache zu tun hat. Meine Zeit außerhalb der Arbeit verbringe ich mit meiner Familie.</p> <p><strong>Forschungsschwerpunkte:</strong></p> <ul> <li>Einsatzmöglichkeiten von Heilpflanzen in der tierärztlichen Praxis</li> <li>sekundäre Stoffwechselprodukte und deren Nachweis</li> </ul> <p><strong>Fortschritt</strong></p> <table style="height: 247px;" width="981"> <tbody> <tr style="height: 23px;"> <td style="width: 231.108px; text-align: center; height: 23px;">Arbeitsplätze</td> <td style="width: 456.236px; text-align: center; height: 23px;">Institutionen</td> <td style="width: 273.139px; text-align: center; height: 23px;">Post</td> </tr> <tr style="height: 95px;"> <td style="width: 231.108px; text-align: center; height: 95px;"> 1993 -1994</td> <td style="width: 456.236px; text-align: center; height: 95px;"> <p> Gyógynövénykutató Intézet</p> <p>(Institut für Heilpflanzenforschung)</td> <td style="width: 273.139px; text-align: center; height: 95px;">wissenschaftlicher Praktikant</td> </tr> <tr style="height: 119px;"> <td style="width: 231.108px; text-align: center; height: 119px;"> 1990-1993</td> <td style="width: 456.236px; text-align: center; height: 119px;"> <p> Gödöllői Agrártudományi Egyetem Tanárképző Intézete</p> <p>(Institut für Lehrerausbildung an der Agrarwissenschaftlichen Universität Gödöllő)</td> <td style="width: 273.139px; text-align: center; height: 119px;">Lehrer für Gartenbautechnik</td> </tr> <tr style="height: 10px;"> <td style="width: 231.108px; text-align: center; height: 10px;"> 1988-1993</td> <td style="width: 456.236px; text-align: center; height: 10px;"> <p> Kertészeti és Élelmiszeripari Egyetem, Kertészeti Kar, Gyógynövénytermesztés Szak</p> <p>(Universität für Gartenbau und Lebensmittelindustrie, Fakultät für Gartenbau, Anbau von Heilpflanzen)</td> <td style="width: 273.139px; text-align: center; height: 10px;"><strong>zertifizierter GartenbauingenieurSzakmai szervezeti tagság</strong></td> </tr> </tbody> </table> <p>Anzahl der bisherigen Abschlussarbeiten/TDK-Studenten</p> <p>1</p> <table width="569"> <tbody> <tr> <td colspan="2" width="569">Doktoranden</td> </tr> </tbody> </table> <p><strong>Publikationsliste (Top10)</strong></p> <p>MTMT:</p>

<p>Einführung Im Zusammenhang mit der Lehre von Heilpflanzen bin ich 2014 an die Abteilung für Botanik gekommen, zunächst auf Deutsch und dann auf Ungarisch. Später beteiligte ich mich auch an der Lehre der Veterinärbotanik und an der Entwicklung des neu gestalteten Lehrplans, wobei vor allem die Pflanzenchemie zu meinem Fachgebiet wurde. Zusätzlich zu diesen beiden</p>
