{"id":27034,"date":"2018-10-01T22:33:20","date_gmt":"2018-10-01T20:33:20","guid":{"rendered":"http:\/\/univet.hu\/vetphysiol\/elettan\/allatorvosi-elettan\/"},"modified":"2025-06-23T13:27:18","modified_gmt":"2025-06-23T11:27:18","slug":"allatorvosi-elettan","status":"publish","type":"page","link":"https:\/\/univet.hu\/ebt\/ebt\/vetphysiol\/allatorvosi-elettan\/","title":{"rendered":"\u00c1llatorvosi \u00e9lettan"},"content":{"rendered":"<h3>Kurzusinform\u00e1ci\u00f3:<\/h3> <h4 class=\"entry-title\"><a href=\"https:\/\/univet.hu\/hu\/oktatas\/kurzusok\/allatorvosi-elettan-1\/\">\u00c1llatorvosi \u00e9lettan I.<\/a><\/h4> <h4 class=\"entry-title\"><a href=\"https:\/\/univet.hu\/hu\/oktatas\/kurzusok\/allatorvosi-elettan-2\/\">\u00c1llatorvosi \u00e9lettan II.<\/a><\/h4> <p>&nbsp;<\/p> <h3>T\u00e1rgyle\u00edr\u00e1s<\/h3> <p style=\"text-align: justify\">Az \u00e9lettan a biol\u00f3giai tudom\u00e1nyok egyike. T\u00e1rgya az eg\u00e9szs\u00e9ges szervezet sejtjeiben, sz\u00f6veteiben, szerveiben lezajl\u00f3 t\u00e9rbeli \u00e9s id\u0151beli folyamatok le\u00edr\u00e1sa \u00e9s azoknak az eg\u00e9sz szervezet m\u0171k\u00f6d\u00e9se szintj\u00e9n t\u00f6rt\u00e9n\u0151 magyar\u00e1zata. A m\u0171k\u00f6d\u00e9sek le\u00edr\u00e1s\u00e1hoz felhaszn\u00e1lja a fizika, a k\u00e9mia, a biofizika \u00e9s a biok\u00e9mia \u00e1ltal ny\u00fajtott kvantitat\u00edv \u00e9s kvalitat\u00edv vizsg\u00e1l\u00f3 elj\u00e1r\u00e1sokat.<\/p> <p style=\"text-align: justify\">Az \u00e1llatorvostan-hallgat\u00f3k sz\u00e1m\u00e1ra az \u00e1llat\u00e9lettan t\u00fals\u00e1gosan b\u0151s\u00e9ges, teljes anyag\u00e1nak bemutat\u00e1sa helyett annak csup\u00e1n egy r\u00e9sz\u00e9t, az \u00e1llatorvosi \u00e9lettant oktatjuk. Ez a t\u00e1rgy kiemeli az \u00e9lettan azon fejezeteit, amelyekre a k\u00e9s\u0151bbi st\u00fadiumok sor\u00e1n a hallgat\u00f3nak, illetve munk\u00e1ja sor\u00e1n az \u00e1llatorvosnak sz\u00fcks\u00e9ge lesz. Tekintettel arra, hogy az \u00e9lettan alapoz\u00f3 tant\u00e1rgy (az \u00e1llatorvostan-k\u00e9pz\u00e9s tanterv\u00e9ben az alapoz\u00f3 modul r\u00e9sze), hangs\u00falyt fektet\u00fcnk arra is, hogy az egyes \u00e1llatorvosi szempontb\u00f3l fontos fejezeteket olyan m\u00e9lys\u00e9gben oktassuk a hallgat\u00f3knak, hogy &#8211; a letisztult tananyagon t\u00falmen\u0151en &#8211; az \u00e9ppen kutat\u00e1s alatt l\u00e9v\u0151, vitatott k\u00e9rd\u00e9sekbe is tudom\u00e1nyos szinten nyerjenek betekint\u00e9st.<\/p> <p style=\"text-align: justify\">Azok az \u00e1llatorvostan hallgat\u00f3k, akik m\u00e1s egyetemeken, vagy a mi tansz\u00e9k\u00fcnk\u00f6n hallgatott k\u00e9t f\u00e9l\u00e9ves \u00e9lettani oktat\u00e1s ut\u00e1n sikeres vizsg\u00e1val rendelkeznek, r\u00e9szleges, vagy teljes felment\u00e9st kaphatnak egy\u00e9ni elb\u00edr\u00e1l\u00e1s alapj\u00e1n.<\/p> <p style=\"text-align: justify\">Az \u00e1llatorvosi \u00e9lettan oktat\u00e1s\u00e1nak c\u00e9lja tov\u00e1bb\u00e1 a hallgat\u00f3k felk\u00e9sz\u00edt\u00e9se a mindennapi \u00e1llatorvosi munka fontos elem\u00e9re, az egy\u00e9ni manu\u00e1lis munk\u00e1ra. Ezt a gyakorlati oktat\u00e1son kereszt\u00fcl k\u00edv\u00e1njuk el\u00e9rni. A gyakorlatokt\u00f3l kett\u0151s eredm\u00e9nyt v\u00e1runk. Egyr\u00e9szt a manualit\u00e1s javul\u00e1s\u00e1t, m\u00e1sr\u00e9szt azt, hogy a hallgat\u00f3 a gyakorlati k\u00eds\u00e9rletek elv\u00e9gz\u00e9s\u00e9n kereszt\u00fcl megl\u00e1ssa, meg\u00e9rezze az elm\u00e9let \u00e9s a gyakorlat k\u00f6z\u00f6tti \u00f6sszef\u00fcgg\u00e9seket, valamint az \u00e9lettani-biol\u00f3giai kutat\u00e1sok sz\u00e9ps\u00e9g\u00e9t.<\/p> <h4 class=\"entry-title\"><\/h4> <p>&nbsp;<\/p>","protected":false},"excerpt":{"rendered":"<p>Kurzusinform\u00e1ci\u00f3: \u00c1llatorvosi \u00e9lettan I. \u00c1llatorvosi \u00e9lettan II. &nbsp; T\u00e1rgyle\u00edr\u00e1s Az \u00e9lettan a biol\u00f3giai tudom\u00e1nyok egyike. T\u00e1rgya az eg\u00e9szs\u00e9ges szervezet sejtjeiben, sz\u00f6veteiben, szerveiben lezajl\u00f3 t\u00e9rbeli \u00e9s id\u0151beli folyamatok le\u00edr\u00e1sa \u00e9s azoknak az eg\u00e9sz szervezet m\u0171k\u00f6d\u00e9se szintj\u00e9n t\u00f6rt\u00e9n\u0151 magyar\u00e1zata. A m\u0171k\u00f6d\u00e9sek le\u00edr\u00e1s\u00e1hoz felhaszn\u00e1lja a fizika, a k\u00e9mia, a biofizika \u00e9s a biok\u00e9mia \u00e1ltal ny\u00fajtott kvantitat\u00edv \u00e9s kvalitat\u00edv<\/p>\n","protected":false},"author":3837,"featured_media":0,"parent":27030,"menu_order":83,"comment_status":"closed","ping_status":"closed","template":"","meta":{"_acf_changed":false,"footnotes":""},"categories":[],"tags":[],"class_list":["post-27034","page","type-page","status-publish","hentry"],"acf":[],"yoast_head":"<!-- This site is optimized with the Yoast SEO plugin v27.2 - https:\/\/yoast.com\/product\/yoast-seo-wordpress\/ -->\n<title>\u00c1llatorvosi \u00e9lettan - \u00c9lettani \u00e9s Biok\u00e9miai Tansz\u00e9k<\/title>\n<meta name=\"robots\" content=\"index, follow, max-snippet:-1, max-image-preview:large, max-video-preview:-1\" \/>\n<link rel=\"canonical\" href=\"https:\/\/univet.hu\/ebt\/ebt\/vetphysiol\/allatorvosi-elettan\/\" \/>\n<meta property=\"og:locale\" content=\"hu_HU\" \/>\n<meta property=\"og:type\" content=\"article\" \/>\n<meta property=\"og:title\" content=\"\u00c1llatorvosi \u00e9lettan - \u00c9lettani \u00e9s Biok\u00e9miai Tansz\u00e9k\" \/>\n<meta property=\"og:description\" content=\"Kurzusinform\u00e1ci\u00f3: \u00c1llatorvosi \u00e9lettan I. \u00c1llatorvosi \u00e9lettan II. &nbsp; T\u00e1rgyle\u00edr\u00e1s Az \u00e9lettan a biol\u00f3giai tudom\u00e1nyok egyike. T\u00e1rgya az eg\u00e9szs\u00e9ges szervezet sejtjeiben, sz\u00f6veteiben, szerveiben lezajl\u00f3 t\u00e9rbeli \u00e9s id\u0151beli folyamatok le\u00edr\u00e1sa \u00e9s azoknak az eg\u00e9sz szervezet m\u0171k\u00f6d\u00e9se szintj\u00e9n t\u00f6rt\u00e9n\u0151 magyar\u00e1zata. A m\u0171k\u00f6d\u00e9sek le\u00edr\u00e1s\u00e1hoz felhaszn\u00e1lja a fizika, a k\u00e9mia, a biofizika \u00e9s a biok\u00e9mia \u00e1ltal ny\u00fajtott kvantitat\u00edv \u00e9s kvalitat\u00edv\" \/>\n<meta property=\"og:url\" content=\"https:\/\/univet.hu\/ebt\/ebt\/vetphysiol\/allatorvosi-elettan\/\" \/>\n<meta property=\"og:site_name\" content=\"\u00c9lettani \u00e9s Biok\u00e9miai Tansz\u00e9k\" \/>\n<meta property=\"article:modified_time\" content=\"2025-06-23T11:27:18+00:00\" \/>\n<meta name=\"twitter:card\" content=\"summary_large_image\" \/>\n<meta name=\"twitter:label1\" content=\"Becs\u00fclt olvas\u00e1si id\u0151\" \/>\n\t<meta name=\"twitter:data1\" content=\"2 perc\" \/>\n<script type=\"application\/ld+json\" class=\"yoast-schema-graph\">{\"@context\":\"https:\/\/schema.org\",\"@graph\":[{\"@type\":\"WebPage\",\"@id\":\"https:\/\/univet.hu\/ebt\/ebt\/vetphysiol\/allatorvosi-elettan\/\",\"url\":\"https:\/\/univet.hu\/ebt\/ebt\/vetphysiol\/allatorvosi-elettan\/\",\"name\":\"\u00c1llatorvosi \u00e9lettan - \u00c9lettani \u00e9s Biok\u00e9miai Tansz\u00e9k\",\"isPartOf\":{\"@id\":\"https:\/\/univet.hu\/ebt\/#website\"},\"datePublished\":\"2018-10-01T20:33:20+00:00\",\"dateModified\":\"2025-06-23T11:27:18+00:00\",\"breadcrumb\":{\"@id\":\"https:\/\/univet.hu\/ebt\/ebt\/vetphysiol\/allatorvosi-elettan\/#breadcrumb\"},\"inLanguage\":\"hu\",\"potentialAction\":[{\"@type\":\"ReadAction\",\"target\":[\"https:\/\/univet.hu\/ebt\/ebt\/vetphysiol\/allatorvosi-elettan\/\"]}]},{\"@type\":\"BreadcrumbList\",\"@id\":\"https:\/\/univet.hu\/ebt\/ebt\/vetphysiol\/allatorvosi-elettan\/#breadcrumb\",\"itemListElement\":[{\"@type\":\"ListItem\",\"position\":1,\"name\":\"Kezd\u0151lap\",\"item\":\"https:\/\/univet.hu\/ebt\/\"},{\"@type\":\"ListItem\",\"position\":2,\"name\":\"\u00c9lettani \u00e9s Biok\u00e9miai Tansz\u00e9k\",\"item\":\"https:\/\/univet.hu\/ebt\/\"},{\"@type\":\"ListItem\",\"position\":3,\"name\":\"\u00c9lettani Oszt\u00e1ly\",\"item\":\"https:\/\/univet.hu\/ebt\/ebt\/vetphysiol\/\"},{\"@type\":\"ListItem\",\"position\":4,\"name\":\"\u00c1llatorvosi \u00e9lettan\"}]},{\"@type\":\"WebSite\",\"@id\":\"https:\/\/univet.hu\/ebt\/#website\",\"url\":\"https:\/\/univet.hu\/ebt\/\",\"name\":\"\u00c9lettani \u00e9s Biok\u00e9miai Tansz\u00e9k\",\"description\":\"\",\"potentialAction\":[{\"@type\":\"SearchAction\",\"target\":{\"@type\":\"EntryPoint\",\"urlTemplate\":\"https:\/\/univet.hu\/ebt\/?s={search_term_string}\"},\"query-input\":{\"@type\":\"PropertyValueSpecification\",\"valueRequired\":true,\"valueName\":\"search_term_string\"}}],\"inLanguage\":\"hu\"}]}<\/script>\n<!-- \/ Yoast SEO plugin. -->","yoast_head_json":{"title":"\u00c1llatorvosi \u00e9lettan - \u00c9lettani \u00e9s Biok\u00e9miai Tansz\u00e9k","robots":{"index":"index","follow":"follow","max-snippet":"max-snippet:-1","max-image-preview":"max-image-preview:large","max-video-preview":"max-video-preview:-1"},"canonical":"https:\/\/univet.hu\/ebt\/ebt\/vetphysiol\/allatorvosi-elettan\/","og_locale":"hu_HU","og_type":"article","og_title":"\u00c1llatorvosi \u00e9lettan - \u00c9lettani \u00e9s Biok\u00e9miai Tansz\u00e9k","og_description":"Kurzusinform\u00e1ci\u00f3: \u00c1llatorvosi \u00e9lettan I. \u00c1llatorvosi \u00e9lettan II. &nbsp; T\u00e1rgyle\u00edr\u00e1s Az \u00e9lettan a biol\u00f3giai tudom\u00e1nyok egyike. T\u00e1rgya az eg\u00e9szs\u00e9ges szervezet sejtjeiben, sz\u00f6veteiben, szerveiben lezajl\u00f3 t\u00e9rbeli \u00e9s id\u0151beli folyamatok le\u00edr\u00e1sa \u00e9s azoknak az eg\u00e9sz szervezet m\u0171k\u00f6d\u00e9se szintj\u00e9n t\u00f6rt\u00e9n\u0151 magyar\u00e1zata. A m\u0171k\u00f6d\u00e9sek le\u00edr\u00e1s\u00e1hoz felhaszn\u00e1lja a fizika, a k\u00e9mia, a biofizika \u00e9s a biok\u00e9mia \u00e1ltal ny\u00fajtott kvantitat\u00edv \u00e9s kvalitat\u00edv","og_url":"https:\/\/univet.hu\/ebt\/ebt\/vetphysiol\/allatorvosi-elettan\/","og_site_name":"\u00c9lettani \u00e9s Biok\u00e9miai Tansz\u00e9k","article_modified_time":"2025-06-23T11:27:18+00:00","twitter_card":"summary_large_image","twitter_misc":{"Becs\u00fclt olvas\u00e1si id\u0151":"2 perc"},"schema":{"@context":"https:\/\/schema.org","@graph":[{"@type":"WebPage","@id":"https:\/\/univet.hu\/ebt\/ebt\/vetphysiol\/allatorvosi-elettan\/","url":"https:\/\/univet.hu\/ebt\/ebt\/vetphysiol\/allatorvosi-elettan\/","name":"\u00c1llatorvosi \u00e9lettan - \u00c9lettani \u00e9s Biok\u00e9miai Tansz\u00e9k","isPartOf":{"@id":"https:\/\/univet.hu\/ebt\/#website"},"datePublished":"2018-10-01T20:33:20+00:00","dateModified":"2025-06-23T11:27:18+00:00","breadcrumb":{"@id":"https:\/\/univet.hu\/ebt\/ebt\/vetphysiol\/allatorvosi-elettan\/#breadcrumb"},"inLanguage":"hu","potentialAction":[{"@type":"ReadAction","target":["https:\/\/univet.hu\/ebt\/ebt\/vetphysiol\/allatorvosi-elettan\/"]}]},{"@type":"BreadcrumbList","@id":"https:\/\/univet.hu\/ebt\/ebt\/vetphysiol\/allatorvosi-elettan\/#breadcrumb","itemListElement":[{"@type":"ListItem","position":1,"name":"Kezd\u0151lap","item":"https:\/\/univet.hu\/ebt\/"},{"@type":"ListItem","position":2,"name":"\u00c9lettani \u00e9s Biok\u00e9miai Tansz\u00e9k","item":"https:\/\/univet.hu\/ebt\/"},{"@type":"ListItem","position":3,"name":"\u00c9lettani Oszt\u00e1ly","item":"https:\/\/univet.hu\/ebt\/ebt\/vetphysiol\/"},{"@type":"ListItem","position":4,"name":"\u00c1llatorvosi \u00e9lettan"}]},{"@type":"WebSite","@id":"https:\/\/univet.hu\/ebt\/#website","url":"https:\/\/univet.hu\/ebt\/","name":"\u00c9lettani \u00e9s Biok\u00e9miai Tansz\u00e9k","description":"","potentialAction":[{"@type":"SearchAction","target":{"@type":"EntryPoint","urlTemplate":"https:\/\/univet.hu\/ebt\/?s={search_term_string}"},"query-input":{"@type":"PropertyValueSpecification","valueRequired":true,"valueName":"search_term_string"}}],"inLanguage":"hu"}]}},"_links":{"self":[{"href":"https:\/\/univet.hu\/ebt\/wp-json\/wp\/v2\/pages\/27034","targetHints":{"allow":["GET"]}}],"collection":[{"href":"https:\/\/univet.hu\/ebt\/wp-json\/wp\/v2\/pages"}],"about":[{"href":"https:\/\/univet.hu\/ebt\/wp-json\/wp\/v2\/types\/page"}],"author":[{"embeddable":true,"href":"https:\/\/univet.hu\/ebt\/wp-json\/wp\/v2\/users\/3837"}],"replies":[{"embeddable":true,"href":"https:\/\/univet.hu\/ebt\/wp-json\/wp\/v2\/comments?post=27034"}],"version-history":[{"count":3,"href":"https:\/\/univet.hu\/ebt\/wp-json\/wp\/v2\/pages\/27034\/revisions"}],"predecessor-version":[{"id":135208,"href":"https:\/\/univet.hu\/ebt\/wp-json\/wp\/v2\/pages\/27034\/revisions\/135208"}],"up":[{"embeddable":true,"href":"https:\/\/univet.hu\/ebt\/wp-json\/wp\/v2\/pages\/27030"}],"wp:attachment":[{"href":"https:\/\/univet.hu\/ebt\/wp-json\/wp\/v2\/media?parent=27034"}],"wp:term":[{"taxonomy":"category","embeddable":true,"href":"https:\/\/univet.hu\/ebt\/wp-json\/wp\/v2\/categories?post=27034"},{"taxonomy":"post_tag","embeddable":true,"href":"https:\/\/univet.hu\/ebt\/wp-json\/wp\/v2\/tags?post=27034"}],"curies":[{"name":"wp","href":"https:\/\/api.w.org\/{rel}","templated":true}]}}