{"id":27043,"date":"2018-10-01T22:36:27","date_gmt":"2018-10-01T20:36:27","guid":{"rendered":"http:\/\/univet.hu\/?page_id=27043"},"modified":"2025-03-24T10:58:37","modified_gmt":"2025-03-24T09:58:37","slug":"kutatas","status":"publish","type":"page","link":"https:\/\/univet.hu\/ebt\/ebt\/vetphysiol\/kutatas\/","title":{"rendered":"Kutat\u00e1s"},"content":{"rendered":"<p>Kutat\u00e1sunk f\u0151 vonal\u00e1t a homeosztatikus folyamatok k\u00f6zponti ir\u00e1ny\u00edt\u00e1s\u00e1t mag\u00e1ba foglal\u00f3 mechanizmusok, jelens\u00e9gek vizsg\u00e1lata alkotja. Ennek keret\u00e9n bel\u00fcl vizsg\u00e1ljuk az endokrin, a neuroendokrin szab\u00e1lyz\u00f3folyamatoknak a perif\u00e9ri\u00e1s t\u00e9nyez\u0151k \u00e9s a fels\u0151bb agyter\u00fcleti bementek f\u00fcggv\u00e9ny\u00e9ben t\u00f6rt\u00e9n\u0151 hypothalamicus integr\u00e1l\u00e1s\u00e1t. Az eml\u00edtett endokrin\/homeosztatikus folyamatok k\u00f6z\u00fcl els\u0151sorban reprodukt\u00edv mechanizmusok, az anyagcserefolyamatok \u00e9s a cirkadi\u00e1n ritmus hypothalamicus regul\u00e1ci\u00f3j\u00e1nak rendes, \u00e9lettani m\u0171k\u00f6d\u00e9s\u00e9vel foglalkozunk. A fiziol\u00f3gi\u00e1s jelens\u00e9gek meg\u00e9rt\u00e9s\u00e9n t\u00fal, k\u00fcls\u0151 k\u00e1ros\u00edt\u00f3 t\u00e9nyez\u0151k (endokrin diszruptorok) \u00e9s k\u00f3ros elv\u00e1ltoz\u00e1sok (hepaticus encephalopathia, Azlheimer-k\u00f3r, obesitas, stb.) okozta patol\u00f3gi\u00e1s folyamatok mik\u00e9ntj\u00e9t is vizsg\u00e1ljuk.<br \/> A vizsg\u00e1lt folyamatokat (mind a k\u00f6zponti idegrendszer, mind pedig m\u00e1s vizsg\u00e1lt sz\u00f6vetek tekintet\u00e9ben) els\u0151sorban sejtpopul\u00e1ci\u00f3, valamint sejtszint\u0171 \u00e9s intracellul\u00e1ris folyamatokon (mitokondri\u00e1lis folyamatok, receptorexpresszi\u00f3, proteomika, inflammatorikus folyamatok, sejt- sejt interakci\u00f3k, sz\u00f6veti integrit\u00e1s, stb.) kereszt\u00fcl f\u0151leg molekul\u00e1ris \u00e9s k\u00e9palkot\u00f3 elj\u00e1r\u00e1sokkal tanulm\u00e1nyozzuk.<\/p>","protected":false},"excerpt":{"rendered":"<p>Kutat\u00e1sunk f\u0151 vonal\u00e1t a homeosztatikus folyamatok k\u00f6zponti ir\u00e1ny\u00edt\u00e1s\u00e1t mag\u00e1ba foglal\u00f3 mechanizmusok, jelens\u00e9gek vizsg\u00e1lata alkotja. Ennek keret\u00e9n bel\u00fcl vizsg\u00e1ljuk az endokrin, a neuroendokrin szab\u00e1lyz\u00f3folyamatoknak a perif\u00e9ri\u00e1s t\u00e9nyez\u0151k \u00e9s a fels\u0151bb agyter\u00fcleti bementek f\u00fcggv\u00e9ny\u00e9ben t\u00f6rt\u00e9n\u0151 hypothalamicus integr\u00e1l\u00e1s\u00e1t. Az eml\u00edtett endokrin\/homeosztatikus folyamatok k\u00f6z\u00fcl els\u0151sorban reprodukt\u00edv mechanizmusok, az anyagcserefolyamatok \u00e9s a cirkadi\u00e1n ritmus hypothalamicus regul\u00e1ci\u00f3j\u00e1nak rendes, \u00e9lettani m\u0171k\u00f6d\u00e9s\u00e9vel foglalkozunk.<\/p>\n","protected":false},"author":3837,"featured_media":0,"parent":27030,"menu_order":83,"comment_status":"closed","ping_status":"closed","template":"","meta":{"_acf_changed":false,"footnotes":""},"categories":[],"tags":[],"class_list":["post-27043","page","type-page","status-publish","hentry"],"acf":[],"yoast_head":"<!-- This site is optimized with the Yoast SEO plugin v27.2 - https:\/\/yoast.com\/product\/yoast-seo-wordpress\/ -->\n<title>Kutat\u00e1s - \u00c9lettani \u00e9s Biok\u00e9miai Tansz\u00e9k<\/title>\n<meta name=\"robots\" content=\"index, follow, max-snippet:-1, max-image-preview:large, max-video-preview:-1\" \/>\n<link rel=\"canonical\" href=\"https:\/\/univet.hu\/ebt\/ebt\/vetphysiol\/kutatas\/\" \/>\n<meta property=\"og:locale\" content=\"hu_HU\" \/>\n<meta property=\"og:type\" content=\"article\" \/>\n<meta property=\"og:title\" content=\"Kutat\u00e1s - \u00c9lettani \u00e9s Biok\u00e9miai Tansz\u00e9k\" \/>\n<meta property=\"og:description\" content=\"Kutat\u00e1sunk f\u0151 vonal\u00e1t a homeosztatikus folyamatok k\u00f6zponti ir\u00e1ny\u00edt\u00e1s\u00e1t mag\u00e1ba foglal\u00f3 mechanizmusok, jelens\u00e9gek vizsg\u00e1lata alkotja. Ennek keret\u00e9n bel\u00fcl vizsg\u00e1ljuk az endokrin, a neuroendokrin szab\u00e1lyz\u00f3folyamatoknak a perif\u00e9ri\u00e1s t\u00e9nyez\u0151k \u00e9s a fels\u0151bb agyter\u00fcleti bementek f\u00fcggv\u00e9ny\u00e9ben t\u00f6rt\u00e9n\u0151 hypothalamicus integr\u00e1l\u00e1s\u00e1t. Az eml\u00edtett endokrin\/homeosztatikus folyamatok k\u00f6z\u00fcl els\u0151sorban reprodukt\u00edv mechanizmusok, az anyagcserefolyamatok \u00e9s a cirkadi\u00e1n ritmus hypothalamicus regul\u00e1ci\u00f3j\u00e1nak rendes, \u00e9lettani m\u0171k\u00f6d\u00e9s\u00e9vel foglalkozunk.\" \/>\n<meta property=\"og:url\" content=\"https:\/\/univet.hu\/ebt\/ebt\/vetphysiol\/kutatas\/\" \/>\n<meta property=\"og:site_name\" content=\"\u00c9lettani \u00e9s Biok\u00e9miai Tansz\u00e9k\" \/>\n<meta property=\"article:modified_time\" content=\"2025-03-24T09:58:37+00:00\" \/>\n<meta name=\"twitter:card\" content=\"summary_large_image\" \/>\n<meta name=\"twitter:label1\" content=\"Becs\u00fclt olvas\u00e1si id\u0151\" \/>\n\t<meta name=\"twitter:data1\" content=\"1 perc\" \/>\n<script type=\"application\/ld+json\" class=\"yoast-schema-graph\">{\"@context\":\"https:\/\/schema.org\",\"@graph\":[{\"@type\":\"WebPage\",\"@id\":\"https:\/\/univet.hu\/ebt\/ebt\/vetphysiol\/kutatas\/\",\"url\":\"https:\/\/univet.hu\/ebt\/ebt\/vetphysiol\/kutatas\/\",\"name\":\"Kutat\u00e1s - \u00c9lettani \u00e9s Biok\u00e9miai Tansz\u00e9k\",\"isPartOf\":{\"@id\":\"https:\/\/univet.hu\/ebt\/#website\"},\"datePublished\":\"2018-10-01T20:36:27+00:00\",\"dateModified\":\"2025-03-24T09:58:37+00:00\",\"breadcrumb\":{\"@id\":\"https:\/\/univet.hu\/ebt\/ebt\/vetphysiol\/kutatas\/#breadcrumb\"},\"inLanguage\":\"hu\",\"potentialAction\":[{\"@type\":\"ReadAction\",\"target\":[\"https:\/\/univet.hu\/ebt\/ebt\/vetphysiol\/kutatas\/\"]}]},{\"@type\":\"BreadcrumbList\",\"@id\":\"https:\/\/univet.hu\/ebt\/ebt\/vetphysiol\/kutatas\/#breadcrumb\",\"itemListElement\":[{\"@type\":\"ListItem\",\"position\":1,\"name\":\"Kezd\u0151lap\",\"item\":\"https:\/\/univet.hu\/ebt\/\"},{\"@type\":\"ListItem\",\"position\":2,\"name\":\"\u00c9lettani \u00e9s Biok\u00e9miai Tansz\u00e9k\",\"item\":\"https:\/\/univet.hu\/ebt\/\"},{\"@type\":\"ListItem\",\"position\":3,\"name\":\"\u00c9lettani Oszt\u00e1ly\",\"item\":\"https:\/\/univet.hu\/ebt\/ebt\/vetphysiol\/\"},{\"@type\":\"ListItem\",\"position\":4,\"name\":\"Kutat\u00e1s\"}]},{\"@type\":\"WebSite\",\"@id\":\"https:\/\/univet.hu\/ebt\/#website\",\"url\":\"https:\/\/univet.hu\/ebt\/\",\"name\":\"\u00c9lettani \u00e9s Biok\u00e9miai Tansz\u00e9k\",\"description\":\"\",\"potentialAction\":[{\"@type\":\"SearchAction\",\"target\":{\"@type\":\"EntryPoint\",\"urlTemplate\":\"https:\/\/univet.hu\/ebt\/?s={search_term_string}\"},\"query-input\":{\"@type\":\"PropertyValueSpecification\",\"valueRequired\":true,\"valueName\":\"search_term_string\"}}],\"inLanguage\":\"hu\"}]}<\/script>\n<!-- \/ Yoast SEO plugin. -->","yoast_head_json":{"title":"Kutat\u00e1s - \u00c9lettani \u00e9s Biok\u00e9miai Tansz\u00e9k","robots":{"index":"index","follow":"follow","max-snippet":"max-snippet:-1","max-image-preview":"max-image-preview:large","max-video-preview":"max-video-preview:-1"},"canonical":"https:\/\/univet.hu\/ebt\/ebt\/vetphysiol\/kutatas\/","og_locale":"hu_HU","og_type":"article","og_title":"Kutat\u00e1s - \u00c9lettani \u00e9s Biok\u00e9miai Tansz\u00e9k","og_description":"Kutat\u00e1sunk f\u0151 vonal\u00e1t a homeosztatikus folyamatok k\u00f6zponti ir\u00e1ny\u00edt\u00e1s\u00e1t mag\u00e1ba foglal\u00f3 mechanizmusok, jelens\u00e9gek vizsg\u00e1lata alkotja. Ennek keret\u00e9n bel\u00fcl vizsg\u00e1ljuk az endokrin, a neuroendokrin szab\u00e1lyz\u00f3folyamatoknak a perif\u00e9ri\u00e1s t\u00e9nyez\u0151k \u00e9s a fels\u0151bb agyter\u00fcleti bementek f\u00fcggv\u00e9ny\u00e9ben t\u00f6rt\u00e9n\u0151 hypothalamicus integr\u00e1l\u00e1s\u00e1t. Az eml\u00edtett endokrin\/homeosztatikus folyamatok k\u00f6z\u00fcl els\u0151sorban reprodukt\u00edv mechanizmusok, az anyagcserefolyamatok \u00e9s a cirkadi\u00e1n ritmus hypothalamicus regul\u00e1ci\u00f3j\u00e1nak rendes, \u00e9lettani m\u0171k\u00f6d\u00e9s\u00e9vel foglalkozunk.","og_url":"https:\/\/univet.hu\/ebt\/ebt\/vetphysiol\/kutatas\/","og_site_name":"\u00c9lettani \u00e9s Biok\u00e9miai Tansz\u00e9k","article_modified_time":"2025-03-24T09:58:37+00:00","twitter_card":"summary_large_image","twitter_misc":{"Becs\u00fclt olvas\u00e1si id\u0151":"1 perc"},"schema":{"@context":"https:\/\/schema.org","@graph":[{"@type":"WebPage","@id":"https:\/\/univet.hu\/ebt\/ebt\/vetphysiol\/kutatas\/","url":"https:\/\/univet.hu\/ebt\/ebt\/vetphysiol\/kutatas\/","name":"Kutat\u00e1s - \u00c9lettani \u00e9s Biok\u00e9miai Tansz\u00e9k","isPartOf":{"@id":"https:\/\/univet.hu\/ebt\/#website"},"datePublished":"2018-10-01T20:36:27+00:00","dateModified":"2025-03-24T09:58:37+00:00","breadcrumb":{"@id":"https:\/\/univet.hu\/ebt\/ebt\/vetphysiol\/kutatas\/#breadcrumb"},"inLanguage":"hu","potentialAction":[{"@type":"ReadAction","target":["https:\/\/univet.hu\/ebt\/ebt\/vetphysiol\/kutatas\/"]}]},{"@type":"BreadcrumbList","@id":"https:\/\/univet.hu\/ebt\/ebt\/vetphysiol\/kutatas\/#breadcrumb","itemListElement":[{"@type":"ListItem","position":1,"name":"Kezd\u0151lap","item":"https:\/\/univet.hu\/ebt\/"},{"@type":"ListItem","position":2,"name":"\u00c9lettani \u00e9s Biok\u00e9miai Tansz\u00e9k","item":"https:\/\/univet.hu\/ebt\/"},{"@type":"ListItem","position":3,"name":"\u00c9lettani Oszt\u00e1ly","item":"https:\/\/univet.hu\/ebt\/ebt\/vetphysiol\/"},{"@type":"ListItem","position":4,"name":"Kutat\u00e1s"}]},{"@type":"WebSite","@id":"https:\/\/univet.hu\/ebt\/#website","url":"https:\/\/univet.hu\/ebt\/","name":"\u00c9lettani \u00e9s Biok\u00e9miai Tansz\u00e9k","description":"","potentialAction":[{"@type":"SearchAction","target":{"@type":"EntryPoint","urlTemplate":"https:\/\/univet.hu\/ebt\/?s={search_term_string}"},"query-input":{"@type":"PropertyValueSpecification","valueRequired":true,"valueName":"search_term_string"}}],"inLanguage":"hu"}]}},"_links":{"self":[{"href":"https:\/\/univet.hu\/ebt\/wp-json\/wp\/v2\/pages\/27043","targetHints":{"allow":["GET"]}}],"collection":[{"href":"https:\/\/univet.hu\/ebt\/wp-json\/wp\/v2\/pages"}],"about":[{"href":"https:\/\/univet.hu\/ebt\/wp-json\/wp\/v2\/types\/page"}],"author":[{"embeddable":true,"href":"https:\/\/univet.hu\/ebt\/wp-json\/wp\/v2\/users\/3837"}],"replies":[{"embeddable":true,"href":"https:\/\/univet.hu\/ebt\/wp-json\/wp\/v2\/comments?post=27043"}],"version-history":[{"count":4,"href":"https:\/\/univet.hu\/ebt\/wp-json\/wp\/v2\/pages\/27043\/revisions"}],"predecessor-version":[{"id":135007,"href":"https:\/\/univet.hu\/ebt\/wp-json\/wp\/v2\/pages\/27043\/revisions\/135007"}],"up":[{"embeddable":true,"href":"https:\/\/univet.hu\/ebt\/wp-json\/wp\/v2\/pages\/27030"}],"wp:attachment":[{"href":"https:\/\/univet.hu\/ebt\/wp-json\/wp\/v2\/media?parent=27043"}],"wp:term":[{"taxonomy":"category","embeddable":true,"href":"https:\/\/univet.hu\/ebt\/wp-json\/wp\/v2\/categories?post=27043"},{"taxonomy":"post_tag","embeddable":true,"href":"https:\/\/univet.hu\/ebt\/wp-json\/wp\/v2\/tags?post=27043"}],"curies":[{"name":"wp","href":"https:\/\/api.w.org\/{rel}","templated":true}]}}