{"id":75762,"date":"2022-05-30T15:19:09","date_gmt":"2022-05-30T13:19:09","guid":{"rendered":"https:\/\/univet.hu\/hu\/egyetem\/szervezeti-egysegek\/torvenyszeki-allatorvostani-jogi-es-gazdasagtudomanyi-tanszek\/tdk-es-szakdolgozatok\/name\/"},"modified":"2025-09-01T11:54:25","modified_gmt":"2025-09-01T09:54:25","slug":"tdk-es-szakdolgozat-temak","status":"publish","type":"page","link":"https:\/\/univet.hu\/gazdasagtudomanyi-intezet\/torvenyszeki-allatorvostani-jogi-es-gazdasagtudomanyi-tanszek\/tdk-es-szakdolgozatok\/tdk-es-szakdolgozat-temak\/","title":{"rendered":"TDK-\u00e9s szakdolgozat t\u00e9m\u00e1k"},"content":{"rendered":"<h3><strong>TDK- \u00e9s szakdolgozat t\u00e9m\u00e1k<\/strong><\/h3> <h3><strong>T\u00f6rv\u00e9nysz\u00e9ki \u00c1llatorvostani \u00e9s Gazdas\u00e1gtudom\u00e1nyi Tansz\u00e9k<\/strong><\/h3> <h3><strong>2025\/26. tan\u00e9v<\/strong><\/h3> <p><strong>\u00a0<\/strong><\/p> <p><strong>Dr. Csintalan Csaba<\/strong><\/p> <p><strong><em>T\u00f6rv\u00e9nysz\u00e9ki \u00e1llatorvostan<\/em><\/strong><\/p> <ol> <li>Az \u00e1llatorvos etikai felel\u0151ss\u00e9ge<\/li> <li>Az \u00e1llatorvos k\u00e1rt\u00e9r\u00edt\u00e9si felel\u0151ss\u00e9ge<\/li> <li>Az \u00e1llatorvos b\u00fcntet\u0151jogi felel\u0151ss\u00e9ge<\/li> <\/ol> <p><strong>\u00a0<\/strong><\/p> <p><strong>Dr. M\u00e1t\u00e9 Marietta<\/strong><\/p> <p><strong><em>Praxismenedzsment<\/em><\/strong><\/p> <ol> <li>Az \u00e1llatorvosn\u0151k visszat\u00e9r\u00e9se a munkaer\u0151piacra gyermekv\u00e1llal\u00e1st k\u00f6vet\u0151en<\/li> <li>Vezet\u00e9si st\u00edlusok hat\u00e1sa az \u00e1llatorvosok munk\u00e1val val\u00f3 el\u00e9gedetts\u00e9g\u00e9re, stressz\u00e9rzet\u00e9re \u00e9s ment\u00e1lis \u00e1llapot\u00e1ra<\/li> <\/ol> <p>&nbsp;<\/p> <p><strong>Dr. B\u00e1rdos Krisztina<\/strong><\/p> <p><strong><em>\u00a0<\/em><\/strong><strong><em>Praxismenedzsment<\/em><\/strong><\/p> <ol> <li>\u00c1llatorvosi \u00e1rk\u00e9pz\u00e9s gyakorlata a hazai kis\u00e1llatpraxisokban<\/li> <\/ol> <p>&nbsp;<\/p> <p>Budapest, 2025. szeptember 01.<\/p> <p>&nbsp;<\/p> <p>&nbsp;<\/p> <p style=\"padding-left: 300px\">Prof. Dr. \u00d3zsv\u00e1ri L\u00e1szl\u00f3<\/p> <p style=\"padding-left: 300px\">egyetemi tan\u00e1r, tansz\u00e9kvezet\u0151<\/p>","protected":false},"excerpt":{"rendered":"<p>TDK- \u00e9s szakdolgozat t\u00e9m\u00e1k T\u00f6rv\u00e9nysz\u00e9ki \u00c1llatorvostani \u00e9s Gazdas\u00e1gtudom\u00e1nyi Tansz\u00e9k 2025\/26. tan\u00e9v \u00a0 Dr. Csintalan Csaba T\u00f6rv\u00e9nysz\u00e9ki \u00e1llatorvostan Az \u00e1llatorvos etikai felel\u0151ss\u00e9ge Az \u00e1llatorvos k\u00e1rt\u00e9r\u00edt\u00e9si felel\u0151ss\u00e9ge Az \u00e1llatorvos b\u00fcntet\u0151jogi felel\u0151ss\u00e9ge \u00a0 Dr. M\u00e1t\u00e9 Marietta Praxismenedzsment Az \u00e1llatorvosn\u0151k visszat\u00e9r\u00e9se a munkaer\u0151piacra gyermekv\u00e1llal\u00e1st k\u00f6vet\u0151en Vezet\u00e9si st\u00edlusok hat\u00e1sa az \u00e1llatorvosok munk\u00e1val val\u00f3 el\u00e9gedetts\u00e9g\u00e9re, stressz\u00e9rzet\u00e9re \u00e9s ment\u00e1lis \u00e1llapot\u00e1ra &nbsp; Dr.<\/p>\n","protected":false},"author":3837,"featured_media":0,"parent":16157,"menu_order":0,"comment_status":"open","ping_status":"open","template":"","meta":{"_acf_changed":false,"footnotes":""},"categories":[],"tags":[],"class_list":["post-75762","page","type-page","status-publish","hentry"],"acf":[],"yoast_head":"<!-- This site is optimized with the Yoast SEO plugin v27.2 - https:\/\/yoast.com\/product\/yoast-seo-wordpress\/ -->\n<title>TDK-\u00e9s szakdolgozat t\u00e9m\u00e1k - Gazdas\u00e1gtudom\u00e1nyi \u00e9s Biostatisztikai Int\u00e9zet<\/title>\n<meta name=\"robots\" content=\"index, follow, max-snippet:-1, max-image-preview:large, max-video-preview:-1\" \/>\n<link rel=\"canonical\" href=\"https:\/\/univet.hu\/gazdasagtudomanyi-intezet\/torvenyszeki-allatorvostani-jogi-es-gazdasagtudomanyi-tanszek\/tdk-es-szakdolgozatok\/tdk-es-szakdolgozat-temak\/\" \/>\n<meta property=\"og:locale\" content=\"hu_HU\" \/>\n<meta property=\"og:type\" content=\"article\" \/>\n<meta property=\"og:title\" content=\"TDK-\u00e9s szakdolgozat t\u00e9m\u00e1k - Gazdas\u00e1gtudom\u00e1nyi \u00e9s Biostatisztikai Int\u00e9zet\" \/>\n<meta property=\"og:description\" content=\"TDK- \u00e9s szakdolgozat t\u00e9m\u00e1k T\u00f6rv\u00e9nysz\u00e9ki \u00c1llatorvostani \u00e9s Gazdas\u00e1gtudom\u00e1nyi Tansz\u00e9k 2025\/26. tan\u00e9v \u00a0 Dr. Csintalan Csaba T\u00f6rv\u00e9nysz\u00e9ki \u00e1llatorvostan Az \u00e1llatorvos etikai felel\u0151ss\u00e9ge Az \u00e1llatorvos k\u00e1rt\u00e9r\u00edt\u00e9si felel\u0151ss\u00e9ge Az \u00e1llatorvos b\u00fcntet\u0151jogi felel\u0151ss\u00e9ge \u00a0 Dr. M\u00e1t\u00e9 Marietta Praxismenedzsment Az \u00e1llatorvosn\u0151k visszat\u00e9r\u00e9se a munkaer\u0151piacra gyermekv\u00e1llal\u00e1st k\u00f6vet\u0151en Vezet\u00e9si st\u00edlusok hat\u00e1sa az \u00e1llatorvosok munk\u00e1val val\u00f3 el\u00e9gedetts\u00e9g\u00e9re, stressz\u00e9rzet\u00e9re \u00e9s ment\u00e1lis \u00e1llapot\u00e1ra &nbsp; Dr.\" \/>\n<meta property=\"og:url\" content=\"https:\/\/univet.hu\/gazdasagtudomanyi-intezet\/torvenyszeki-allatorvostani-jogi-es-gazdasagtudomanyi-tanszek\/tdk-es-szakdolgozatok\/tdk-es-szakdolgozat-temak\/\" \/>\n<meta property=\"og:site_name\" content=\"Gazdas\u00e1gtudom\u00e1nyi \u00e9s Biostatisztikai Int\u00e9zet\" \/>\n<meta property=\"article:modified_time\" content=\"2025-09-01T09:54:25+00:00\" \/>\n<meta name=\"twitter:card\" content=\"summary_large_image\" \/>\n<meta name=\"twitter:label1\" content=\"Becs\u00fclt olvas\u00e1si id\u0151\" \/>\n\t<meta name=\"twitter:data1\" content=\"1 perc\" \/>\n<script type=\"application\/ld+json\" class=\"yoast-schema-graph\">{\"@context\":\"https:\/\/schema.org\",\"@graph\":[{\"@type\":\"WebPage\",\"@id\":\"https:\/\/univet.hu\/gazdasagtudomanyi-intezet\/torvenyszeki-allatorvostani-jogi-es-gazdasagtudomanyi-tanszek\/tdk-es-szakdolgozatok\/tdk-es-szakdolgozat-temak\/\",\"url\":\"https:\/\/univet.hu\/gazdasagtudomanyi-intezet\/torvenyszeki-allatorvostani-jogi-es-gazdasagtudomanyi-tanszek\/tdk-es-szakdolgozatok\/tdk-es-szakdolgozat-temak\/\",\"name\":\"TDK-\u00e9s szakdolgozat t\u00e9m\u00e1k - Gazdas\u00e1gtudom\u00e1nyi \u00e9s Biostatisztikai Int\u00e9zet\",\"isPartOf\":{\"@id\":\"https:\/\/univet.hu\/gazdasagtudomanyi-intezet\/en\/#website\"},\"datePublished\":\"2022-05-30T13:19:09+00:00\",\"dateModified\":\"2025-09-01T09:54:25+00:00\",\"breadcrumb\":{\"@id\":\"https:\/\/univet.hu\/gazdasagtudomanyi-intezet\/torvenyszeki-allatorvostani-jogi-es-gazdasagtudomanyi-tanszek\/tdk-es-szakdolgozatok\/tdk-es-szakdolgozat-temak\/#breadcrumb\"},\"inLanguage\":\"hu\",\"potentialAction\":[{\"@type\":\"ReadAction\",\"target\":[\"https:\/\/univet.hu\/gazdasagtudomanyi-intezet\/torvenyszeki-allatorvostani-jogi-es-gazdasagtudomanyi-tanszek\/tdk-es-szakdolgozatok\/tdk-es-szakdolgozat-temak\/\"]}]},{\"@type\":\"BreadcrumbList\",\"@id\":\"https:\/\/univet.hu\/gazdasagtudomanyi-intezet\/torvenyszeki-allatorvostani-jogi-es-gazdasagtudomanyi-tanszek\/tdk-es-szakdolgozatok\/tdk-es-szakdolgozat-temak\/#breadcrumb\",\"itemListElement\":[{\"@type\":\"ListItem\",\"position\":1,\"name\":\"Kezd\u0151lap\",\"item\":\"https:\/\/univet.hu\/gazdasagtudomanyi-intezet\/en\/\"},{\"@type\":\"ListItem\",\"position\":2,\"name\":\"T\u00f6rv\u00e9nysz\u00e9ki \u00c1llatorvostani \u00e9s Gazdas\u00e1gtudom\u00e1nyi Tansz\u00e9k\",\"item\":\"https:\/\/univet.hu\/gazdasagtudomanyi-intezet\/torvenyszeki-allatorvostani-jogi-es-gazdasagtudomanyi-tanszek\/\"},{\"@type\":\"ListItem\",\"position\":3,\"name\":\"TDK- \u00e9s szakdolgozatok\",\"item\":\"https:\/\/univet.hu\/gazdasagtudomanyi-intezet\/torvenyszeki-allatorvostani-jogi-es-gazdasagtudomanyi-tanszek\/tdk-es-szakdolgozatok\/\"},{\"@type\":\"ListItem\",\"position\":4,\"name\":\"TDK-\u00e9s szakdolgozat t\u00e9m\u00e1k\"}]},{\"@type\":\"WebSite\",\"@id\":\"https:\/\/univet.hu\/gazdasagtudomanyi-intezet\/en\/#website\",\"url\":\"https:\/\/univet.hu\/gazdasagtudomanyi-intezet\/en\/\",\"name\":\"Gazdas\u00e1gtudom\u00e1nyi \u00e9s Biostatisztikai Int\u00e9zet\",\"description\":\"\",\"potentialAction\":[{\"@type\":\"SearchAction\",\"target\":{\"@type\":\"EntryPoint\",\"urlTemplate\":\"https:\/\/univet.hu\/gazdasagtudomanyi-intezet\/en\/?s={search_term_string}\"},\"query-input\":{\"@type\":\"PropertyValueSpecification\",\"valueRequired\":true,\"valueName\":\"search_term_string\"}}],\"inLanguage\":\"hu\"}]}<\/script>\n<!-- \/ Yoast SEO plugin. -->","yoast_head_json":{"title":"TDK-\u00e9s szakdolgozat t\u00e9m\u00e1k - Gazdas\u00e1gtudom\u00e1nyi \u00e9s Biostatisztikai Int\u00e9zet","robots":{"index":"index","follow":"follow","max-snippet":"max-snippet:-1","max-image-preview":"max-image-preview:large","max-video-preview":"max-video-preview:-1"},"canonical":"https:\/\/univet.hu\/gazdasagtudomanyi-intezet\/torvenyszeki-allatorvostani-jogi-es-gazdasagtudomanyi-tanszek\/tdk-es-szakdolgozatok\/tdk-es-szakdolgozat-temak\/","og_locale":"hu_HU","og_type":"article","og_title":"TDK-\u00e9s szakdolgozat t\u00e9m\u00e1k - Gazdas\u00e1gtudom\u00e1nyi \u00e9s Biostatisztikai Int\u00e9zet","og_description":"TDK- \u00e9s szakdolgozat t\u00e9m\u00e1k T\u00f6rv\u00e9nysz\u00e9ki \u00c1llatorvostani \u00e9s Gazdas\u00e1gtudom\u00e1nyi Tansz\u00e9k 2025\/26. tan\u00e9v \u00a0 Dr. Csintalan Csaba T\u00f6rv\u00e9nysz\u00e9ki \u00e1llatorvostan Az \u00e1llatorvos etikai felel\u0151ss\u00e9ge Az \u00e1llatorvos k\u00e1rt\u00e9r\u00edt\u00e9si felel\u0151ss\u00e9ge Az \u00e1llatorvos b\u00fcntet\u0151jogi felel\u0151ss\u00e9ge \u00a0 Dr. M\u00e1t\u00e9 Marietta Praxismenedzsment Az \u00e1llatorvosn\u0151k visszat\u00e9r\u00e9se a munkaer\u0151piacra gyermekv\u00e1llal\u00e1st k\u00f6vet\u0151en Vezet\u00e9si st\u00edlusok hat\u00e1sa az \u00e1llatorvosok munk\u00e1val val\u00f3 el\u00e9gedetts\u00e9g\u00e9re, stressz\u00e9rzet\u00e9re \u00e9s ment\u00e1lis \u00e1llapot\u00e1ra &nbsp; Dr.","og_url":"https:\/\/univet.hu\/gazdasagtudomanyi-intezet\/torvenyszeki-allatorvostani-jogi-es-gazdasagtudomanyi-tanszek\/tdk-es-szakdolgozatok\/tdk-es-szakdolgozat-temak\/","og_site_name":"Gazdas\u00e1gtudom\u00e1nyi \u00e9s Biostatisztikai Int\u00e9zet","article_modified_time":"2025-09-01T09:54:25+00:00","twitter_card":"summary_large_image","twitter_misc":{"Becs\u00fclt olvas\u00e1si id\u0151":"1 perc"},"schema":{"@context":"https:\/\/schema.org","@graph":[{"@type":"WebPage","@id":"https:\/\/univet.hu\/gazdasagtudomanyi-intezet\/torvenyszeki-allatorvostani-jogi-es-gazdasagtudomanyi-tanszek\/tdk-es-szakdolgozatok\/tdk-es-szakdolgozat-temak\/","url":"https:\/\/univet.hu\/gazdasagtudomanyi-intezet\/torvenyszeki-allatorvostani-jogi-es-gazdasagtudomanyi-tanszek\/tdk-es-szakdolgozatok\/tdk-es-szakdolgozat-temak\/","name":"TDK-\u00e9s szakdolgozat t\u00e9m\u00e1k - Gazdas\u00e1gtudom\u00e1nyi \u00e9s Biostatisztikai Int\u00e9zet","isPartOf":{"@id":"https:\/\/univet.hu\/gazdasagtudomanyi-intezet\/en\/#website"},"datePublished":"2022-05-30T13:19:09+00:00","dateModified":"2025-09-01T09:54:25+00:00","breadcrumb":{"@id":"https:\/\/univet.hu\/gazdasagtudomanyi-intezet\/torvenyszeki-allatorvostani-jogi-es-gazdasagtudomanyi-tanszek\/tdk-es-szakdolgozatok\/tdk-es-szakdolgozat-temak\/#breadcrumb"},"inLanguage":"hu","potentialAction":[{"@type":"ReadAction","target":["https:\/\/univet.hu\/gazdasagtudomanyi-intezet\/torvenyszeki-allatorvostani-jogi-es-gazdasagtudomanyi-tanszek\/tdk-es-szakdolgozatok\/tdk-es-szakdolgozat-temak\/"]}]},{"@type":"BreadcrumbList","@id":"https:\/\/univet.hu\/gazdasagtudomanyi-intezet\/torvenyszeki-allatorvostani-jogi-es-gazdasagtudomanyi-tanszek\/tdk-es-szakdolgozatok\/tdk-es-szakdolgozat-temak\/#breadcrumb","itemListElement":[{"@type":"ListItem","position":1,"name":"Kezd\u0151lap","item":"https:\/\/univet.hu\/gazdasagtudomanyi-intezet\/en\/"},{"@type":"ListItem","position":2,"name":"T\u00f6rv\u00e9nysz\u00e9ki \u00c1llatorvostani \u00e9s Gazdas\u00e1gtudom\u00e1nyi Tansz\u00e9k","item":"https:\/\/univet.hu\/gazdasagtudomanyi-intezet\/torvenyszeki-allatorvostani-jogi-es-gazdasagtudomanyi-tanszek\/"},{"@type":"ListItem","position":3,"name":"TDK- \u00e9s szakdolgozatok","item":"https:\/\/univet.hu\/gazdasagtudomanyi-intezet\/torvenyszeki-allatorvostani-jogi-es-gazdasagtudomanyi-tanszek\/tdk-es-szakdolgozatok\/"},{"@type":"ListItem","position":4,"name":"TDK-\u00e9s szakdolgozat t\u00e9m\u00e1k"}]},{"@type":"WebSite","@id":"https:\/\/univet.hu\/gazdasagtudomanyi-intezet\/en\/#website","url":"https:\/\/univet.hu\/gazdasagtudomanyi-intezet\/en\/","name":"Gazdas\u00e1gtudom\u00e1nyi \u00e9s Biostatisztikai Int\u00e9zet","description":"","potentialAction":[{"@type":"SearchAction","target":{"@type":"EntryPoint","urlTemplate":"https:\/\/univet.hu\/gazdasagtudomanyi-intezet\/en\/?s={search_term_string}"},"query-input":{"@type":"PropertyValueSpecification","valueRequired":true,"valueName":"search_term_string"}}],"inLanguage":"hu"}]}},"_links":{"self":[{"href":"https:\/\/univet.hu\/gazdasagtudomanyi-intezet\/wp-json\/wp\/v2\/pages\/75762","targetHints":{"allow":["GET"]}}],"collection":[{"href":"https:\/\/univet.hu\/gazdasagtudomanyi-intezet\/wp-json\/wp\/v2\/pages"}],"about":[{"href":"https:\/\/univet.hu\/gazdasagtudomanyi-intezet\/wp-json\/wp\/v2\/types\/page"}],"author":[{"embeddable":true,"href":"https:\/\/univet.hu\/gazdasagtudomanyi-intezet\/wp-json\/wp\/v2\/users\/3837"}],"replies":[{"embeddable":true,"href":"https:\/\/univet.hu\/gazdasagtudomanyi-intezet\/wp-json\/wp\/v2\/comments?post=75762"}],"version-history":[{"count":3,"href":"https:\/\/univet.hu\/gazdasagtudomanyi-intezet\/wp-json\/wp\/v2\/pages\/75762\/revisions"}],"predecessor-version":[{"id":103794,"href":"https:\/\/univet.hu\/gazdasagtudomanyi-intezet\/wp-json\/wp\/v2\/pages\/75762\/revisions\/103794"}],"up":[{"embeddable":true,"href":"https:\/\/univet.hu\/gazdasagtudomanyi-intezet\/wp-json\/wp\/v2\/pages\/16157"}],"wp:attachment":[{"href":"https:\/\/univet.hu\/gazdasagtudomanyi-intezet\/wp-json\/wp\/v2\/media?parent=75762"}],"wp:term":[{"taxonomy":"category","embeddable":true,"href":"https:\/\/univet.hu\/gazdasagtudomanyi-intezet\/wp-json\/wp\/v2\/categories?post=75762"},{"taxonomy":"post_tag","embeddable":true,"href":"https:\/\/univet.hu\/gazdasagtudomanyi-intezet\/wp-json\/wp\/v2\/tags?post=75762"}],"curies":[{"name":"wp","href":"https:\/\/api.w.org\/{rel}","templated":true}]}}