{"id":84399,"date":"2023-03-06T16:02:38","date_gmt":"2023-03-06T15:02:38","guid":{"rendered":"https:\/\/univet.hu\/hu\/egyetem\/szervezeti-egysegek\/torvenyszeki-allatorvostani-jogi-es-gazdasagtudomanyi-tanszek\/vegzett-phd-hallgatok\/name\/"},"modified":"2026-04-16T15:14:46","modified_gmt":"2026-04-16T13:14:46","slug":"fokozatszerzes-folyamatban","status":"publish","type":"page","link":"https:\/\/univet.hu\/gazdasagtudomanyi-intezet\/torvenyszeki-allatorvostani-jogi-es-gazdasagtudomanyi-tanszek\/vegzett-phd-hallgatok\/fokozatszerzes-folyamatban\/","title":{"rendered":"PhD tanulm\u00e1nyokat folytat\u00f3k"},"content":{"rendered":"<p><strong>M\u00e1t\u00e9 Marietta<\/strong><\/p> <p>Nemzetk\u00f6zi \u00f6sszehasonl\u00edt\u00f3 tanulm\u00e1ny az \u00e1llatorvosok foglalkoz\u00e1si stresszt\u00e9nyez\u0151ir\u0151l \u00e9s ment\u00e1lis eg\u00e9szs\u00e9gi \u00e1llapot\u00e1r\u00f3l<\/p> <p>&nbsp;<\/p> <p><strong>L\u00e1mfalusy Tam\u00e1s<\/strong><\/p> <p>Magyarorsz\u00e1gi akvakult\u00fara term\u00e9kek piaci lehet\u0151s\u00e9geinek elemz\u00e9se<\/p> <p><strong>\u00a0<\/strong><\/p> <p><strong>Paszerbovics Bettina<\/strong><\/p> <p>Fert\u0151z\u0151 sert\u00e9sbetegs\u00e9gek el\u0151fordul\u00e1s\u00e1nak \u00e9s az \u00e1ltaluk okozott gazdas\u00e1gi k\u00e1roknak a becsl\u00e9se \u00e9s modellez\u00e9se<\/p>","protected":false},"excerpt":{"rendered":"<p>M\u00e1t\u00e9 Marietta Nemzetk\u00f6zi \u00f6sszehasonl\u00edt\u00f3 tanulm\u00e1ny az \u00e1llatorvosok foglalkoz\u00e1si stresszt\u00e9nyez\u0151ir\u0151l \u00e9s ment\u00e1lis eg\u00e9szs\u00e9gi \u00e1llapot\u00e1r\u00f3l &nbsp; L\u00e1mfalusy Tam\u00e1s Magyarorsz\u00e1gi akvakult\u00fara term\u00e9kek piaci lehet\u0151s\u00e9geinek elemz\u00e9se \u00a0 Paszerbovics Bettina Fert\u0151z\u0151 sert\u00e9sbetegs\u00e9gek el\u0151fordul\u00e1s\u00e1nak \u00e9s az \u00e1ltaluk okozott gazdas\u00e1gi k\u00e1roknak a becsl\u00e9se \u00e9s modellez\u00e9se<\/p>\n","protected":false},"author":3837,"featured_media":0,"parent":77046,"menu_order":0,"comment_status":"open","ping_status":"open","template":"","meta":{"_acf_changed":false,"footnotes":""},"categories":[],"tags":[],"class_list":["post-84399","page","type-page","status-publish","hentry"],"acf":[],"yoast_head":"<!-- This site is optimized with the Yoast SEO plugin v27.2 - https:\/\/yoast.com\/product\/yoast-seo-wordpress\/ -->\n<title>PhD tanulm\u00e1nyokat folytat\u00f3k - Gazdas\u00e1gtudom\u00e1nyi \u00e9s Biostatisztikai Int\u00e9zet<\/title>\n<meta name=\"robots\" content=\"index, follow, max-snippet:-1, max-image-preview:large, max-video-preview:-1\" \/>\n<link rel=\"canonical\" href=\"https:\/\/univet.hu\/gazdasagtudomanyi-intezet\/torvenyszeki-allatorvostani-jogi-es-gazdasagtudomanyi-tanszek\/vegzett-phd-hallgatok\/fokozatszerzes-folyamatban\/\" \/>\n<meta property=\"og:locale\" content=\"hu_HU\" \/>\n<meta property=\"og:type\" content=\"article\" \/>\n<meta property=\"og:title\" content=\"PhD tanulm\u00e1nyokat folytat\u00f3k - Gazdas\u00e1gtudom\u00e1nyi \u00e9s Biostatisztikai Int\u00e9zet\" \/>\n<meta property=\"og:description\" content=\"M\u00e1t\u00e9 Marietta Nemzetk\u00f6zi \u00f6sszehasonl\u00edt\u00f3 tanulm\u00e1ny az \u00e1llatorvosok foglalkoz\u00e1si stresszt\u00e9nyez\u0151ir\u0151l \u00e9s ment\u00e1lis eg\u00e9szs\u00e9gi \u00e1llapot\u00e1r\u00f3l &nbsp; L\u00e1mfalusy Tam\u00e1s Magyarorsz\u00e1gi akvakult\u00fara term\u00e9kek piaci lehet\u0151s\u00e9geinek elemz\u00e9se \u00a0 Paszerbovics Bettina Fert\u0151z\u0151 sert\u00e9sbetegs\u00e9gek el\u0151fordul\u00e1s\u00e1nak \u00e9s az \u00e1ltaluk okozott gazdas\u00e1gi k\u00e1roknak a becsl\u00e9se \u00e9s modellez\u00e9se\" \/>\n<meta property=\"og:url\" content=\"https:\/\/univet.hu\/gazdasagtudomanyi-intezet\/torvenyszeki-allatorvostani-jogi-es-gazdasagtudomanyi-tanszek\/vegzett-phd-hallgatok\/fokozatszerzes-folyamatban\/\" \/>\n<meta property=\"og:site_name\" content=\"Gazdas\u00e1gtudom\u00e1nyi \u00e9s Biostatisztikai Int\u00e9zet\" \/>\n<meta property=\"article:modified_time\" content=\"2026-04-16T13:14:46+00:00\" \/>\n<meta name=\"twitter:card\" content=\"summary_large_image\" \/>\n<meta name=\"twitter:label1\" content=\"Becs\u00fclt olvas\u00e1si id\u0151\" \/>\n\t<meta name=\"twitter:data1\" content=\"1 perc\" \/>\n<script type=\"application\/ld+json\" class=\"yoast-schema-graph\">{\"@context\":\"https:\/\/schema.org\",\"@graph\":[{\"@type\":\"WebPage\",\"@id\":\"https:\/\/univet.hu\/gazdasagtudomanyi-intezet\/torvenyszeki-allatorvostani-jogi-es-gazdasagtudomanyi-tanszek\/vegzett-phd-hallgatok\/fokozatszerzes-folyamatban\/\",\"url\":\"https:\/\/univet.hu\/gazdasagtudomanyi-intezet\/torvenyszeki-allatorvostani-jogi-es-gazdasagtudomanyi-tanszek\/vegzett-phd-hallgatok\/fokozatszerzes-folyamatban\/\",\"name\":\"PhD tanulm\u00e1nyokat folytat\u00f3k - Gazdas\u00e1gtudom\u00e1nyi \u00e9s Biostatisztikai Int\u00e9zet\",\"isPartOf\":{\"@id\":\"https:\/\/univet.hu\/gazdasagtudomanyi-intezet\/en\/#website\"},\"datePublished\":\"2023-03-06T15:02:38+00:00\",\"dateModified\":\"2026-04-16T13:14:46+00:00\",\"breadcrumb\":{\"@id\":\"https:\/\/univet.hu\/gazdasagtudomanyi-intezet\/torvenyszeki-allatorvostani-jogi-es-gazdasagtudomanyi-tanszek\/vegzett-phd-hallgatok\/fokozatszerzes-folyamatban\/#breadcrumb\"},\"inLanguage\":\"hu\",\"potentialAction\":[{\"@type\":\"ReadAction\",\"target\":[\"https:\/\/univet.hu\/gazdasagtudomanyi-intezet\/torvenyszeki-allatorvostani-jogi-es-gazdasagtudomanyi-tanszek\/vegzett-phd-hallgatok\/fokozatszerzes-folyamatban\/\"]}]},{\"@type\":\"BreadcrumbList\",\"@id\":\"https:\/\/univet.hu\/gazdasagtudomanyi-intezet\/torvenyszeki-allatorvostani-jogi-es-gazdasagtudomanyi-tanszek\/vegzett-phd-hallgatok\/fokozatszerzes-folyamatban\/#breadcrumb\",\"itemListElement\":[{\"@type\":\"ListItem\",\"position\":1,\"name\":\"Kezd\u0151lap\",\"item\":\"https:\/\/univet.hu\/gazdasagtudomanyi-intezet\/en\/\"},{\"@type\":\"ListItem\",\"position\":2,\"name\":\"T\u00f6rv\u00e9nysz\u00e9ki \u00c1llatorvostani \u00e9s Gazdas\u00e1gtudom\u00e1nyi Tansz\u00e9k\",\"item\":\"https:\/\/univet.hu\/gazdasagtudomanyi-intezet\/torvenyszeki-allatorvostani-jogi-es-gazdasagtudomanyi-tanszek\/\"},{\"@type\":\"ListItem\",\"position\":3,\"name\":\"PhD hallgat\u00f3k\",\"item\":\"https:\/\/univet.hu\/gazdasagtudomanyi-intezet\/torvenyszeki-allatorvostani-jogi-es-gazdasagtudomanyi-tanszek\/vegzett-phd-hallgatok\/\"},{\"@type\":\"ListItem\",\"position\":4,\"name\":\"PhD tanulm\u00e1nyokat folytat\u00f3k\"}]},{\"@type\":\"WebSite\",\"@id\":\"https:\/\/univet.hu\/gazdasagtudomanyi-intezet\/en\/#website\",\"url\":\"https:\/\/univet.hu\/gazdasagtudomanyi-intezet\/en\/\",\"name\":\"Gazdas\u00e1gtudom\u00e1nyi \u00e9s Biostatisztikai Int\u00e9zet\",\"description\":\"\",\"potentialAction\":[{\"@type\":\"SearchAction\",\"target\":{\"@type\":\"EntryPoint\",\"urlTemplate\":\"https:\/\/univet.hu\/gazdasagtudomanyi-intezet\/en\/?s={search_term_string}\"},\"query-input\":{\"@type\":\"PropertyValueSpecification\",\"valueRequired\":true,\"valueName\":\"search_term_string\"}}],\"inLanguage\":\"hu\"}]}<\/script>\n<!-- \/ Yoast SEO plugin. -->","yoast_head_json":{"title":"PhD tanulm\u00e1nyokat folytat\u00f3k - Gazdas\u00e1gtudom\u00e1nyi \u00e9s Biostatisztikai Int\u00e9zet","robots":{"index":"index","follow":"follow","max-snippet":"max-snippet:-1","max-image-preview":"max-image-preview:large","max-video-preview":"max-video-preview:-1"},"canonical":"https:\/\/univet.hu\/gazdasagtudomanyi-intezet\/torvenyszeki-allatorvostani-jogi-es-gazdasagtudomanyi-tanszek\/vegzett-phd-hallgatok\/fokozatszerzes-folyamatban\/","og_locale":"hu_HU","og_type":"article","og_title":"PhD tanulm\u00e1nyokat folytat\u00f3k - Gazdas\u00e1gtudom\u00e1nyi \u00e9s Biostatisztikai Int\u00e9zet","og_description":"M\u00e1t\u00e9 Marietta Nemzetk\u00f6zi \u00f6sszehasonl\u00edt\u00f3 tanulm\u00e1ny az \u00e1llatorvosok foglalkoz\u00e1si stresszt\u00e9nyez\u0151ir\u0151l \u00e9s ment\u00e1lis eg\u00e9szs\u00e9gi \u00e1llapot\u00e1r\u00f3l &nbsp; L\u00e1mfalusy Tam\u00e1s Magyarorsz\u00e1gi akvakult\u00fara term\u00e9kek piaci lehet\u0151s\u00e9geinek elemz\u00e9se \u00a0 Paszerbovics Bettina Fert\u0151z\u0151 sert\u00e9sbetegs\u00e9gek el\u0151fordul\u00e1s\u00e1nak \u00e9s az \u00e1ltaluk okozott gazdas\u00e1gi k\u00e1roknak a becsl\u00e9se \u00e9s modellez\u00e9se","og_url":"https:\/\/univet.hu\/gazdasagtudomanyi-intezet\/torvenyszeki-allatorvostani-jogi-es-gazdasagtudomanyi-tanszek\/vegzett-phd-hallgatok\/fokozatszerzes-folyamatban\/","og_site_name":"Gazdas\u00e1gtudom\u00e1nyi \u00e9s Biostatisztikai Int\u00e9zet","article_modified_time":"2026-04-16T13:14:46+00:00","twitter_card":"summary_large_image","twitter_misc":{"Becs\u00fclt olvas\u00e1si id\u0151":"1 perc"},"schema":{"@context":"https:\/\/schema.org","@graph":[{"@type":"WebPage","@id":"https:\/\/univet.hu\/gazdasagtudomanyi-intezet\/torvenyszeki-allatorvostani-jogi-es-gazdasagtudomanyi-tanszek\/vegzett-phd-hallgatok\/fokozatszerzes-folyamatban\/","url":"https:\/\/univet.hu\/gazdasagtudomanyi-intezet\/torvenyszeki-allatorvostani-jogi-es-gazdasagtudomanyi-tanszek\/vegzett-phd-hallgatok\/fokozatszerzes-folyamatban\/","name":"PhD tanulm\u00e1nyokat folytat\u00f3k - Gazdas\u00e1gtudom\u00e1nyi \u00e9s Biostatisztikai Int\u00e9zet","isPartOf":{"@id":"https:\/\/univet.hu\/gazdasagtudomanyi-intezet\/en\/#website"},"datePublished":"2023-03-06T15:02:38+00:00","dateModified":"2026-04-16T13:14:46+00:00","breadcrumb":{"@id":"https:\/\/univet.hu\/gazdasagtudomanyi-intezet\/torvenyszeki-allatorvostani-jogi-es-gazdasagtudomanyi-tanszek\/vegzett-phd-hallgatok\/fokozatszerzes-folyamatban\/#breadcrumb"},"inLanguage":"hu","potentialAction":[{"@type":"ReadAction","target":["https:\/\/univet.hu\/gazdasagtudomanyi-intezet\/torvenyszeki-allatorvostani-jogi-es-gazdasagtudomanyi-tanszek\/vegzett-phd-hallgatok\/fokozatszerzes-folyamatban\/"]}]},{"@type":"BreadcrumbList","@id":"https:\/\/univet.hu\/gazdasagtudomanyi-intezet\/torvenyszeki-allatorvostani-jogi-es-gazdasagtudomanyi-tanszek\/vegzett-phd-hallgatok\/fokozatszerzes-folyamatban\/#breadcrumb","itemListElement":[{"@type":"ListItem","position":1,"name":"Kezd\u0151lap","item":"https:\/\/univet.hu\/gazdasagtudomanyi-intezet\/en\/"},{"@type":"ListItem","position":2,"name":"T\u00f6rv\u00e9nysz\u00e9ki \u00c1llatorvostani \u00e9s Gazdas\u00e1gtudom\u00e1nyi Tansz\u00e9k","item":"https:\/\/univet.hu\/gazdasagtudomanyi-intezet\/torvenyszeki-allatorvostani-jogi-es-gazdasagtudomanyi-tanszek\/"},{"@type":"ListItem","position":3,"name":"PhD hallgat\u00f3k","item":"https:\/\/univet.hu\/gazdasagtudomanyi-intezet\/torvenyszeki-allatorvostani-jogi-es-gazdasagtudomanyi-tanszek\/vegzett-phd-hallgatok\/"},{"@type":"ListItem","position":4,"name":"PhD tanulm\u00e1nyokat folytat\u00f3k"}]},{"@type":"WebSite","@id":"https:\/\/univet.hu\/gazdasagtudomanyi-intezet\/en\/#website","url":"https:\/\/univet.hu\/gazdasagtudomanyi-intezet\/en\/","name":"Gazdas\u00e1gtudom\u00e1nyi \u00e9s Biostatisztikai Int\u00e9zet","description":"","potentialAction":[{"@type":"SearchAction","target":{"@type":"EntryPoint","urlTemplate":"https:\/\/univet.hu\/gazdasagtudomanyi-intezet\/en\/?s={search_term_string}"},"query-input":{"@type":"PropertyValueSpecification","valueRequired":true,"valueName":"search_term_string"}}],"inLanguage":"hu"}]}},"_links":{"self":[{"href":"https:\/\/univet.hu\/gazdasagtudomanyi-intezet\/wp-json\/wp\/v2\/pages\/84399","targetHints":{"allow":["GET"]}}],"collection":[{"href":"https:\/\/univet.hu\/gazdasagtudomanyi-intezet\/wp-json\/wp\/v2\/pages"}],"about":[{"href":"https:\/\/univet.hu\/gazdasagtudomanyi-intezet\/wp-json\/wp\/v2\/types\/page"}],"author":[{"embeddable":true,"href":"https:\/\/univet.hu\/gazdasagtudomanyi-intezet\/wp-json\/wp\/v2\/users\/3837"}],"replies":[{"embeddable":true,"href":"https:\/\/univet.hu\/gazdasagtudomanyi-intezet\/wp-json\/wp\/v2\/comments?post=84399"}],"version-history":[{"count":4,"href":"https:\/\/univet.hu\/gazdasagtudomanyi-intezet\/wp-json\/wp\/v2\/pages\/84399\/revisions"}],"predecessor-version":[{"id":103886,"href":"https:\/\/univet.hu\/gazdasagtudomanyi-intezet\/wp-json\/wp\/v2\/pages\/84399\/revisions\/103886"}],"up":[{"embeddable":true,"href":"https:\/\/univet.hu\/gazdasagtudomanyi-intezet\/wp-json\/wp\/v2\/pages\/77046"}],"wp:attachment":[{"href":"https:\/\/univet.hu\/gazdasagtudomanyi-intezet\/wp-json\/wp\/v2\/media?parent=84399"}],"wp:term":[{"taxonomy":"category","embeddable":true,"href":"https:\/\/univet.hu\/gazdasagtudomanyi-intezet\/wp-json\/wp\/v2\/categories?post=84399"},{"taxonomy":"post_tag","embeddable":true,"href":"https:\/\/univet.hu\/gazdasagtudomanyi-intezet\/wp-json\/wp\/v2\/tags?post=84399"}],"curies":[{"name":"wp","href":"https:\/\/api.w.org\/{rel}","templated":true}]}}