{"id":16118,"date":"1970-01-01T01:00:00","date_gmt":"1970-01-01T00:00:00","guid":{"rendered":"http:\/\/univet.hu\/egyetem\/szervezeti-egysegek\/gyogyszertani-es-meregtani-tanszek\/konzultacios-idopontok\/"},"modified":"2026-03-31T19:37:01","modified_gmt":"2026-03-31T17:37:01","slug":"konzultacios-idopontok","status":"publish","type":"page","link":"https:\/\/univet.hu\/gyogyszertani-tanszek\/gyogyszertani-es-meregtani-tanszek\/konzultacios-idopontok\/","title":{"rendered":"Konzult\u00e1ci\u00f3s id\u0151pontok"},"content":{"rendered":"<p>&nbsp;<\/p> <p style=\"text-align: center\"><span style=\"font-size: 18pt\"><strong>Konzult\u00e1ci\u00f3s \u00f3r\u00e1k a Gy\u00f3gyszertani \u00e9s M\u00e9regtani Tansz\u00e9ken<\/strong><\/span><\/p> <p style=\"text-align: center\"><span style=\"font-size: 18pt\"><strong>2025\/2026. II. f\u00e9l\u00e9v<\/strong><\/span><\/p> <table class=\"aligncenter\" width=\"629\"> <tbody> <tr> <td width=\"31\"><\/td> <td width=\"214\">Oktat\u00f3<\/td> <td width=\"384\">Fogad\u00f3\u00f3ra id\u0151pontja \/ Consultation hours<\/td> <\/tr> <tr> <td>dr.<\/td> <td>CSIK\u00d3 Gy\u00f6rgy<\/td> <td>szerda \/ Wednesday 8:00-9:00<\/td> <\/tr> <tr> <td>dr.<\/td> <td>FARKAS Orsolya<\/td> <td>szerda \/ Wednesday 10:00-11:00<\/td> <\/tr> <tr> <td>dr.<\/td> <td>KARANCSI Zita<\/td> <td>kedd \/ Tuesday 12:00-13:00<\/td> <\/tr> <tr> <td>dr.<\/td> <td>KEREK \u00c1d\u00e1m<\/td> <td>cs\u00fct\u00f6rt\u00f6k \/ Thursday 10:00-12:00<\/td> <\/tr> <tr> <td>dr.<\/td> <td>KOV\u00c1CS D\u00f3ra<\/td> <td>h\u00e9tf\u0151 \/ Monday 15:15-16:15<\/td> <\/tr> <tr> <td>dr.<\/td> <td>MAG Patrik<\/td> <td>h\u00e9tf\u0151 \/ Monday 9:00-11:00<\/td> <\/tr> <tr> <td>dr.<\/td> <td>M\u00d3RITZ Alma Vir\u00e1g<\/td> <td>cs\u00fct\u00f6rt\u00f6k \/ Thursday 9:00-10:00<\/td> <\/tr> <tr> <td>dr.<\/td> <td>NEMES-TER\u00c9NYI Melinda<\/td> <td>cs\u00fct\u00f6rt\u00f6k \/ Thursday 11:00-12:00<\/td> <\/tr> <tr> <td>dr.<\/td> <td>P\u00e1sztin\u00e9 dr. GERE Erzs\u00e9bet<\/td> <td>p\u00e9ntek \/ Friday 9:00-10:00<\/td> <\/tr> <tr> <td>dr.<\/td> <td>SOMOGYI Fanni<\/td> <td>szerda \/ Wednesday 10:00-11:00<\/td> <\/tr> <tr> <td>dr.<\/td> <td>VERES Adrienn Merc\u00e9desz<\/td> <td>szerda \/ Wednesday 10:00-11:00<\/td> <\/tr> <\/tbody> <\/table> <p>&nbsp;<\/p> <p>&nbsp;<\/p>","protected":false},"excerpt":{"rendered":"<p>&nbsp; Konzult\u00e1ci\u00f3s \u00f3r\u00e1k a Gy\u00f3gyszertani \u00e9s M\u00e9regtani Tansz\u00e9ken 2025\/2026. II. f\u00e9l\u00e9v Oktat\u00f3 Fogad\u00f3\u00f3ra id\u0151pontja \/ Consultation hours dr. CSIK\u00d3 Gy\u00f6rgy szerda \/ Wednesday 8:00-9:00 dr. FARKAS Orsolya szerda \/ Wednesday 10:00-11:00 dr. KARANCSI Zita kedd \/ Tuesday 12:00-13:00 dr. KEREK \u00c1d\u00e1m cs\u00fct\u00f6rt\u00f6k \/ Thursday 10:00-12:00 dr. KOV\u00c1CS D\u00f3ra h\u00e9tf\u0151 \/ Monday 15:15-16:15 dr. MAG Patrik<\/p>\n","protected":false},"author":3837,"featured_media":0,"parent":3331,"menu_order":0,"comment_status":"closed","ping_status":"closed","template":"","meta":{"_acf_changed":false,"footnotes":""},"categories":[],"tags":[],"class_list":["post-16118","page","type-page","status-publish","hentry"],"acf":[],"yoast_head":"<!-- This site is optimized with the Yoast SEO plugin v27.2 - https:\/\/yoast.com\/product\/yoast-seo-wordpress\/ -->\n<title>Konzult\u00e1ci\u00f3s id\u0151pontok - Gy\u00f3gyszertani \u00e9s M\u00e9regtani Tansz\u00e9k<\/title>\n<meta name=\"robots\" content=\"index, follow, max-snippet:-1, max-image-preview:large, max-video-preview:-1\" \/>\n<link rel=\"canonical\" href=\"https:\/\/univet.hu\/gyogyszertani-tanszek\/gyogyszertani-es-meregtani-tanszek\/konzultacios-idopontok\/\" \/>\n<meta property=\"og:locale\" content=\"hu_HU\" \/>\n<meta property=\"og:type\" content=\"article\" \/>\n<meta property=\"og:title\" content=\"Konzult\u00e1ci\u00f3s id\u0151pontok - Gy\u00f3gyszertani \u00e9s M\u00e9regtani Tansz\u00e9k\" \/>\n<meta property=\"og:description\" content=\"&nbsp; Konzult\u00e1ci\u00f3s \u00f3r\u00e1k a Gy\u00f3gyszertani \u00e9s M\u00e9regtani Tansz\u00e9ken 2025\/2026. II. f\u00e9l\u00e9v Oktat\u00f3 Fogad\u00f3\u00f3ra id\u0151pontja \/ Consultation hours dr. CSIK\u00d3 Gy\u00f6rgy szerda \/ Wednesday 8:00-9:00 dr. FARKAS Orsolya szerda \/ Wednesday 10:00-11:00 dr. KARANCSI Zita kedd \/ Tuesday 12:00-13:00 dr. KEREK \u00c1d\u00e1m cs\u00fct\u00f6rt\u00f6k \/ Thursday 10:00-12:00 dr. KOV\u00c1CS D\u00f3ra h\u00e9tf\u0151 \/ Monday 15:15-16:15 dr. MAG Patrik\" \/>\n<meta property=\"og:url\" content=\"https:\/\/univet.hu\/gyogyszertani-tanszek\/gyogyszertani-es-meregtani-tanszek\/konzultacios-idopontok\/\" \/>\n<meta property=\"og:site_name\" content=\"Gy\u00f3gyszertani \u00e9s M\u00e9regtani Tansz\u00e9k\" \/>\n<meta property=\"article:modified_time\" content=\"2026-03-31T17:37:01+00:00\" \/>\n<meta name=\"twitter:card\" content=\"summary_large_image\" \/>\n<meta name=\"twitter:label1\" content=\"Becs\u00fclt olvas\u00e1si id\u0151\" \/>\n\t<meta name=\"twitter:data1\" content=\"1 perc\" \/>\n<script type=\"application\/ld+json\" class=\"yoast-schema-graph\">{\"@context\":\"https:\/\/schema.org\",\"@graph\":[{\"@type\":\"WebPage\",\"@id\":\"https:\/\/univet.hu\/gyogyszertani-tanszek\/gyogyszertani-es-meregtani-tanszek\/konzultacios-idopontok\/\",\"url\":\"https:\/\/univet.hu\/gyogyszertani-tanszek\/gyogyszertani-es-meregtani-tanszek\/konzultacios-idopontok\/\",\"name\":\"Konzult\u00e1ci\u00f3s id\u0151pontok - Gy\u00f3gyszertani \u00e9s M\u00e9regtani Tansz\u00e9k\",\"isPartOf\":{\"@id\":\"https:\/\/univet.hu\/gyogyszertani-tanszek\/en\/#website\"},\"datePublished\":\"1970-01-01T00:00:00+00:00\",\"dateModified\":\"2026-03-31T17:37:01+00:00\",\"breadcrumb\":{\"@id\":\"https:\/\/univet.hu\/gyogyszertani-tanszek\/gyogyszertani-es-meregtani-tanszek\/konzultacios-idopontok\/#breadcrumb\"},\"inLanguage\":\"hu\",\"potentialAction\":[{\"@type\":\"ReadAction\",\"target\":[\"https:\/\/univet.hu\/gyogyszertani-tanszek\/gyogyszertani-es-meregtani-tanszek\/konzultacios-idopontok\/\"]}]},{\"@type\":\"BreadcrumbList\",\"@id\":\"https:\/\/univet.hu\/gyogyszertani-tanszek\/gyogyszertani-es-meregtani-tanszek\/konzultacios-idopontok\/#breadcrumb\",\"itemListElement\":[{\"@type\":\"ListItem\",\"position\":1,\"name\":\"Kezd\u0151lap\",\"item\":\"https:\/\/univet.hu\/gyogyszertani-tanszek\/\"},{\"@type\":\"ListItem\",\"position\":2,\"name\":\"Gy\u00f3gyszertani \u00e9s M\u00e9regtani Tansz\u00e9k\",\"item\":\"https:\/\/univet.hu\/gyogyszertani-tanszek\/\"},{\"@type\":\"ListItem\",\"position\":3,\"name\":\"Konzult\u00e1ci\u00f3s id\u0151pontok\"}]},{\"@type\":\"WebSite\",\"@id\":\"https:\/\/univet.hu\/gyogyszertani-tanszek\/en\/#website\",\"url\":\"https:\/\/univet.hu\/gyogyszertani-tanszek\/en\/\",\"name\":\"Gy\u00f3gyszertani \u00e9s M\u00e9regtani Tansz\u00e9k\",\"description\":\"\",\"potentialAction\":[{\"@type\":\"SearchAction\",\"target\":{\"@type\":\"EntryPoint\",\"urlTemplate\":\"https:\/\/univet.hu\/gyogyszertani-tanszek\/en\/?s={search_term_string}\"},\"query-input\":{\"@type\":\"PropertyValueSpecification\",\"valueRequired\":true,\"valueName\":\"search_term_string\"}}],\"inLanguage\":\"hu\"}]}<\/script>\n<!-- \/ Yoast SEO plugin. -->","yoast_head_json":{"title":"Konzult\u00e1ci\u00f3s id\u0151pontok - Gy\u00f3gyszertani \u00e9s M\u00e9regtani Tansz\u00e9k","robots":{"index":"index","follow":"follow","max-snippet":"max-snippet:-1","max-image-preview":"max-image-preview:large","max-video-preview":"max-video-preview:-1"},"canonical":"https:\/\/univet.hu\/gyogyszertani-tanszek\/gyogyszertani-es-meregtani-tanszek\/konzultacios-idopontok\/","og_locale":"hu_HU","og_type":"article","og_title":"Konzult\u00e1ci\u00f3s id\u0151pontok - Gy\u00f3gyszertani \u00e9s M\u00e9regtani Tansz\u00e9k","og_description":"&nbsp; Konzult\u00e1ci\u00f3s \u00f3r\u00e1k a Gy\u00f3gyszertani \u00e9s M\u00e9regtani Tansz\u00e9ken 2025\/2026. II. f\u00e9l\u00e9v Oktat\u00f3 Fogad\u00f3\u00f3ra id\u0151pontja \/ Consultation hours dr. CSIK\u00d3 Gy\u00f6rgy szerda \/ Wednesday 8:00-9:00 dr. FARKAS Orsolya szerda \/ Wednesday 10:00-11:00 dr. KARANCSI Zita kedd \/ Tuesday 12:00-13:00 dr. KEREK \u00c1d\u00e1m cs\u00fct\u00f6rt\u00f6k \/ Thursday 10:00-12:00 dr. KOV\u00c1CS D\u00f3ra h\u00e9tf\u0151 \/ Monday 15:15-16:15 dr. MAG Patrik","og_url":"https:\/\/univet.hu\/gyogyszertani-tanszek\/gyogyszertani-es-meregtani-tanszek\/konzultacios-idopontok\/","og_site_name":"Gy\u00f3gyszertani \u00e9s M\u00e9regtani Tansz\u00e9k","article_modified_time":"2026-03-31T17:37:01+00:00","twitter_card":"summary_large_image","twitter_misc":{"Becs\u00fclt olvas\u00e1si id\u0151":"1 perc"},"schema":{"@context":"https:\/\/schema.org","@graph":[{"@type":"WebPage","@id":"https:\/\/univet.hu\/gyogyszertani-tanszek\/gyogyszertani-es-meregtani-tanszek\/konzultacios-idopontok\/","url":"https:\/\/univet.hu\/gyogyszertani-tanszek\/gyogyszertani-es-meregtani-tanszek\/konzultacios-idopontok\/","name":"Konzult\u00e1ci\u00f3s id\u0151pontok - Gy\u00f3gyszertani \u00e9s M\u00e9regtani Tansz\u00e9k","isPartOf":{"@id":"https:\/\/univet.hu\/gyogyszertani-tanszek\/en\/#website"},"datePublished":"1970-01-01T00:00:00+00:00","dateModified":"2026-03-31T17:37:01+00:00","breadcrumb":{"@id":"https:\/\/univet.hu\/gyogyszertani-tanszek\/gyogyszertani-es-meregtani-tanszek\/konzultacios-idopontok\/#breadcrumb"},"inLanguage":"hu","potentialAction":[{"@type":"ReadAction","target":["https:\/\/univet.hu\/gyogyszertani-tanszek\/gyogyszertani-es-meregtani-tanszek\/konzultacios-idopontok\/"]}]},{"@type":"BreadcrumbList","@id":"https:\/\/univet.hu\/gyogyszertani-tanszek\/gyogyszertani-es-meregtani-tanszek\/konzultacios-idopontok\/#breadcrumb","itemListElement":[{"@type":"ListItem","position":1,"name":"Kezd\u0151lap","item":"https:\/\/univet.hu\/gyogyszertani-tanszek\/"},{"@type":"ListItem","position":2,"name":"Gy\u00f3gyszertani \u00e9s M\u00e9regtani Tansz\u00e9k","item":"https:\/\/univet.hu\/gyogyszertani-tanszek\/"},{"@type":"ListItem","position":3,"name":"Konzult\u00e1ci\u00f3s id\u0151pontok"}]},{"@type":"WebSite","@id":"https:\/\/univet.hu\/gyogyszertani-tanszek\/en\/#website","url":"https:\/\/univet.hu\/gyogyszertani-tanszek\/en\/","name":"Gy\u00f3gyszertani \u00e9s M\u00e9regtani Tansz\u00e9k","description":"","potentialAction":[{"@type":"SearchAction","target":{"@type":"EntryPoint","urlTemplate":"https:\/\/univet.hu\/gyogyszertani-tanszek\/en\/?s={search_term_string}"},"query-input":{"@type":"PropertyValueSpecification","valueRequired":true,"valueName":"search_term_string"}}],"inLanguage":"hu"}]}},"_links":{"self":[{"href":"https:\/\/univet.hu\/gyogyszertani-tanszek\/wp-json\/wp\/v2\/pages\/16118","targetHints":{"allow":["GET"]}}],"collection":[{"href":"https:\/\/univet.hu\/gyogyszertani-tanszek\/wp-json\/wp\/v2\/pages"}],"about":[{"href":"https:\/\/univet.hu\/gyogyszertani-tanszek\/wp-json\/wp\/v2\/types\/page"}],"author":[{"embeddable":true,"href":"https:\/\/univet.hu\/gyogyszertani-tanszek\/wp-json\/wp\/v2\/users\/3837"}],"replies":[{"embeddable":true,"href":"https:\/\/univet.hu\/gyogyszertani-tanszek\/wp-json\/wp\/v2\/comments?post=16118"}],"version-history":[{"count":4,"href":"https:\/\/univet.hu\/gyogyszertani-tanszek\/wp-json\/wp\/v2\/pages\/16118\/revisions"}],"predecessor-version":[{"id":163777,"href":"https:\/\/univet.hu\/gyogyszertani-tanszek\/wp-json\/wp\/v2\/pages\/16118\/revisions\/163777"}],"up":[{"embeddable":true,"href":"https:\/\/univet.hu\/gyogyszertani-tanszek\/wp-json\/wp\/v2\/pages\/3331"}],"wp:attachment":[{"href":"https:\/\/univet.hu\/gyogyszertani-tanszek\/wp-json\/wp\/v2\/media?parent=16118"}],"wp:term":[{"taxonomy":"category","embeddable":true,"href":"https:\/\/univet.hu\/gyogyszertani-tanszek\/wp-json\/wp\/v2\/categories?post=16118"},{"taxonomy":"post_tag","embeddable":true,"href":"https:\/\/univet.hu\/gyogyszertani-tanszek\/wp-json\/wp\/v2\/tags?post=16118"}],"curies":[{"name":"wp","href":"https:\/\/api.w.org\/{rel}","templated":true}]}}