{"id":59636,"date":"2020-10-29T11:14:17","date_gmt":"2020-10-29T10:14:17","guid":{"rendered":"https:\/\/univet.hu\/hu\/egyetem\/szervezeti-egysegek\/gyogyszertani-es-meregtani-tanszek\/name\/"},"modified":"2025-03-20T11:08:04","modified_gmt":"2025-03-20T10:08:04","slug":"orarend","status":"publish","type":"page","link":"https:\/\/univet.hu\/gyogyszertani-tanszek\/gyogyszertani-es-meregtani-tanszek\/orarend\/","title":{"rendered":"\u00d3rarend"},"content":{"rendered":"<p><span style=\"font-size: 14pt\"><strong>2023\/2024. tan\u00e9v I. f\u00e9l\u00e9v:<\/strong><\/span><\/p> <p><img loading=\"lazy\" decoding=\"async\" class=\"alignnone size-full wp-image-91959\" src=\"https:\/\/univet.hu\/wp-content\/uploads\/2023\/09\/\u00d3rarend.jpg\" alt=\"\" width=\"1460\" height=\"984\" \/><\/p>","protected":false},"excerpt":{"rendered":"<p>2023\/2024. tan\u00e9v I. f\u00e9l\u00e9v:<\/p>\n","protected":false},"author":3837,"featured_media":0,"parent":3331,"menu_order":0,"comment_status":"open","ping_status":"open","template":"","meta":{"_acf_changed":false,"footnotes":""},"categories":[],"tags":[],"class_list":["post-59636","page","type-page","status-publish","hentry"],"acf":[],"yoast_head":"<!-- This site is optimized with the Yoast SEO plugin v27.2 - https:\/\/yoast.com\/product\/yoast-seo-wordpress\/ -->\n<title>\u00d3rarend - Gy\u00f3gyszertani \u00e9s M\u00e9regtani Tansz\u00e9k<\/title>\n<meta name=\"robots\" content=\"index, follow, max-snippet:-1, max-image-preview:large, max-video-preview:-1\" \/>\n<link rel=\"canonical\" href=\"https:\/\/univet.hu\/gyogyszertani-tanszek\/gyogyszertani-es-meregtani-tanszek\/orarend\/\" \/>\n<meta property=\"og:locale\" content=\"hu_HU\" \/>\n<meta property=\"og:type\" content=\"article\" \/>\n<meta property=\"og:title\" content=\"\u00d3rarend - Gy\u00f3gyszertani \u00e9s M\u00e9regtani Tansz\u00e9k\" \/>\n<meta property=\"og:description\" content=\"2023\/2024. tan\u00e9v I. f\u00e9l\u00e9v:\" \/>\n<meta property=\"og:url\" content=\"https:\/\/univet.hu\/gyogyszertani-tanszek\/gyogyszertani-es-meregtani-tanszek\/orarend\/\" \/>\n<meta property=\"og:site_name\" content=\"Gy\u00f3gyszertani \u00e9s M\u00e9regtani Tansz\u00e9k\" \/>\n<meta property=\"article:modified_time\" content=\"2025-03-20T10:08:04+00:00\" \/>\n<meta name=\"twitter:card\" content=\"summary_large_image\" \/>\n<script type=\"application\/ld+json\" class=\"yoast-schema-graph\">{\"@context\":\"https:\/\/schema.org\",\"@graph\":[{\"@type\":\"WebPage\",\"@id\":\"https:\/\/univet.hu\/gyogyszertani-tanszek\/gyogyszertani-es-meregtani-tanszek\/orarend\/\",\"url\":\"https:\/\/univet.hu\/gyogyszertani-tanszek\/gyogyszertani-es-meregtani-tanszek\/orarend\/\",\"name\":\"\u00d3rarend - Gy\u00f3gyszertani \u00e9s M\u00e9regtani Tansz\u00e9k\",\"isPartOf\":{\"@id\":\"https:\/\/univet.hu\/gyogyszertani-tanszek\/en\/#website\"},\"datePublished\":\"2020-10-29T10:14:17+00:00\",\"dateModified\":\"2025-03-20T10:08:04+00:00\",\"breadcrumb\":{\"@id\":\"https:\/\/univet.hu\/gyogyszertani-tanszek\/gyogyszertani-es-meregtani-tanszek\/orarend\/#breadcrumb\"},\"inLanguage\":\"hu\",\"potentialAction\":[{\"@type\":\"ReadAction\",\"target\":[\"https:\/\/univet.hu\/gyogyszertani-tanszek\/gyogyszertani-es-meregtani-tanszek\/orarend\/\"]}]},{\"@type\":\"BreadcrumbList\",\"@id\":\"https:\/\/univet.hu\/gyogyszertani-tanszek\/gyogyszertani-es-meregtani-tanszek\/orarend\/#breadcrumb\",\"itemListElement\":[{\"@type\":\"ListItem\",\"position\":1,\"name\":\"Kezd\u0151lap\",\"item\":\"https:\/\/univet.hu\/gyogyszertani-tanszek\/\"},{\"@type\":\"ListItem\",\"position\":2,\"name\":\"Gy\u00f3gyszertani \u00e9s M\u00e9regtani Tansz\u00e9k\",\"item\":\"https:\/\/univet.hu\/gyogyszertani-tanszek\/\"},{\"@type\":\"ListItem\",\"position\":3,\"name\":\"\u00d3rarend\"}]},{\"@type\":\"WebSite\",\"@id\":\"https:\/\/univet.hu\/gyogyszertani-tanszek\/en\/#website\",\"url\":\"https:\/\/univet.hu\/gyogyszertani-tanszek\/en\/\",\"name\":\"Gy\u00f3gyszertani \u00e9s M\u00e9regtani Tansz\u00e9k\",\"description\":\"\",\"potentialAction\":[{\"@type\":\"SearchAction\",\"target\":{\"@type\":\"EntryPoint\",\"urlTemplate\":\"https:\/\/univet.hu\/gyogyszertani-tanszek\/en\/?s={search_term_string}\"},\"query-input\":{\"@type\":\"PropertyValueSpecification\",\"valueRequired\":true,\"valueName\":\"search_term_string\"}}],\"inLanguage\":\"hu\"}]}<\/script>\n<!-- \/ Yoast SEO plugin. -->","yoast_head_json":{"title":"\u00d3rarend - Gy\u00f3gyszertani \u00e9s M\u00e9regtani Tansz\u00e9k","robots":{"index":"index","follow":"follow","max-snippet":"max-snippet:-1","max-image-preview":"max-image-preview:large","max-video-preview":"max-video-preview:-1"},"canonical":"https:\/\/univet.hu\/gyogyszertani-tanszek\/gyogyszertani-es-meregtani-tanszek\/orarend\/","og_locale":"hu_HU","og_type":"article","og_title":"\u00d3rarend - Gy\u00f3gyszertani \u00e9s M\u00e9regtani Tansz\u00e9k","og_description":"2023\/2024. tan\u00e9v I. f\u00e9l\u00e9v:","og_url":"https:\/\/univet.hu\/gyogyszertani-tanszek\/gyogyszertani-es-meregtani-tanszek\/orarend\/","og_site_name":"Gy\u00f3gyszertani \u00e9s M\u00e9regtani Tansz\u00e9k","article_modified_time":"2025-03-20T10:08:04+00:00","twitter_card":"summary_large_image","schema":{"@context":"https:\/\/schema.org","@graph":[{"@type":"WebPage","@id":"https:\/\/univet.hu\/gyogyszertani-tanszek\/gyogyszertani-es-meregtani-tanszek\/orarend\/","url":"https:\/\/univet.hu\/gyogyszertani-tanszek\/gyogyszertani-es-meregtani-tanszek\/orarend\/","name":"\u00d3rarend - Gy\u00f3gyszertani \u00e9s M\u00e9regtani Tansz\u00e9k","isPartOf":{"@id":"https:\/\/univet.hu\/gyogyszertani-tanszek\/en\/#website"},"datePublished":"2020-10-29T10:14:17+00:00","dateModified":"2025-03-20T10:08:04+00:00","breadcrumb":{"@id":"https:\/\/univet.hu\/gyogyszertani-tanszek\/gyogyszertani-es-meregtani-tanszek\/orarend\/#breadcrumb"},"inLanguage":"hu","potentialAction":[{"@type":"ReadAction","target":["https:\/\/univet.hu\/gyogyszertani-tanszek\/gyogyszertani-es-meregtani-tanszek\/orarend\/"]}]},{"@type":"BreadcrumbList","@id":"https:\/\/univet.hu\/gyogyszertani-tanszek\/gyogyszertani-es-meregtani-tanszek\/orarend\/#breadcrumb","itemListElement":[{"@type":"ListItem","position":1,"name":"Kezd\u0151lap","item":"https:\/\/univet.hu\/gyogyszertani-tanszek\/"},{"@type":"ListItem","position":2,"name":"Gy\u00f3gyszertani \u00e9s M\u00e9regtani Tansz\u00e9k","item":"https:\/\/univet.hu\/gyogyszertani-tanszek\/"},{"@type":"ListItem","position":3,"name":"\u00d3rarend"}]},{"@type":"WebSite","@id":"https:\/\/univet.hu\/gyogyszertani-tanszek\/en\/#website","url":"https:\/\/univet.hu\/gyogyszertani-tanszek\/en\/","name":"Gy\u00f3gyszertani \u00e9s M\u00e9regtani Tansz\u00e9k","description":"","potentialAction":[{"@type":"SearchAction","target":{"@type":"EntryPoint","urlTemplate":"https:\/\/univet.hu\/gyogyszertani-tanszek\/en\/?s={search_term_string}"},"query-input":{"@type":"PropertyValueSpecification","valueRequired":true,"valueName":"search_term_string"}}],"inLanguage":"hu"}]}},"_links":{"self":[{"href":"https:\/\/univet.hu\/gyogyszertani-tanszek\/wp-json\/wp\/v2\/pages\/59636","targetHints":{"allow":["GET"]}}],"collection":[{"href":"https:\/\/univet.hu\/gyogyszertani-tanszek\/wp-json\/wp\/v2\/pages"}],"about":[{"href":"https:\/\/univet.hu\/gyogyszertani-tanszek\/wp-json\/wp\/v2\/types\/page"}],"author":[{"embeddable":true,"href":"https:\/\/univet.hu\/gyogyszertani-tanszek\/wp-json\/wp\/v2\/users\/3837"}],"replies":[{"embeddable":true,"href":"https:\/\/univet.hu\/gyogyszertani-tanszek\/wp-json\/wp\/v2\/comments?post=59636"}],"version-history":[{"count":1,"href":"https:\/\/univet.hu\/gyogyszertani-tanszek\/wp-json\/wp\/v2\/pages\/59636\/revisions"}],"predecessor-version":[{"id":163711,"href":"https:\/\/univet.hu\/gyogyszertani-tanszek\/wp-json\/wp\/v2\/pages\/59636\/revisions\/163711"}],"up":[{"embeddable":true,"href":"https:\/\/univet.hu\/gyogyszertani-tanszek\/wp-json\/wp\/v2\/pages\/3331"}],"wp:attachment":[{"href":"https:\/\/univet.hu\/gyogyszertani-tanszek\/wp-json\/wp\/v2\/media?parent=59636"}],"wp:term":[{"taxonomy":"category","embeddable":true,"href":"https:\/\/univet.hu\/gyogyszertani-tanszek\/wp-json\/wp\/v2\/categories?post=59636"},{"taxonomy":"post_tag","embeddable":true,"href":"https:\/\/univet.hu\/gyogyszertani-tanszek\/wp-json\/wp\/v2\/tags?post=59636"}],"curies":[{"name":"wp","href":"https:\/\/api.w.org\/{rel}","templated":true}]}}