{"version":"1.0","provider_name":"\u00c1llatorvostudom\u00e1nyi Egyetem Budapest","provider_url":"https:\/\/univet.hu\/hu\/","title":"\u00c1tadt\u00e1k az Egyetem fel\u00faj\u00edtott Belgy\u00f3gy\u00e1szati Tansz\u00e9k\u00e9t - \u00c1llatorvostudom\u00e1nyi Egyetem Budapest","type":"rich","width":600,"height":338,"html":"<blockquote class=\"wp-embedded-content\" data-secret=\"UFIRWqgemE\"><a href=\"https:\/\/univet.hu\/hu\/2026\/04\/atadtak-az-egyetem-felujitott-belgyogyaszati-tanszeket\/\">\u00c1tadt\u00e1k az Egyetem fel\u00faj\u00edtott Belgy\u00f3gy\u00e1szati Tansz\u00e9k\u00e9t<\/a><\/blockquote><iframe sandbox=\"allow-scripts\" security=\"restricted\" src=\"https:\/\/univet.hu\/hu\/2026\/04\/atadtak-az-egyetem-felujitott-belgyogyaszati-tanszeket\/embed\/#?secret=UFIRWqgemE\" width=\"600\" height=\"338\" title=\"&#8220;\u00c1tadt\u00e1k az Egyetem fel\u00faj\u00edtott Belgy\u00f3gy\u00e1szati Tansz\u00e9k\u00e9t&#8221; &#8212; \u00c1llatorvostudom\u00e1nyi Egyetem Budapest\" data-secret=\"UFIRWqgemE\" frameborder=\"0\" marginwidth=\"0\" marginheight=\"0\" scrolling=\"no\" class=\"wp-embedded-content\"><\/iframe><script type=\"text\/javascript\">\n\/* <![CDATA[ *\/\n\/*! This file is auto-generated *\/\n!function(d,l){\"use strict\";l.querySelector&&d.addEventListener&&\"undefined\"!=typeof URL&&(d.wp=d.wp||{},d.wp.receiveEmbedMessage||(d.wp.receiveEmbedMessage=function(e){var t=e.data;if((t||t.secret||t.message||t.value)&&!\/[^a-zA-Z0-9]\/.test(t.secret)){for(var s,r,n,a=l.querySelectorAll('iframe[data-secret=\"'+t.secret+'\"]'),o=l.querySelectorAll('blockquote[data-secret=\"'+t.secret+'\"]'),c=new RegExp(\"^https?:$\",\"i\"),i=0;i<o.length;i++)o[i].style.display=\"none\";for(i=0;i<a.length;i++)s=a[i],e.source===s.contentWindow&&(s.removeAttribute(\"style\"),\"height\"===t.message?(1e3<(r=parseInt(t.value,10))?r=1e3:~~r<200&&(r=200),s.height=r):\"link\"===t.message&&(r=new URL(s.getAttribute(\"src\")),n=new URL(t.value),c.test(n.protocol))&&n.host===r.host&&l.activeElement===s&&(d.top.location.href=t.value))}},d.addEventListener(\"message\",d.wp.receiveEmbedMessage,!1),l.addEventListener(\"DOMContentLoaded\",function(){for(var e,t,s=l.querySelectorAll(\"iframe.wp-embedded-content\"),r=0;r<s.length;r++)(t=(e=s[r]).getAttribute(\"data-secret\"))||(t=Math.random().toString(36).substring(2,12),e.src+=\"#?secret=\"+t,e.setAttribute(\"data-secret\",t)),e.contentWindow.postMessage({message:\"ready\",secret:t},\"*\")},!1)))}(window,document);\n\/\/# sourceURL=https:\/\/univet.hu\/wp-includes\/js\/wp-embed.min.js\n\/* ]]> *\/\n<\/script>\n","thumbnail_url":"https:\/\/univet.hu\/wp-content\/uploads\/2026\/04\/belgyogyaszat15.jpg","thumbnail_width":1600,"thumbnail_height":1067,"description":"B\u00e1r Egyetem\u00fcnk \u00e9p\u00fcletei k\u00f6z\u00f6tt egy\u00e1ltal\u00e1n nem k\u00f6nny\u0171 k\u00fcl\u00f6nbs\u00e9get tenni fontoss\u00e1gukat illet\u0151en, az bizonyos, hogy l\u00e9tez\u00e9se \u00f3ta az Istv\u00e1n utcai kampuszon az \u201eA\u201d \u00e9p\u00fcletben f\u00e1radoztak k\u00f6zvetlen\u00fcl a legt\u00f6bb \u00e1llat gy\u00f3gy\u00edt\u00e1s\u00e1n az orvosok \u00e9s seg\u00edt\u0151ik. Ez\u00e9rt is nevezhette az \u00e9p\u00fcleten bel\u00fcl fel\u00faj\u00edtott Belgy\u00f3gy\u00e1szati Tansz\u00e9k \u00e1prilis 22-i \u00e1tad\u00e1s\u00e1t int\u00e9zm\u00e9ny\u00fcnk meg\u00fajul\u00e1s\u00e1nak korszakos l\u00e9p\u00e9sek\u00e9nt Prof.\u00a0 Dr. S\u00f3tonyi P\u00e9ter rektor. J\u00f3l"}

Állatorvostudományi Egyetem Budapest

Átadták az Egyetem felújított Belgyógyászati Tanszékét - Állatorvostudományi Egyetem Budapest

<blockquote class="wp-embedded-content" data-secret="UFIRWqgemE"><a href="https://univet.hu/hu/2026/04/atadtak-az-egyetem-felujitott-belgyogyaszati-tanszeket/">Átadták az Egyetem felújított Belgyógyászati Tanszékét</a></blockquote><iframe sandbox="allow-scripts" security="restricted" src="https://univet.hu/hu/2026/04/atadtak-az-egyetem-felujitott-belgyogyaszati-tanszeket/embed/#?secret=UFIRWqgemE" width="600" height="338" title="&#8220;Átadták az Egyetem felújított Belgyógyászati Tanszékét&#8221; &#8212; Állatorvostudományi Egyetem Budapest" data-secret="UFIRWqgemE" frameborder="0" marginwidth="0" marginheight="0" scrolling="no" class="wp-embedded-content"></iframe><script type="text/javascript">
/* <![CDATA[ */
/*! This file is auto-generated */
!function(d,l){"use strict";l.querySelector&&d.addEventListener&&"undefined"!=typeof URL&&(d.wp=d.wp||{},d.wp.receiveEmbedMessage||(d.wp.receiveEmbedMessage=function(e){var t=e.data;if((t||t.secret||t.message||t.value)&&!/[^a-zA-Z0-9]/.test(t.secret)){for(var s,r,n,a=l.querySelectorAll('iframe[data-secret="'+t.secret+'"]'),o=l.querySelectorAll('blockquote[data-secret="'+t.secret+'"]'),c=new RegExp("^https?:$","i"),i=0;i<o.length;i++)o[i].style.display="none";for(i=0;i<a.length;i++)s=a[i],e.source===s.contentWindow&&(s.removeAttribute("style"),"height"===t.message?(1e3<(r=parseInt(t.value,10))?r=1e3:~~r<200&&(r=200),s.height=r):"link"===t.message&&(r=new URL(s.getAttribute("src")),n=new URL(t.value),c.test(n.protocol))&&n.host===r.host&&l.activeElement===s&&(d.top.location.href=t.value))}},d.addEventListener("message",d.wp.receiveEmbedMessage,!1),l.addEventListener("DOMContentLoaded",function(){for(var e,t,s=l.querySelectorAll("iframe.wp-embedded-content"),r=0;r<s.length;r++)(t=(e=s[r]).getAttribute("data-secret"))||(t=Math.random().toString(36).substring(2,12),e.src+="#?secret="+t,e.setAttribute("data-secret",t)),e.contentWindow.postMessage({message:"ready",secret:t},"*")},!1)))}(window,document);
//# sourceURL=https://univet.hu/wp-includes/js/wp-embed.min.js
/* ]]> */
</script>

Bár Egyetemünk épületei között egyáltalán nem könnyű különbséget tenni fontosságukat illetően, az bizonyos, hogy létezése óta az István utcai kampuszon az „A” épületben fáradoztak közvetlenül a legtöbb állat gyógyításán az orvosok és segítőik. Ezért is nevezhette az épületen belül felújított Belgyógyászati Tanszék április 22-i átadását intézményünk megújulásának korszakos lépéseként Prof.  Dr. Sótonyi Péter rektor. Jól
