{"id":1152,"date":"2017-11-07T10:00:00","date_gmt":"2017-11-07T09:00:00","guid":{"rendered":"http:\/\/univet.hu\/egyetem\/nemzetkozi-kapcsolatok\/erasmus\/erasmus-charter-for-higher-education-2014-2020\/"},"modified":"2023-01-25T09:32:40","modified_gmt":"2023-01-25T08:32:40","slug":"erasmus-charter-for-higher-education-2021-2027","status":"publish","type":"page","link":"https:\/\/univet.hu\/hu\/egyetem\/nemzetkozi-kapcsolatok\/erasmus\/erasmus-charter-for-higher-education-2021-2027\/","title":{"rendered":"Erasmus Charter for Higher Education 2021-2027"},"content":{"rendered":"<p>A fels\u0151oktat\u00e1si int\u00e9zm\u00e9nyeknek az Eur\u00f3pai Uni\u00f3 h\u00e9t\u00e9ves k\u00f6lts\u00e9gvet\u00e9si id\u0151szak\u00e1hoz k\u00f6t\u0151d\u0151en 7 \u00e9vente p\u00e1ly\u00e1zniuk kell az Eur\u00f3pai Bizotts\u00e1ghoz az Erasmus programban val\u00f3 r\u00e9szv\u00e9telre. A p\u00e1ly\u00e1zatban az int\u00e9zm\u00e9nyi adatok mellett meg kell fogalmazni az Erasmus program m\u0171k\u00f6dtet\u00e9s\u00e9nek int\u00e9zm\u00e9nyi h\u00e1tter\u00e9t, valamint az int\u00e9zm\u00e9ny nemzetk\u00f6zi strat\u00e9gi\u00e1j\u00e1t. A nyertes p\u00e1ly\u00e1z\u00f3k \u00e9vente p\u00e1ly\u00e1zhatnak a Nemzeti Iroda fel\u00e9 Erasmus k\u00f6lts\u00e9gvet\u00e9si t\u00e1mogat\u00e1s\u00e9rt.<\/p> <p><a href=\"https:\/\/univet.hu\/wp-content\/uploads\/2023\/01\/Erasmus-Charter-for-Higher-Education_2021_UVMB.pdf\">Erasmus Charter for Higher Education_2021-2027_UVMB<\/a><\/p>","protected":false},"excerpt":{"rendered":"<p>A fels\u0151oktat\u00e1si int\u00e9zm\u00e9nyeknek az Eur\u00f3pai Uni\u00f3 h\u00e9t\u00e9ves k\u00f6lts\u00e9gvet\u00e9si id\u0151szak\u00e1hoz k\u00f6t\u0151d\u0151en 7 \u00e9vente p\u00e1ly\u00e1zniuk kell az Eur\u00f3pai Bizotts\u00e1ghoz az Erasmus programban val\u00f3 r\u00e9szv\u00e9telre. A p\u00e1ly\u00e1zatban az int\u00e9zm\u00e9nyi adatok mellett meg kell fogalmazni az Erasmus program m\u0171k\u00f6dtet\u00e9s\u00e9nek int\u00e9zm\u00e9nyi h\u00e1tter\u00e9t, valamint az int\u00e9zm\u00e9ny nemzetk\u00f6zi strat\u00e9gi\u00e1j\u00e1t. A nyertes p\u00e1ly\u00e1z\u00f3k \u00e9vente p\u00e1ly\u00e1zhatnak a Nemzeti Iroda fel\u00e9 Erasmus k\u00f6lts\u00e9gvet\u00e9si t\u00e1mogat\u00e1s\u00e9rt. Erasmus<\/p>\n","protected":false},"author":1,"featured_media":0,"parent":1122,"menu_order":228,"comment_status":"closed","ping_status":"closed","template":"","meta":{"_acf_changed":false,"footnotes":""},"categories":[],"tags":[],"class_list":["post-1152","page","type-page","status-publish","hentry"],"acf":[],"_links":{"self":[{"href":"https:\/\/univet.hu\/hu\/wp-json\/wp\/v2\/pages\/1152","targetHints":{"allow":["GET"]}}],"collection":[{"href":"https:\/\/univet.hu\/hu\/wp-json\/wp\/v2\/pages"}],"about":[{"href":"https:\/\/univet.hu\/hu\/wp-json\/wp\/v2\/types\/page"}],"author":[{"embeddable":true,"href":"https:\/\/univet.hu\/hu\/wp-json\/wp\/v2\/users\/1"}],"replies":[{"embeddable":true,"href":"https:\/\/univet.hu\/hu\/wp-json\/wp\/v2\/comments?post=1152"}],"version-history":[{"count":0,"href":"https:\/\/univet.hu\/hu\/wp-json\/wp\/v2\/pages\/1152\/revisions"}],"up":[{"embeddable":true,"href":"https:\/\/univet.hu\/hu\/wp-json\/wp\/v2\/pages\/1122"}],"wp:attachment":[{"href":"https:\/\/univet.hu\/hu\/wp-json\/wp\/v2\/media?parent=1152"}],"wp:term":[{"taxonomy":"category","embeddable":true,"href":"https:\/\/univet.hu\/hu\/wp-json\/wp\/v2\/categories?post=1152"},{"taxonomy":"post_tag","embeddable":true,"href":"https:\/\/univet.hu\/hu\/wp-json\/wp\/v2\/tags?post=1152"}],"curies":[{"name":"wp","href":"https:\/\/api.w.org\/{rel}","templated":true}]}}

<p>A felsőoktatási intézményeknek az Európai Unió hétéves költségvetési időszakához kötődően 7 évente pályázniuk kell az Európai Bizottsághoz az Erasmus programban való részvételre. A pályázatban az intézményi adatok mellett meg kell fogalmazni az Erasmus program működtetésének intézményi hátterét, valamint az intézmény nemzetközi stratégiáját. A nyertes pályázók évente pályázhatnak a Nemzeti Iroda felé Erasmus költségvetési támogatásért.</p> <p><a href="https://univet.hu/wp-content/uploads/2023/01/Erasmus-Charter-for-Higher-Education_2021_UVMB.pdf">Erasmus Charter for Higher Education_2021-2027_UVMB</a></p>

<p>A felsőoktatási intézményeknek az Európai Unió hétéves költségvetési időszakához kötődően 7 évente pályázniuk kell az Európai Bizottsághoz az Erasmus programban való részvételre. A pályázatban az intézményi adatok mellett meg kell fogalmazni az Erasmus program működtetésének intézményi hátterét, valamint az intézmény nemzetközi stratégiáját. A nyertes pályázók évente pályázhatnak a Nemzeti Iroda felé Erasmus költségvetési támogatásért. Erasmus</p>
