{"id":203205,"date":"2026-03-18T15:01:36","date_gmt":"2026-03-18T14:01:36","guid":{"rendered":"https:\/\/univet.hu\/hu\/egyetem\/munkatarsak\/mate_dora\/"},"modified":"2026-04-01T11:50:50","modified_gmt":"2026-04-01T09:50:50","slug":"mate-dora","status":"publish","type":"page","link":"https:\/\/univet.hu\/hu\/egyetem\/munkatarsak\/mate-dora\/","title":{"rendered":"M\u00e1t\u00e9 D\u00f3ra"},"content":{"rendered":"<p><strong>Bemutatkoz\u00e1s<\/strong><\/p> <p>M\u00e1t\u00e9 D\u00f3ra 2016-ban szerzett okleveles biol\u00f3gus diplom\u00e1t a E\u00f6tv\u00f6s Lor\u00e1nd Tudom\u00e1nyegyetem, Molekul\u00e1ris, Immun- \u00e9s Mikrobiol\u00f3gia szakir\u00e1ny\u00e1n. 2023-ban kezdte meg doktori tanulm\u00e1nyait az \u00c1llatorvostudom\u00e1nyi Egyetem Aujeszky Alad\u00e1r Elm\u00e9leti \u00c1llatorvostudom\u00e1nyok DI program keretein bel\u00fcl, melyhez a virol\u00f3giai kutat\u00e1sai els\u0151 k\u00e9t \u00e9v\u00e9t az \u00c1llatorvostudom\u00e1nyi Kutat\u00f3int\u00e9zet, \u00daj k\u00f3rokoz\u00f3k felder\u00edt\u00e9se, majd a Funkcion\u00e1lis virol\u00f3gia kutat\u00f3csoportj\u00e1ban v\u00e9gezte. 2025-t\u0151l \u00c1llatorvostudom\u00e1nyi Egyetem J\u00e1rv\u00e1nytani \u00e9s Mikrobiol\u00f3giai Tansz\u00e9k\u00e9nek tudom\u00e1nyos seg\u00e9dmunkat\u00e1rsa, kutat\u00e1si tev\u00e9kenys\u00e9g\u00e9t a Szekven\u00e1l\u00f3 laborat\u00f3riumban v\u00e9gzi.<\/p> <p>A doktori kutat\u00e1si t\u00e9m\u00e1ja Eml\u0151s coronav\u00edrusok diverzit\u00e1s\u00e1nak \u00e9s gazdaspektrum\u00e1nak felm\u00e9r\u00e9se. Emellett bekapcsol\u00f3dik a Szekven\u00e1l\u00f3 laborat\u00f3rium mindennapi munk\u00e1lataiba.<\/p> <p><strong>El\u0151rehalad\u00e1s &#8211; munkahelyek<\/strong><\/p> <p>2023-2024\u00a0\u00a0\u00a0\u00a0\u00a0 \u00c1llatorvostudom\u00e1nyi Kutat\u00f3int\u00e9zet, PhD hallgat\u00f3<\/p> <p>2025-t\u0151l\u00a0\u00a0\u00a0\u00a0\u00a0\u00a0\u00a0\u00a0\u00a0\u00a0 \u00c1llatorvostudom\u00e1nyi Egyetem, J\u00e1rv\u00e1nytani \u00e9s Mikrobiol\u00f3giai Tansz\u00e9k, tudom\u00e1nyos seg\u00e9dmunkat\u00e1rs<\/p> <p><strong>Szakmai szervezeti tags\u00e1g:<\/strong><\/p> <p>Magyar Mikrobiol\u00f3giai T\u00e1rsas\u00e1g, 2025-t\u0151l, tag<\/p> <p><strong>Publik\u00e1ci\u00f3k<\/strong><\/p> <p>MTMT azonos\u00edt\u00f3: 10091071<br \/> <a href=\"https:\/\/m2.mtmt.hu\/api\/author\/10091071\">https:\/\/m2.mtmt.hu\/api\/author\/10091071<\/a><\/p>","protected":false},"excerpt":{"rendered":"<p>Bemutatkoz\u00e1s M\u00e1t\u00e9 D\u00f3ra 2016-ban szerzett okleveles biol\u00f3gus diplom\u00e1t a E\u00f6tv\u00f6s Lor\u00e1nd Tudom\u00e1nyegyetem, Molekul\u00e1ris, Immun- \u00e9s Mikrobiol\u00f3gia szakir\u00e1ny\u00e1n. 2023-ban kezdte meg doktori tanulm\u00e1nyait az \u00c1llatorvostudom\u00e1nyi Egyetem Aujeszky Alad\u00e1r Elm\u00e9leti \u00c1llatorvostudom\u00e1nyok DI program keretein bel\u00fcl, melyhez a virol\u00f3giai kutat\u00e1sai els\u0151 k\u00e9t \u00e9v\u00e9t az \u00c1llatorvostudom\u00e1nyi Kutat\u00f3int\u00e9zet, \u00daj k\u00f3rokoz\u00f3k felder\u00edt\u00e9se, majd a Funkcion\u00e1lis virol\u00f3gia kutat\u00f3csoportj\u00e1ban v\u00e9gezte. 2025-t\u0151l \u00c1llatorvostudom\u00e1nyi Egyetem<\/p>\n","protected":false},"author":5411,"featured_media":0,"parent":858,"menu_order":0,"comment_status":"open","ping_status":"open","template":"","meta":{"_acf_changed":false,"footnotes":""},"categories":[],"tags":[],"class_list":["post-203205","page","type-page","status-publish","hentry"],"acf":[],"_links":{"self":[{"href":"https:\/\/univet.hu\/hu\/wp-json\/wp\/v2\/pages\/203205","targetHints":{"allow":["GET"]}}],"collection":[{"href":"https:\/\/univet.hu\/hu\/wp-json\/wp\/v2\/pages"}],"about":[{"href":"https:\/\/univet.hu\/hu\/wp-json\/wp\/v2\/types\/page"}],"author":[{"embeddable":true,"href":"https:\/\/univet.hu\/hu\/wp-json\/wp\/v2\/users\/5411"}],"replies":[{"embeddable":true,"href":"https:\/\/univet.hu\/hu\/wp-json\/wp\/v2\/comments?post=203205"}],"version-history":[{"count":4,"href":"https:\/\/univet.hu\/hu\/wp-json\/wp\/v2\/pages\/203205\/revisions"}],"predecessor-version":[{"id":204689,"href":"https:\/\/univet.hu\/hu\/wp-json\/wp\/v2\/pages\/203205\/revisions\/204689"}],"up":[{"embeddable":true,"href":"https:\/\/univet.hu\/hu\/wp-json\/wp\/v2\/pages\/858"}],"wp:attachment":[{"href":"https:\/\/univet.hu\/hu\/wp-json\/wp\/v2\/media?parent=203205"}],"wp:term":[{"taxonomy":"category","embeddable":true,"href":"https:\/\/univet.hu\/hu\/wp-json\/wp\/v2\/categories?post=203205"},{"taxonomy":"post_tag","embeddable":true,"href":"https:\/\/univet.hu\/hu\/wp-json\/wp\/v2\/tags?post=203205"}],"curies":[{"name":"wp","href":"https:\/\/api.w.org\/{rel}","templated":true}]}}

Máté Dóra

<p><strong>Bemutatkozás</strong></p> <p>Máté Dóra 2016-ban szerzett okleveles biológus diplomát a Eötvös Loránd Tudományegyetem, Molekuláris, Immun- és Mikrobiológia szakirányán. 2023-ban kezdte meg doktori tanulmányait az Állatorvostudományi Egyetem Aujeszky Aladár Elméleti Állatorvostudományok DI program keretein belül, melyhez a virológiai kutatásai első két évét az Állatorvostudományi Kutatóintézet, Új kórokozók felderítése, majd a Funkcionális virológia kutatócsoportjában végezte. 2025-től Állatorvostudományi Egyetem Járványtani és Mikrobiológiai Tanszékének tudományos segédmunkatársa, kutatási tevékenységét a Szekvenáló laboratóriumban végzi.</p> <p>A doktori kutatási témája Emlős coronavírusok diverzitásának és gazdaspektrumának felmérése. Emellett bekapcsolódik a Szekvenáló laboratórium mindennapi munkálataiba.</p> <p><strong>Előrehaladás &#8211; munkahelyek</strong></p> <p>2023-2024      Állatorvostudományi Kutatóintézet, PhD hallgató</p> <p>2025-től           Állatorvostudományi Egyetem, Járványtani és Mikrobiológiai Tanszék, tudományos segédmunkatárs</p> <p><strong>Szakmai szervezeti tagság:</strong></p> <p>Magyar Mikrobiológiai Társaság, 2025-től, tag</p> <p><strong>Publikációk</strong></p> <p>MTMT azonosító: 10091071<br /> <a href="https://m2.mtmt.hu/api/author/10091071">https://m2.mtmt.hu/api/author/10091071</a></p>

<p>Bemutatkozás Máté Dóra 2016-ban szerzett okleveles biológus diplomát a Eötvös Loránd Tudományegyetem, Molekuláris, Immun- és Mikrobiológia szakirányán. 2023-ban kezdte meg doktori tanulmányait az Állatorvostudományi Egyetem Aujeszky Aladár Elméleti Állatorvostudományok DI program keretein belül, melyhez a virológiai kutatásai első két évét az Állatorvostudományi Kutatóintézet, Új kórokozók felderítése, majd a Funkcionális virológia kutatócsoportjában végezte. 2025-től Állatorvostudományi Egyetem</p>
