{"id":37923,"date":"2019-04-13T18:06:22","date_gmt":"2019-04-13T16:06:22","guid":{"rendered":"https:\/\/univet.hu\/?page_id=37923"},"modified":"2019-10-29T14:00:13","modified_gmt":"2019-10-29T13:00:13","slug":"lajos-andrea","status":"publish","type":"page","link":"https:\/\/univet.hu\/hu\/egyetem\/palyazati-projektek\/prezentacios-nap-2019\/prezentacios-nap-2019\/lajos-andrea\/","title":{"rendered":"Lajos Andrea"},"content":{"rendered":"<p><strong><a href=\"https:\/\/univet.hu\/wp-content\/uploads\/2019\/04\/Lajos-Andrea_Fot\u00f3.jpeg\"><img loading=\"lazy\" decoding=\"async\" class=\"alignright size-medium wp-image-37924\" src=\"https:\/\/univet.hu\/wp-content\/uploads\/2019\/04\/Lajos-Andrea_Fot\u00f3-180x320.jpeg\" alt=\"\" width=\"180\" height=\"320\" data-replaced=\"true\" srcset=\"https:\/\/univet.hu\/wp-content\/uploads\/2019\/04\/Lajos-Andrea_Fot\u00f3-180x320.jpeg 180w, https:\/\/univet.hu\/wp-content\/uploads\/2019\/04\/Lajos-Andrea_Fot\u00f3-768x1365.jpeg 768w, https:\/\/univet.hu\/wp-content\/uploads\/2019\/04\/Lajos-Andrea_Fot\u00f3-540x960.jpeg 540w, https:\/\/univet.hu\/wp-content\/uploads\/2019\/04\/Lajos-Andrea_Fot\u00f3.jpeg 1125w\" sizes=\"auto, (max-width: 180px) 100vw, 180px\" \/><\/a>BIO:<\/strong><\/p> <p>Nagyon fontos, hogy teljes sz\u00edvvel magunk\u00e9nak \u00e9rezz\u00fck a kutat\u00e1s t\u00e9m\u00e1j\u00e1t. Eg\u00e9szen kicsi korom \u00f3ta im\u00e1dom a macsk\u00e1kat, \u00e9s foglalkoztat a tart\u00e1suk, a betegs\u00e9geik gy\u00f3gy\u00edt\u00e1sa. Az in vitro modellem seg\u00edts\u00e9g\u00e9vel a macsk\u00e1k stressz induk\u00e1lta betegs\u00e9geit kutathatjuk az \u00e9l\u0151 \u00e1llatok k\u00eds\u00e9rleti felhaszn\u00e1l\u00e1sa n\u00e9lk\u00fcl.<\/p> <p><strong>El\u0151ad\u00e1s\u00e1nak t\u00e9m\u00e1ja:\u00a0A macsk\u00e1k \u00e9s a boldog, stresszmentes \u00e9let.<\/strong><\/p>","protected":false},"excerpt":{"rendered":"<p>BIO: Nagyon fontos, hogy teljes sz\u00edvvel magunk\u00e9nak \u00e9rezz\u00fck a kutat\u00e1s t\u00e9m\u00e1j\u00e1t. Eg\u00e9szen kicsi korom \u00f3ta im\u00e1dom a macsk\u00e1kat, \u00e9s foglalkoztat a tart\u00e1suk, a betegs\u00e9geik gy\u00f3gy\u00edt\u00e1sa. Az in vitro modellem seg\u00edts\u00e9g\u00e9vel a macsk\u00e1k stressz induk\u00e1lta betegs\u00e9geit kutathatjuk az \u00e9l\u0151 \u00e1llatok k\u00eds\u00e9rleti felhaszn\u00e1l\u00e1sa n\u00e9lk\u00fcl. El\u0151ad\u00e1s\u00e1nak t\u00e9m\u00e1ja:\u00a0A macsk\u00e1k \u00e9s a boldog, stresszmentes \u00e9let.<\/p>\n","protected":false},"author":7,"featured_media":0,"parent":45620,"menu_order":0,"comment_status":"closed","ping_status":"closed","template":"","meta":{"_acf_changed":false,"footnotes":""},"categories":[],"tags":[],"class_list":["post-37923","page","type-page","status-publish","hentry"],"acf":[],"_links":{"self":[{"href":"https:\/\/univet.hu\/hu\/wp-json\/wp\/v2\/pages\/37923","targetHints":{"allow":["GET"]}}],"collection":[{"href":"https:\/\/univet.hu\/hu\/wp-json\/wp\/v2\/pages"}],"about":[{"href":"https:\/\/univet.hu\/hu\/wp-json\/wp\/v2\/types\/page"}],"author":[{"embeddable":true,"href":"https:\/\/univet.hu\/hu\/wp-json\/wp\/v2\/users\/7"}],"replies":[{"embeddable":true,"href":"https:\/\/univet.hu\/hu\/wp-json\/wp\/v2\/comments?post=37923"}],"version-history":[{"count":0,"href":"https:\/\/univet.hu\/hu\/wp-json\/wp\/v2\/pages\/37923\/revisions"}],"up":[{"embeddable":true,"href":"https:\/\/univet.hu\/hu\/wp-json\/wp\/v2\/pages\/45620"}],"wp:attachment":[{"href":"https:\/\/univet.hu\/hu\/wp-json\/wp\/v2\/media?parent=37923"}],"wp:term":[{"taxonomy":"category","embeddable":true,"href":"https:\/\/univet.hu\/hu\/wp-json\/wp\/v2\/categories?post=37923"},{"taxonomy":"post_tag","embeddable":true,"href":"https:\/\/univet.hu\/hu\/wp-json\/wp\/v2\/tags?post=37923"}],"curies":[{"name":"wp","href":"https:\/\/api.w.org\/{rel}","templated":true}]}}

<p><strong><a href="https://univet.hu/wp-content/uploads/2019/04/Lajos-Andrea_Fotó.jpeg"><img loading="lazy" decoding="async" class="alignright size-medium wp-image-37924" src="https://univet.hu/wp-content/uploads/2019/04/Lajos-Andrea_Fotó-180x320.jpeg" alt="" width="180" height="320" data-replaced="true" srcset="https://univet.hu/wp-content/uploads/2019/04/Lajos-Andrea_Fotó-180x320.jpeg 180w, https://univet.hu/wp-content/uploads/2019/04/Lajos-Andrea_Fotó-768x1365.jpeg 768w, https://univet.hu/wp-content/uploads/2019/04/Lajos-Andrea_Fotó-540x960.jpeg 540w, https://univet.hu/wp-content/uploads/2019/04/Lajos-Andrea_Fotó.jpeg 1125w" sizes="auto, (max-width: 180px) 100vw, 180px" /></a>BIO:</strong></p> <p>Nagyon fontos, hogy teljes szívvel magunkénak érezzük a kutatás témáját. Egészen kicsi korom óta imádom a macskákat, és foglalkoztat a tartásuk, a betegségeik gyógyítása. Az in vitro modellem segítségével a macskák stressz indukálta betegségeit kutathatjuk az élő állatok kísérleti felhasználása nélkül.</p> <p><strong>Előadásának témája: A macskák és a boldog, stresszmentes élet.</strong></p>

<p>BIO: Nagyon fontos, hogy teljes szívvel magunkénak érezzük a kutatás témáját. Egészen kicsi korom óta imádom a macskákat, és foglalkoztat a tartásuk, a betegségeik gyógyítása. Az in vitro modellem segítségével a macskák stressz indukálta betegségeit kutathatjuk az élő állatok kísérleti felhasználása nélkül. Előadásának témája: A macskák és a boldog, stresszmentes élet.</p>
