{"id":54818,"date":"2020-05-18T15:13:40","date_gmt":"2020-05-18T13:13:40","guid":{"rendered":"https:\/\/univet.hu\/hu\/egyetem\/munkatarsak\/dr-marialigeti-marton\/"},"modified":"2026-02-10T03:58:10","modified_gmt":"2026-02-10T02:58:10","slug":"marialigeti-marton","status":"publish","type":"page","link":"https:\/\/univet.hu\/hu\/egyetem\/munkatarsak\/marialigeti-marton\/","title":{"rendered":"M\u00e1rialigeti M\u00e1rton"},"content":{"rendered":"<p>Tanulm\u00e1nyaimat az \u00c1llatorvostudom\u00e1nyi Egyetem jogel\u0151dj\u00e9n 2009-ben fejeztem be. Ezt k\u00f6vet\u0151en t\u00f6bb budapesti \u00e1llatorvosi rendel\u0151ben dolgoztam, egyre ink\u00e1bb a belgy\u00f3gy\u00e1szati betegell\u00e1t\u00e1s ir\u00e1ny\u00e1ba fordulva.<\/p> <p>2018. okt\u00f3bere \u00f3ta tartozom a tansz\u00e9k k\u00f6tel\u00e9k\u00e9be. A laborat\u00f3rium fejleszt\u00e9se mellett r\u00e9szt veszek az oktat\u00e1sban, kutat\u00e1sban \u00e9s a betegell\u00e1t\u00e1sban is.<\/p> <p>A tansz\u00e9k ny\u00fajtotta kereteken bel\u00fcl (akkredit\u00e1lt laborat\u00f3rium) az European College of Veterinary Clinical Pathology rezidensk\u00e9pz\u00e9s\u00e9ben veszek r\u00e9szt.<\/p> <p><strong>F\u0151bb kutat\u00e1si ter\u00fcletek:<\/strong><\/p> <ul> <li>Thrombocyt\u00e1k vizsg\u00e1lata daganatos megbeteged\u00e9sekben<\/li> <li>Akut f\u00e1zis feh\u00e9rj\u00e9k vizsg\u00e1lata<\/li> <\/ul> <p><strong>El\u0151rehalad\u00e1s<\/strong><\/p> <p><strong>Szakmai szervezeti tags\u00e1g<\/strong><\/p> <p>European Society of Veterinary Clinical Pathology<\/p> <p><strong>Eddigi szakdolgozat\/TDK hallgat\u00f3k sz\u00e1ma<\/strong><\/p> <p>11<\/p> <table width=\"569\"> <tbody> <tr> <td colspan=\"2\" width=\"569\"><strong>PhD-hallgat\u00f3k<\/strong><\/td> <\/tr> <\/tbody> <\/table> <p><strong>Publik\u00e1ci\u00f3s lista (Top10)<\/strong><\/p> <p>MTMT<\/p>","protected":false},"excerpt":{"rendered":"<p>Tanulm\u00e1nyaimat az \u00c1llatorvostudom\u00e1nyi Egyetem jogel\u0151dj\u00e9n 2009-ben fejeztem be. Ezt k\u00f6vet\u0151en t\u00f6bb budapesti \u00e1llatorvosi rendel\u0151ben dolgoztam, egyre ink\u00e1bb a belgy\u00f3gy\u00e1szati betegell\u00e1t\u00e1s ir\u00e1ny\u00e1ba fordulva. 2018. okt\u00f3bere \u00f3ta tartozom a tansz\u00e9k k\u00f6tel\u00e9k\u00e9be. A laborat\u00f3rium fejleszt\u00e9se mellett r\u00e9szt veszek az oktat\u00e1sban, kutat\u00e1sban \u00e9s a betegell\u00e1t\u00e1sban is. A tansz\u00e9k ny\u00fajtotta kereteken bel\u00fcl (akkredit\u00e1lt laborat\u00f3rium) az European College of Veterinary Clinical<\/p>\n","protected":false},"author":5824,"featured_media":0,"parent":858,"menu_order":37,"comment_status":"open","ping_status":"open","template":"","meta":{"_acf_changed":false,"footnotes":""},"categories":[],"tags":[],"class_list":["post-54818","page","type-page","status-publish","hentry"],"acf":[],"_links":{"self":[{"href":"https:\/\/univet.hu\/hu\/wp-json\/wp\/v2\/pages\/54818","targetHints":{"allow":["GET"]}}],"collection":[{"href":"https:\/\/univet.hu\/hu\/wp-json\/wp\/v2\/pages"}],"about":[{"href":"https:\/\/univet.hu\/hu\/wp-json\/wp\/v2\/types\/page"}],"author":[{"embeddable":true,"href":"https:\/\/univet.hu\/hu\/wp-json\/wp\/v2\/users\/5824"}],"replies":[{"embeddable":true,"href":"https:\/\/univet.hu\/hu\/wp-json\/wp\/v2\/comments?post=54818"}],"version-history":[{"count":1,"href":"https:\/\/univet.hu\/hu\/wp-json\/wp\/v2\/pages\/54818\/revisions"}],"predecessor-version":[{"id":199455,"href":"https:\/\/univet.hu\/hu\/wp-json\/wp\/v2\/pages\/54818\/revisions\/199455"}],"up":[{"embeddable":true,"href":"https:\/\/univet.hu\/hu\/wp-json\/wp\/v2\/pages\/858"}],"wp:attachment":[{"href":"https:\/\/univet.hu\/hu\/wp-json\/wp\/v2\/media?parent=54818"}],"wp:term":[{"taxonomy":"category","embeddable":true,"href":"https:\/\/univet.hu\/hu\/wp-json\/wp\/v2\/categories?post=54818"},{"taxonomy":"post_tag","embeddable":true,"href":"https:\/\/univet.hu\/hu\/wp-json\/wp\/v2\/tags?post=54818"}],"curies":[{"name":"wp","href":"https:\/\/api.w.org\/{rel}","templated":true}]}}

Márialigeti Márton

<p>Tanulmányaimat az Állatorvostudományi Egyetem jogelődjén 2009-ben fejeztem be. Ezt követően több budapesti állatorvosi rendelőben dolgoztam, egyre inkább a belgyógyászati betegellátás irányába fordulva.</p> <p>2018. októbere óta tartozom a tanszék kötelékébe. A laboratórium fejlesztése mellett részt veszek az oktatásban, kutatásban és a betegellátásban is.</p> <p>A tanszék nyújtotta kereteken belül (akkreditált laboratórium) az European College of Veterinary Clinical Pathology rezidensképzésében veszek részt.</p> <p><strong>Főbb kutatási területek:</strong></p> <ul> <li>Thrombocyták vizsgálata daganatos megbetegedésekben</li> <li>Akut fázis fehérjék vizsgálata</li> </ul> <p><strong>Előrehaladás</strong></p> <p><strong>Szakmai szervezeti tagság</strong></p> <p>European Society of Veterinary Clinical Pathology</p> <p><strong>Eddigi szakdolgozat/TDK hallgatók száma</strong></p> <p>11</p> <table width="569"> <tbody> <tr> <td colspan="2" width="569"><strong>PhD-hallgatók</strong></td> </tr> </tbody> </table> <p><strong>Publikációs lista (Top10)</strong></p> <p>MTMT</p>

<p>Tanulmányaimat az Állatorvostudományi Egyetem jogelődjén 2009-ben fejeztem be. Ezt követően több budapesti állatorvosi rendelőben dolgoztam, egyre inkább a belgyógyászati betegellátás irányába fordulva. 2018. októbere óta tartozom a tanszék kötelékébe. A laboratórium fejlesztése mellett részt veszek az oktatásban, kutatásban és a betegellátásban is. A tanszék nyújtotta kereteken belül (akkreditált laboratórium) az European College of Veterinary Clinical</p>
