{"id":58866,"date":"2020-10-13T14:37:57","date_gmt":"2020-10-13T12:37:57","guid":{"rendered":"https:\/\/univet.hu\/hu\/kutatas\/deokfii\/tevekenyseg\/ujonnan-felmerulo-kockazatok-azonositasa\/ujonnan-felmerulo-kockazatok-archivuma\/name-2\/"},"modified":"2020-12-17T17:04:03","modified_gmt":"2020-12-17T16:04:03","slug":"citrusfelek-antibiotikumokkal-torteno-kezelese","status":"publish","type":"page","link":"https:\/\/univet.hu\/hu\/kutatas\/deokfii\/tevekenyseg\/ujonnan-felmerulo-kockazatok-azonositasa\/ujonnan-felmerulo-kockazatok-archivuma\/citrusfelek-antibiotikumokkal-torteno-kezelese\/","title":{"rendered":"Citrusf\u00e9l\u00e9k antibiotikumokkal t\u00f6rt\u00e9n\u0151 kezel\u00e9se"},"content":{"rendered":"<p>&nbsp;<\/p> <p>A narancsz\u00f6ld\u00fcl\u00e9s, s\u00e1rga s\u00e1rk\u00e1nyk\u00f3r vagy huanglongbing (hlb) n\u00e9ven ismert betegs\u00e9get egy bakt\u00e9rium-nemzets\u00e9g, a <em>Candidatus <\/em>Liberibacter fajai okozz\u00e1k.<\/p> <p>A bakt\u00e9riumokat egy apr\u00f3 rovar, az afrikai \u00e9s az \u00e1zsiai citrus lev\u00e9lbolha (Psyllidae spp.) terjeszti f\u00e1r\u00f3l f\u00e1ra. A fert\u0151z\u00f6tt fa ak\u00e1r h\u00f3napokig nem mutatja a betegs\u00e9g t\u00fcneteit: hat\u00e1s\u00e1ra a gy\u00fcm\u00f6lcs cs\u00f6kev\u00e9nyes m\u00e9ret\u0171v\u00e9, z\u00f6ldes sz\u00edn\u0171v\u00e9 \u00e9s ehetetlen \u00edz\u0171v\u00e9 v\u00e1lik. R\u00f6videsen a fa is elpusztul.<\/p> <p><img loading=\"lazy\" decoding=\"async\" class=\"alignleft wp-image-58874\" src=\"https:\/\/univet.hu\/wp-content\/uploads\/2020\/10\/citrus6.jpg\" alt=\"\" width=\"150\" height=\"150\" \/>\u00a0<img loading=\"lazy\" decoding=\"async\" class=\"alignleft wp-image-58869\" src=\"https:\/\/univet.hu\/wp-content\/uploads\/2020\/10\/citrus4.jpg\" alt=\"\" width=\"150\" height=\"150\" \/><img loading=\"lazy\" decoding=\"async\" class=\"alignleft wp-image-58871\" src=\"https:\/\/univet.hu\/wp-content\/uploads\/2020\/10\/citrus2.jpg\" alt=\"\" width=\"150\" height=\"150\" \/><img loading=\"lazy\" decoding=\"async\" class=\"alignleft wp-image-58872\" src=\"https:\/\/univet.hu\/wp-content\/uploads\/2020\/10\/citrus1.jpg\" alt=\"\" width=\"150\" height=\"150\" \/><img loading=\"lazy\" decoding=\"async\" class=\"alignleft wp-image-58868\" src=\"https:\/\/univet.hu\/wp-content\/uploads\/2020\/10\/citrus5.jpg\" alt=\"\" width=\"150\" height=\"150\" \/><\/p> <p>&nbsp;<\/p> <p>&nbsp;<\/p> <p>&nbsp;<\/p> <p><span style=\"font-size: 8pt;\">A k\u00e9pek forr\u00e1sa: <a href=\"https:\/\/www.citrusalert.com\/about-citrus-greening\/\" target=\"_blank\" rel=\"noopener\">https:\/\/www.citrusalert.com\/about-citrus-greening\/<\/a><\/span><\/p> <p>A betegs\u00e9g sok\u00e1ig csak \u00c1zsi\u00e1ban \u00e9s Afrik\u00e1ban l\u00e9tezett. A k\u00f3rokoz\u00f3t m\u00e1ra az USA t\u00f6bb \u00e1llam\u00e1ban, pl. Kaliforni\u00e1ban, Arizon\u00e1ban, Texasban, Florid\u00e1ban is felfedezt\u00e9k. K\u00edna, Mexik\u00f3 \u00e9s Braz\u00edlia is k\u00fczd a betegs\u00e9ggel.<\/p> <p>A betegs\u00e9gre nem l\u00e9tezik &#8222;gy\u00f3gym\u00f3d&#8221;, a f\u0151 ellen\u0151rz\u00e9si m\u00f3d eddig a szennyezett f\u00e1k elt\u00e1vol\u00edt\u00e1sa \u00e9s a gy\u00fcm\u00f6lcs\u00f6s\u00f6knek a vektorral szembeni rovar\u00f6l\u0151 szerrel val\u00f3 kezel\u00e9se volt. Az Eur\u00f3p\u00e1ban elfogyasztott narancsl\u00e9 80 sz\u00e1zal\u00e9ka Braz\u00edli\u00e1b\u00f3l sz\u00e1rmazik, Magyarorsz\u00e1gra f\u0151leg Hollandi\u00e1b\u00f3l sz\u00e1ll\u00edtj\u00e1k. Hogy a n\u00f6v\u00e9nybetegs\u00e9geket elker\u00fclj\u00e9k, a brazil termel\u0151k n\u00f6v\u00e9nyv\u00e9d\u0151, gomba\u00f6l\u0151 \u00e9s rovar\u00f6l\u0151 szereket is haszn\u00e1lnak a nagy mennyis\u00e9g\u0171 m\u0171tr\u00e1gya mellett.<\/p> <p>Az USA-ban ugyanakkor a k\u00f6rnyezetv\u00e9delmi \u00fcgyn\u00f6ks\u00e9g (US Environmental Protection Agency &#8211; EPA) 2016 \u00f3ta egy &#8222;v\u00e9szhelyzeti nyilatkozat&#8221; (emergency declaration) kit\u00f6lt\u00e9s\u00e9t k\u00f6vet\u0151en lehet\u0151v\u00e9 teszi a termeszt\u0151k sz\u00e1m\u00e1ra k\u00e9t antibiotikum, az\u00a0 <a href=\"https:\/\/www.federalregister.gov\/documents\/2017\/03\/10\/2017-04795\/oxytetracycline-pesticide-tolerances-for-emergency-exemptions\" target=\"_blank\" rel=\"noopener\">oxitetraciklin<\/a> \u00e9s a\u00a0<a href=\"https:\/\/www.federalregister.gov\/documents\/2017\/03\/15\/2017-04779\/streptomycin-pesticide-tolerances-for-emergency-exemptions\" target=\"_blank\" rel=\"noopener\">sztreptomicin<\/a> haszn\u00e1lat\u00e1t. Az EPA 2018. december\u00e9ben enged\u00e9lyezte az \u00fcltetv\u00e9nyek oxitetraciklinnel val\u00f3 rutin kezel\u00e9s\u00e9t is, amely lehet\u0151v\u00e9 teszi a termeszt\u0151knek, hogy \u00e9vente t\u00f6bb alkalommal az eml\u00edtett antibiotikummal sz\u00f3rj\u00e1k le a f\u00e1kat. A sztreptomicin rutin jelleg\u0171 haszn\u00e1lat\u00e1t egyel\u0151re nem enged\u00e9lyezt\u00e9k.<\/p> <p>A k\u00e9t antibiotikumot a hum\u00e1n eg\u00e9szs\u00e9g\u00fcgyben is haszn\u00e1lj\u00e1k, illetve kisebb mennyis\u00e9gben a n\u00f6v\u00e9nytermeszt\u00e9sben is alkalmazt\u00e1k m\u00e1r kor\u00e1bban (gabon\u00e1ra \u00e9s citrusokra).<\/p> <p>A szerek mez\u0151gazdas\u00e1gban t\u00f6rt\u00e9n\u0151 rutinszer\u0171 haszn\u00e1lata, amely t\u00f6bbsz\u00f6r\u00f6se lehet a hum\u00e1n eg\u00e9szs\u00e9g\u00fcgyben felhaszn\u00e1lt\u00a0mennyis\u00e9gnek, aggodalommal t\u00f6lti el a kutat\u00f3kat \u00e9s n\u00e9peg\u00e9szs\u00e9g\u00fcgyi szak\u00e9rt\u0151ket, mivel \u00fagy v\u00e9lik, megn\u00f6velheti a rezisztencia kialakul\u00e1s\u00e1nak kock\u00e1zat\u00e1t egyes hum\u00e1n patog\u00e9nekben. P\u00e9ldak\u00e9nt egy kor\u00e1bbi esetet hoznak fel: Hollandi\u00e1ban egy gomba\u00f6l\u0151t haszn\u00e1ltak tulip\u00e1nokn\u00e1l, amely ut\u00e1n megn\u0151tt a rezisztens aspergill\u00f3zis esetek sz\u00e1ma az immunhi\u00e1nyos betegek k\u00f6r\u00e9ben.<\/p> <p>Szint\u00e9n az antibiotikumok haszn\u00e1lata ellen sz\u00f3l, hogy egyel\u0151re kev\u00e9s tudom\u00e1nyos bizony\u00edt\u00e9k \u00e1ll rendelkez\u00e9sre a szerek n\u00f6v\u00e9nytermeszt\u00e9sben val\u00f3 haszn\u00e1lat\u00e1nak hossz\u00fat\u00e1v\u00fa hat\u00e1sair\u00f3l, illetve az alkalmaz\u00e1suk hat\u00e9konys\u00e1g\u00e1r\u00f3l, vajon t\u00e9nyleg k\u00e9pesek-e a fert\u0151z\u00e9st kord\u00e1ban tartani. Az eddigi terepk\u00eds\u00e9rletek elt\u00e9r\u0151 eredm\u00e9nyekre vezettek. Az antibiotikumok j\u00f3 esetben lelass\u00edthatj\u00e1k a betegs\u00e9g kifejl\u0151d\u00e9s\u00e9t, de nem tudj\u00e1k azt megsz\u00fcntetni. Az is k\u00e9rd\u00e9ses, milyen egy\u00e9b mell\u00e9khat\u00e1sai lehetnek a kezel\u00e9snek, pl. m\u00e1s, hasznos bakt\u00e9riumokat is elpuszt\u00edthatnak. A k\u00e9t antibiotikum citrusf\u00e9l\u00e9k \u00e1ltali felv\u00e9tel\u00e9r\u0151l, transzlok\u00e1ci\u00f3j\u00e1r\u00f3l \u00e9s stabilit\u00e1s\u00e1r\u00f3l 2019-ben jelent meg egy <a href=\"https:\/\/pubmed.ncbi.nlm.nih.gov\/31717884\/\" target=\"_blank\" rel=\"noopener\">tanulm\u00e1ny<\/a>.<\/p> <p>N\u00e9mi rem\u00e9nyre ad okot egy 2020-ban megjelent <a href=\"https:\/\/news.ucr.edu\/articles\/2020\/07\/07\/uc-riverside-discovers-first-effective-treatment-citrus-destroying-disease\" target=\"_blank\" rel=\"noopener\">h\u00edr<\/a>, amely szerint az ausztr\u00e1l citromban (Australian finger lime) megtal\u00e1lhat\u00f3 egy olyan g\u00e9n, amely toler\u00e1nss\u00e1 teszi a gy\u00fcm\u00f6lcs\u00f6t a betegs\u00e9ggel szemben. Az ausztr\u00e1l citrus egy olyan peptidet termel, amely k\u00e9pes elpuszt\u00edtani a citrusz\u00f6ld\u00fcl\u00e9st okoz\u00f3 bakt\u00e9riumot. Amennyiben a tov\u00e1bbi k\u00eds\u00e9rletek eredm\u00e9nyesnek bizonyulnak, a peptid egy hat\u00e9kony \u00e9s k\u00f6rnyezetbar\u00e1tabb megold\u00e1s lehet, azonban v\u00e1rhat\u00f3an csak \u00e9vek m\u00falva v\u00e1lik bevethet\u0151v\u00e9.<\/p> <p>Eur\u00f3p\u00e1ban m\u00e9g nem jelent meg a betegs\u00e9g, illetve az EU-ban tilos antibiotikumot haszn\u00e1lni n\u00f6v\u00e9nyi k\u00e1ros\u00edt\u00f3k elleni v\u00e9dekez\u00e9sk\u00e9nt, ugyanakkor az \u00fcgyet \u00e9rdemes nyomon k\u00f6vetni.<\/p>","protected":false},"excerpt":{"rendered":"<p>&nbsp; A narancsz\u00f6ld\u00fcl\u00e9s, s\u00e1rga s\u00e1rk\u00e1nyk\u00f3r vagy huanglongbing (hlb) n\u00e9ven ismert betegs\u00e9get egy bakt\u00e9rium-nemzets\u00e9g, a Candidatus Liberibacter fajai okozz\u00e1k. A bakt\u00e9riumokat egy apr\u00f3 rovar, az afrikai \u00e9s az \u00e1zsiai citrus lev\u00e9lbolha (Psyllidae spp.) terjeszti f\u00e1r\u00f3l f\u00e1ra. A fert\u0151z\u00f6tt fa ak\u00e1r h\u00f3napokig nem mutatja a betegs\u00e9g t\u00fcneteit: hat\u00e1s\u00e1ra a gy\u00fcm\u00f6lcs cs\u00f6kev\u00e9nyes m\u00e9ret\u0171v\u00e9, z\u00f6ldes sz\u00edn\u0171v\u00e9 \u00e9s ehetetlen \u00edz\u0171v\u00e9<\/p>\n","protected":false},"author":3268,"featured_media":0,"parent":58237,"menu_order":43,"comment_status":"open","ping_status":"open","template":"","meta":{"_acf_changed":false,"footnotes":""},"categories":[],"tags":[],"class_list":["post-58866","page","type-page","status-publish","hentry"],"acf":[],"_links":{"self":[{"href":"https:\/\/univet.hu\/hu\/wp-json\/wp\/v2\/pages\/58866","targetHints":{"allow":["GET"]}}],"collection":[{"href":"https:\/\/univet.hu\/hu\/wp-json\/wp\/v2\/pages"}],"about":[{"href":"https:\/\/univet.hu\/hu\/wp-json\/wp\/v2\/types\/page"}],"author":[{"embeddable":true,"href":"https:\/\/univet.hu\/hu\/wp-json\/wp\/v2\/users\/3268"}],"replies":[{"embeddable":true,"href":"https:\/\/univet.hu\/hu\/wp-json\/wp\/v2\/comments?post=58866"}],"version-history":[{"count":0,"href":"https:\/\/univet.hu\/hu\/wp-json\/wp\/v2\/pages\/58866\/revisions"}],"up":[{"embeddable":true,"href":"https:\/\/univet.hu\/hu\/wp-json\/wp\/v2\/pages\/58237"}],"wp:attachment":[{"href":"https:\/\/univet.hu\/hu\/wp-json\/wp\/v2\/media?parent=58866"}],"wp:term":[{"taxonomy":"category","embeddable":true,"href":"https:\/\/univet.hu\/hu\/wp-json\/wp\/v2\/categories?post=58866"},{"taxonomy":"post_tag","embeddable":true,"href":"https:\/\/univet.hu\/hu\/wp-json\/wp\/v2\/tags?post=58866"}],"curies":[{"name":"wp","href":"https:\/\/api.w.org\/{rel}","templated":true}]}}

Citrusfélék antibiotikumokkal történő kezelése

<p>&nbsp;</p> <p>A narancszöldülés, sárga sárkánykór vagy huanglongbing (hlb) néven ismert betegséget egy baktérium-nemzetség, a <em>Candidatus </em>Liberibacter fajai okozzák.</p> <p>A baktériumokat egy apró rovar, az afrikai és az ázsiai citrus levélbolha (Psyllidae spp.) terjeszti fáról fára. A fertőzött fa akár hónapokig nem mutatja a betegség tüneteit: hatására a gyümölcs csökevényes méretűvé, zöldes színűvé és ehetetlen ízűvé válik. Rövidesen a fa is elpusztul.</p> <p><img loading="lazy" decoding="async" class="alignleft wp-image-58874" src="https://univet.hu/wp-content/uploads/2020/10/citrus6.jpg" alt="" width="150" height="150" /> <img loading="lazy" decoding="async" class="alignleft wp-image-58869" src="https://univet.hu/wp-content/uploads/2020/10/citrus4.jpg" alt="" width="150" height="150" /><img loading="lazy" decoding="async" class="alignleft wp-image-58871" src="https://univet.hu/wp-content/uploads/2020/10/citrus2.jpg" alt="" width="150" height="150" /><img loading="lazy" decoding="async" class="alignleft wp-image-58872" src="https://univet.hu/wp-content/uploads/2020/10/citrus1.jpg" alt="" width="150" height="150" /><img loading="lazy" decoding="async" class="alignleft wp-image-58868" src="https://univet.hu/wp-content/uploads/2020/10/citrus5.jpg" alt="" width="150" height="150" /></p> <p>&nbsp;</p> <p>&nbsp;</p> <p>&nbsp;</p> <p><span style="font-size: 8pt;">A képek forrása: <a href="https://www.citrusalert.com/about-citrus-greening/" target="_blank" rel="noopener">https://www.citrusalert.com/about-citrus-greening/</a></span></p> <p>A betegség sokáig csak Ázsiában és Afrikában létezett. A kórokozót mára az USA több államában, pl. Kaliforniában, Arizonában, Texasban, Floridában is felfedezték. Kína, Mexikó és Brazília is küzd a betegséggel.</p> <p>A betegségre nem létezik &#8222;gyógymód&#8221;, a fő ellenőrzési mód eddig a szennyezett fák eltávolítása és a gyümölcsösöknek a vektorral szembeni rovarölő szerrel való kezelése volt. Az Európában elfogyasztott narancslé 80 százaléka Brazíliából származik, Magyarországra főleg Hollandiából szállítják. Hogy a növénybetegségeket elkerüljék, a brazil termelők növényvédő, gombaölő és rovarölő szereket is használnak a nagy mennyiségű műtrágya mellett.</p> <p>Az USA-ban ugyanakkor a környezetvédelmi ügynökség (US Environmental Protection Agency &#8211; EPA) 2016 óta egy &#8222;vészhelyzeti nyilatkozat&#8221; (emergency declaration) kitöltését követően lehetővé teszi a termesztők számára két antibiotikum, az  <a href="https://www.federalregister.gov/documents/2017/03/10/2017-04795/oxytetracycline-pesticide-tolerances-for-emergency-exemptions" target="_blank" rel="noopener">oxitetraciklin</a> és a <a href="https://www.federalregister.gov/documents/2017/03/15/2017-04779/streptomycin-pesticide-tolerances-for-emergency-exemptions" target="_blank" rel="noopener">sztreptomicin</a> használatát. Az EPA 2018. decemberében engedélyezte az ültetvények oxitetraciklinnel való rutin kezelését is, amely lehetővé teszi a termesztőknek, hogy évente több alkalommal az említett antibiotikummal szórják le a fákat. A sztreptomicin rutin jellegű használatát egyelőre nem engedélyezték.</p> <p>A két antibiotikumot a humán egészségügyben is használják, illetve kisebb mennyiségben a növénytermesztésben is alkalmazták már korábban (gabonára és citrusokra).</p> <p>A szerek mezőgazdaságban történő rutinszerű használata, amely többszöröse lehet a humán egészségügyben felhasznált mennyiségnek, aggodalommal tölti el a kutatókat és népegészségügyi szakértőket, mivel úgy vélik, megnövelheti a rezisztencia kialakulásának kockázatát egyes humán patogénekben. Példaként egy korábbi esetet hoznak fel: Hollandiában egy gombaölőt használtak tulipánoknál, amely után megnőtt a rezisztens aspergillózis esetek száma az immunhiányos betegek körében.</p> <p>Szintén az antibiotikumok használata ellen szól, hogy egyelőre kevés tudományos bizonyíték áll rendelkezésre a szerek növénytermesztésben való használatának hosszútávú hatásairól, illetve az alkalmazásuk hatékonyságáról, vajon tényleg képesek-e a fertőzést kordában tartani. Az eddigi terepkísérletek eltérő eredményekre vezettek. Az antibiotikumok jó esetben lelassíthatják a betegség kifejlődését, de nem tudják azt megszüntetni. Az is kérdéses, milyen egyéb mellékhatásai lehetnek a kezelésnek, pl. más, hasznos baktériumokat is elpusztíthatnak. A két antibiotikum citrusfélék általi felvételéről, transzlokációjáról és stabilitásáról 2019-ben jelent meg egy <a href="https://pubmed.ncbi.nlm.nih.gov/31717884/" target="_blank" rel="noopener">tanulmány</a>.</p> <p>Némi reményre ad okot egy 2020-ban megjelent <a href="https://news.ucr.edu/articles/2020/07/07/uc-riverside-discovers-first-effective-treatment-citrus-destroying-disease" target="_blank" rel="noopener">hír</a>, amely szerint az ausztrál citromban (Australian finger lime) megtalálható egy olyan gén, amely toleránssá teszi a gyümölcsöt a betegséggel szemben. Az ausztrál citrus egy olyan peptidet termel, amely képes elpusztítani a citruszöldülést okozó baktériumot. Amennyiben a további kísérletek eredményesnek bizonyulnak, a peptid egy hatékony és környezetbarátabb megoldás lehet, azonban várhatóan csak évek múlva válik bevethetővé.</p> <p>Európában még nem jelent meg a betegség, illetve az EU-ban tilos antibiotikumot használni növényi károsítók elleni védekezésként, ugyanakkor az ügyet érdemes nyomon követni.</p>

<p>&nbsp; A narancszöldülés, sárga sárkánykór vagy huanglongbing (hlb) néven ismert betegséget egy baktérium-nemzetség, a Candidatus Liberibacter fajai okozzák. A baktériumokat egy apró rovar, az afrikai és az ázsiai citrus levélbolha (Psyllidae spp.) terjeszti fáról fára. A fertőzött fa akár hónapokig nem mutatja a betegség tüneteit: hatására a gyümölcs csökevényes méretűvé, zöldes színűvé és ehetetlen ízűvé</p>
