{"id":77131,"date":"2022-07-26T10:19:43","date_gmt":"2022-07-26T08:19:43","guid":{"rendered":"https:\/\/univet.hu\/?page_id=77131"},"modified":"2026-02-10T04:02:13","modified_gmt":"2026-02-10T03:02:13","slug":"nemeth-krisztian","status":"publish","type":"page","link":"https:\/\/univet.hu\/hu\/egyetem\/munkatarsak\/nemeth-krisztian\/","title":{"rendered":"N\u00e9meth Kriszti\u00e1n"},"content":{"rendered":"<p>Dr. N\u00e9meth Kriszti\u00e1n Budapesten sz\u00fcletett, nagycsal\u00e1dban n\u0151tt fel Budakal\u00e1szon. K\u00f6z\u00e9piskolai tanulm\u00e1nyait az ELTE Ap\u00e1czai Csere J\u00e1nos Gyakorl\u00f3gimn\u00e1ziumban \u00e9s Koll\u00e9giumban v\u00e9gezte. 2011-ben az \u00e9retts\u00e9gi vizsg\u00e1k ut\u00e1n felv\u00e9telt nyert a Szent Istv\u00e1n Egyetem \u00c1llatorvos-tudom\u00e1nyi Kar\u00e1ra, amely a tanulm\u00e1nyai ideje alatt nyerte vissza f\u00fcggetlens\u00e9g\u00e9t, \u00edgy 2017-ben \u00e1llatorvos doktori diplom\u00e1j\u00e1t m\u00e1r az ism\u00e9t \u00f6n\u00e1ll\u00f3 \u00c1llatorvostudom\u00e1nyi Egyetemen vehette \u00e1t.<\/p> <p>K\u00f6zvetlen\u00fcl a diplomaoszt\u00f3 ut\u00e1n postgradualis Erasmus \u00f6szt\u00f6nd\u00edjjal 5 h\u00f3napot t\u00f6lt\u00f6tt gyakornokk\u00e9nt a hannoveri \u00e1llatorvosi egyetem szarvasmarhaklinik\u00e1j\u00e1n (Stiftung Tier\u00e4rtzliche Hochschule Hannover, Rinderklinik), majd 2017 v\u00e9g\u00e9n a kis\u00e1llatgy\u00f3gy\u00e1szat ter\u00fclet\u00e9n helyezkedett el a klinikumban. 2020-t\u00f3l 2022-ig elv\u00e9gezte a Kis\u00e1llatgy\u00f3gy\u00e1sz klinikus szak\u00e1llatorvos-k\u00e9pz\u00e9st, melynek v\u00e9g\u00e9hez k\u00f6zeledve \u2013 a klinikumt\u00f3l k\u00f6zben el nem szakadva \u2013 bekapcsol\u00f3dott az egyetem \u00c9lettani \u00e9s Biok\u00e9miai tansz\u00e9k\u00e9nek munk\u00e1j\u00e1ba is.<\/p> <p>&nbsp;<\/p> <p><strong>Tanulm\u00e1nyok<\/strong>:<\/p> <table style=\"height: 144px;width: 598px\"> <tbody> <tr style=\"height: 96px\"> <td style=\"width: 44.35px;height: 96px\">2011<\/td> <td style=\"width: 255.35px;height: 96px\">ELTE Ap\u00e1czai Csere J\u00e1nos Gyakorl\u00f3gimn\u00e1zium \u00e9s Koll\u00e9gium<\/td> <td style=\"width: 276.967px;height: 96px\">\u00c9retts\u00e9gi<\/td> <\/tr> <tr style=\"height: 24px\"> <td style=\"width: 44.35px;height: 24px\">2017<\/td> <td style=\"width: 255.35px;height: 24px\">\u00c1llatorvostudom\u00e1nyi Egyetem<\/td> <td style=\"width: 276.967px;height: 24px\">Okleveles \u00e1llatorvos doktor<\/td> <\/tr> <tr style=\"height: 24px\"> <td style=\"width: 44.35px;height: 24px\">2022<\/td> <td style=\"width: 255.35px;height: 24px\">\u00c1llatorvostudom\u00e1nyi Egyetem<\/td> <td style=\"width: 276.967px;height: 24px\">Kis\u00e1llatgy\u00f3gy\u00e1sz klinikus szak\u00e1llatorvos postgradualis k\u00e9pz\u00e9s<\/td> <\/tr> <\/tbody> <\/table> <p>&nbsp;<\/p> <p><em>\u00a0<\/em><\/p> <p>&nbsp;<\/p>","protected":false},"excerpt":{"rendered":"<p>Dr. N\u00e9meth Kriszti\u00e1n Budapesten sz\u00fcletett, nagycsal\u00e1dban n\u0151tt fel Budakal\u00e1szon. K\u00f6z\u00e9piskolai tanulm\u00e1nyait az ELTE Ap\u00e1czai Csere J\u00e1nos Gyakorl\u00f3gimn\u00e1ziumban \u00e9s Koll\u00e9giumban v\u00e9gezte. 2011-ben az \u00e9retts\u00e9gi vizsg\u00e1k ut\u00e1n felv\u00e9telt nyert a Szent Istv\u00e1n Egyetem \u00c1llatorvos-tudom\u00e1nyi Kar\u00e1ra, amely a tanulm\u00e1nyai ideje alatt nyerte vissza f\u00fcggetlens\u00e9g\u00e9t, \u00edgy 2017-ben \u00e1llatorvos doktori diplom\u00e1j\u00e1t m\u00e1r az ism\u00e9t \u00f6n\u00e1ll\u00f3 \u00c1llatorvostudom\u00e1nyi Egyetemen vehette \u00e1t. K\u00f6zvetlen\u00fcl<\/p>\n","protected":false},"author":5824,"featured_media":0,"parent":858,"menu_order":211,"comment_status":"closed","ping_status":"closed","template":"","meta":{"_acf_changed":false,"footnotes":""},"categories":[56],"tags":[],"class_list":["post-77131","page","type-page","status-publish","hentry","category-munkatarsak"],"acf":[],"_links":{"self":[{"href":"https:\/\/univet.hu\/hu\/wp-json\/wp\/v2\/pages\/77131","targetHints":{"allow":["GET"]}}],"collection":[{"href":"https:\/\/univet.hu\/hu\/wp-json\/wp\/v2\/pages"}],"about":[{"href":"https:\/\/univet.hu\/hu\/wp-json\/wp\/v2\/types\/page"}],"author":[{"embeddable":true,"href":"https:\/\/univet.hu\/hu\/wp-json\/wp\/v2\/users\/5824"}],"replies":[{"embeddable":true,"href":"https:\/\/univet.hu\/hu\/wp-json\/wp\/v2\/comments?post=77131"}],"version-history":[{"count":1,"href":"https:\/\/univet.hu\/hu\/wp-json\/wp\/v2\/pages\/77131\/revisions"}],"predecessor-version":[{"id":186919,"href":"https:\/\/univet.hu\/hu\/wp-json\/wp\/v2\/pages\/77131\/revisions\/186919"}],"up":[{"embeddable":true,"href":"https:\/\/univet.hu\/hu\/wp-json\/wp\/v2\/pages\/858"}],"wp:attachment":[{"href":"https:\/\/univet.hu\/hu\/wp-json\/wp\/v2\/media?parent=77131"}],"wp:term":[{"taxonomy":"category","embeddable":true,"href":"https:\/\/univet.hu\/hu\/wp-json\/wp\/v2\/categories?post=77131"},{"taxonomy":"post_tag","embeddable":true,"href":"https:\/\/univet.hu\/hu\/wp-json\/wp\/v2\/tags?post=77131"}],"curies":[{"name":"wp","href":"https:\/\/api.w.org\/{rel}","templated":true}]}}

Németh Krisztián

<p>Dr. Németh Krisztián Budapesten született, nagycsaládban nőtt fel Budakalászon. Középiskolai tanulmányait az ELTE Apáczai Csere János Gyakorlógimnáziumban és Kollégiumban végezte. 2011-ben az érettségi vizsgák után felvételt nyert a Szent István Egyetem Állatorvos-tudományi Karára, amely a tanulmányai ideje alatt nyerte vissza függetlenségét, így 2017-ben állatorvos doktori diplomáját már az ismét önálló Állatorvostudományi Egyetemen vehette át.</p> <p>Közvetlenül a diplomaosztó után postgradualis Erasmus ösztöndíjjal 5 hónapot töltött gyakornokként a hannoveri állatorvosi egyetem szarvasmarhaklinikáján (Stiftung Tierärtzliche Hochschule Hannover, Rinderklinik), majd 2017 végén a kisállatgyógyászat területén helyezkedett el a klinikumban. 2020-tól 2022-ig elvégezte a Kisállatgyógyász klinikus szakállatorvos-képzést, melynek végéhez közeledve – a klinikumtól közben el nem szakadva – bekapcsolódott az egyetem Élettani és Biokémiai tanszékének munkájába is.</p> <p>&nbsp;</p> <p><strong>Tanulmányok</strong>:</p> <table style="height: 144px;width: 598px"> <tbody> <tr style="height: 96px"> <td style="width: 44.35px;height: 96px">2011</td> <td style="width: 255.35px;height: 96px">ELTE Apáczai Csere János Gyakorlógimnázium és Kollégium</td> <td style="width: 276.967px;height: 96px">Érettségi</td> </tr> <tr style="height: 24px"> <td style="width: 44.35px;height: 24px">2017</td> <td style="width: 255.35px;height: 24px">Állatorvostudományi Egyetem</td> <td style="width: 276.967px;height: 24px">Okleveles állatorvos doktor</td> </tr> <tr style="height: 24px"> <td style="width: 44.35px;height: 24px">2022</td> <td style="width: 255.35px;height: 24px">Állatorvostudományi Egyetem</td> <td style="width: 276.967px;height: 24px">Kisállatgyógyász klinikus szakállatorvos postgradualis képzés</td> </tr> </tbody> </table> <p>&nbsp;</p> <p><em> </em></p> <p>&nbsp;</p>

<p>Dr. Németh Krisztián Budapesten született, nagycsaládban nőtt fel Budakalászon. Középiskolai tanulmányait az ELTE Apáczai Csere János Gyakorlógimnáziumban és Kollégiumban végezte. 2011-ben az érettségi vizsgák után felvételt nyert a Szent István Egyetem Állatorvos-tudományi Karára, amely a tanulmányai ideje alatt nyerte vissza függetlenségét, így 2017-ben állatorvos doktori diplomáját már az ismét önálló Állatorvostudományi Egyetemen vehette át. Közvetlenül</p>
