{"id":85749,"date":"2023-04-25T10:24:31","date_gmt":"2023-04-25T08:24:31","guid":{"rendered":"https:\/\/univet.hu\/hu\/kutatas\/temak\/new-research-page-2\/"},"modified":"2023-07-10T11:17:42","modified_gmt":"2023-07-10T09:17:42","slug":"az-antimikrobialis-rezisztencia-helyzete-magyarorszag-baromfi-allomanyaiban","status":"publish","type":"page","link":"https:\/\/univet.hu\/hu\/kutatas\/temak\/az-antimikrobialis-rezisztencia-helyzete-magyarorszag-baromfi-allomanyaiban\/","title":{"rendered":"Az antimikrobi\u00e1lis rezisztencia helyzete Magyarorsz\u00e1g baromfi \u00e1llom\u00e1nyaiban"},"content":{"rendered":"<p>A Fert\u0151z\u0151 \u00e1llatbetegs\u00e9gek, antimikrobi\u00e1lis rezisztencia, \u00e1llatorvosi k\u00f6zeg\u00e9szs\u00e9g\u00fcgy \u00e9s \u00e9lelmiszerl\u00e1nc-biztons\u00e1g nemzeti laborat\u00f3riuma projekt keret\u00e9n bel\u00fcl c\u00e9lul t\u0171zt\u00fck ki, hogy felm\u00e9rj\u00fck Magyarorsz\u00e1g nagyl\u00e9tsz\u00e1m\u00fa baromfi \u00e1llom\u00e1nyainak antimikrobi\u00e1lis helyzet\u00e9t. A f\u0151 pill\u00e9reket a h\u00e1zity\u00fak \u00e9s pulyka \u00e1llom\u00e1nyokra helyezt\u00fck. Ennek keret\u00e9n bel\u00fcl haz\u00e1nk h\u00e9t r\u00e9gi\u00f3j\u00e1b\u00f3l, r\u00e9gi\u00f3nk\u00e9nt 3-3 \u00e1llattart\u00f3 telepr\u0151l gy\u0171jt\u00fcnk l\u00e9g\u00fati \u00e9s klo\u00e1ka tampon mint\u00e1kat. Mikrobiol\u00f3giai laborat\u00f3riumunkban <em>Escherichia coli<\/em>, <em>Staphylococcus<\/em> spp., <em>Enterococcus<\/em> spp, <em>Salmonella<\/em> spp. \u00e9s <em>Clostridium perfringens<\/em> fajok izol\u00e1l\u00e1s\u00e1t k\u00f6vet\u0151en meghat\u00e1rozzuk az egyes t\u00f6rzsek minim\u00e1lis g\u00e1tl\u00f3 koncentr\u00e1ci\u00f3 (MIC) \u00e9rt\u00e9k\u00e9t.<br \/> A projekt az al\u00e1bbi alprojektekb\u0151l \u00e1ll \u00f6ssze:<\/p> <ol> <li>Minim\u00e1lis g\u00e1tl\u00f3 koncentr\u00e1ci\u00f3 (MIC) meghat\u00e1roz\u00e1s seg\u00edts\u00e9g\u00e9vel orsz\u00e1gos \u00e9s region\u00e1lis rezisztencia gyakoris\u00e1g, MIC<sub>50<\/sub> \u00e9s MIC<sub>90<\/sub> \u00e9rt\u00e9kek meghat\u00e1roz\u00e1sa \u00e1llatfajonk\u00e9nt \u00e9s bakt\u00e9riumfajonk\u00e9nt, \u00e1tlagosan 10-15 hat\u00f3anyagra n\u00e9zve.<\/li> <li><em>Epidemiological cut-off value<\/em> (ECOFF) \u00e9rt\u00e9k meghat\u00e1roz\u00e1sa \u00e1llatfajonk\u00e9nt \u00e9s bakt\u00e9riumfajonk\u00e9nt, \u00e1tlagosan 10-15 hat\u00f3anyagra n\u00e9zve.<\/li> <li>Sz\u00e9les\u00edtett spektrum\u00fa b\u00e9ta-laktam\u00e1z (ESBL) termel\u00e9s vizsg\u00e1lata <em>Escherichia coli<\/em> t\u00f6rzsek eset\u00e9n, valamint \u00faj gener\u00e1ci\u00f3s szekven\u00e1l\u00e1ssal t\u00f6rt\u00e9n\u0151 metagenomikai vizsg\u00e1latok, az ESBL termel\u00e9s\u00e9rt felel\u0151s rezisztencia g\u00e9nek (SHV, TEM, CTX-M) topogr\u00e1fiai el\u0151fordul\u00e1sa.<\/li> <li>Multirezisztens (MDR) <em>Enterococcus<\/em> t\u00f6rzsek lev\u00e1logat\u00e1sa, k\u00f6zeg\u00e9szs\u00e9g\u00fcgyi szempontb\u00f3l jelent\u0151s antibiotikum hat\u00f3anyagokra t\u00f6rt\u00e9n\u0151 \u00e9rz\u00e9kenys\u00e9gi vizsg\u00e1lat (k\u00fcl\u00f6n\u00f6sen vankomicin \u00e9s linezolid), valamint \u00faj gener\u00e1ci\u00f3s szekven\u00e1l\u00e1ssal t\u00f6rt\u00e9n\u0151 metagenomikai vizsg\u00e1latok.<\/li> <li>Hazai h\u00e1zity\u00fak \u00e9s pulyka \u00e1llom\u00e1nyok klinikai eseteib\u0151l izol\u00e1lt patog\u00e9n k\u00f3rokoz\u00f3k MIC-\u00e9rt\u00e9k\u00e9nek meghat\u00e1roz\u00e1sa.<\/li> <li>Hazai v\u00edzisz\u00e1rnyas (h\u00e1zi kacsa, h\u00e1zi l\u00fad) telepek klinikai eseteib\u0151l izol\u00e1lt patog\u00e9n k\u00f3rokoz\u00f3k MIC-\u00e9rt\u00e9k\u00e9nek meghat\u00e1roz\u00e1sa.<\/li> <li>Hum\u00e1n rezisztencia adatok orsz\u00e1gos \u00e9s region\u00e1lis \u00f6sszehasonl\u00edt\u00e1sa az eg\u00e9szs\u00e9ges \u00e1llatokb\u00f3l \u00e9s a klinikai esetekb\u0151l izol\u00e1lt patog\u00e9nek \u00e9rz\u00e9kenys\u00e9gi vizsg\u00e1latainak eredm\u00e9nyeivel.<\/li> <li>Hazai galambokb\u00f3l izol\u00e1lt bakt\u00e9riumok MIC-\u00e9rt\u00e9k\u00e9nek meghat\u00e1roz\u00e1sa orsz\u00e1gos \u00e9s region\u00e1lis szinten, valamint az izol\u00e1lt <em>Escherichia coli<\/em> t\u00f6rzsek ECOFF \u00e9rt\u00e9k\u00e9nek meghat\u00e1roz\u00e1sa \u00e1tlagosan 10-15 hat\u00f3anyagra n\u00e9zve.<\/li> <\/ol>","protected":false},"excerpt":{"rendered":"<p>A Fert\u0151z\u0151 \u00e1llatbetegs\u00e9gek, antimikrobi\u00e1lis rezisztencia, \u00e1llatorvosi k\u00f6zeg\u00e9szs\u00e9g\u00fcgy \u00e9s \u00e9lelmiszerl\u00e1nc-biztons\u00e1g nemzeti laborat\u00f3riuma projekt keret\u00e9n bel\u00fcl c\u00e9lul t\u0171zt\u00fck ki, hogy felm\u00e9rj\u00fck Magyarorsz\u00e1g nagyl\u00e9tsz\u00e1m\u00fa baromfi \u00e1llom\u00e1nyainak antimikrobi\u00e1lis helyzet\u00e9t. A f\u0151 pill\u00e9reket a h\u00e1zity\u00fak \u00e9s pulyka \u00e1llom\u00e1nyokra helyezt\u00fck. Ennek keret\u00e9n bel\u00fcl haz\u00e1nk h\u00e9t r\u00e9gi\u00f3j\u00e1b\u00f3l, r\u00e9gi\u00f3nk\u00e9nt 3-3 \u00e1llattart\u00f3 telepr\u0151l gy\u0171jt\u00fcnk l\u00e9g\u00fati \u00e9s klo\u00e1ka tampon mint\u00e1kat. Mikrobiol\u00f3giai laborat\u00f3riumunkban Escherichia coli, Staphylococcus<\/p>\n","protected":false},"author":6022,"featured_media":0,"parent":874,"menu_order":0,"comment_status":"open","ping_status":"open","template":"","meta":{"_acf_changed":false,"footnotes":""},"categories":[],"tags":[],"class_list":["post-85749","page","type-page","status-publish","hentry"],"acf":[],"_links":{"self":[{"href":"https:\/\/univet.hu\/hu\/wp-json\/wp\/v2\/pages\/85749","targetHints":{"allow":["GET"]}}],"collection":[{"href":"https:\/\/univet.hu\/hu\/wp-json\/wp\/v2\/pages"}],"about":[{"href":"https:\/\/univet.hu\/hu\/wp-json\/wp\/v2\/types\/page"}],"author":[{"embeddable":true,"href":"https:\/\/univet.hu\/hu\/wp-json\/wp\/v2\/users\/6022"}],"replies":[{"embeddable":true,"href":"https:\/\/univet.hu\/hu\/wp-json\/wp\/v2\/comments?post=85749"}],"version-history":[{"count":0,"href":"https:\/\/univet.hu\/hu\/wp-json\/wp\/v2\/pages\/85749\/revisions"}],"up":[{"embeddable":true,"href":"https:\/\/univet.hu\/hu\/wp-json\/wp\/v2\/pages\/874"}],"wp:attachment":[{"href":"https:\/\/univet.hu\/hu\/wp-json\/wp\/v2\/media?parent=85749"}],"wp:term":[{"taxonomy":"category","embeddable":true,"href":"https:\/\/univet.hu\/hu\/wp-json\/wp\/v2\/categories?post=85749"},{"taxonomy":"post_tag","embeddable":true,"href":"https:\/\/univet.hu\/hu\/wp-json\/wp\/v2\/tags?post=85749"}],"curies":[{"name":"wp","href":"https:\/\/api.w.org\/{rel}","templated":true}]}}

Az antimikrobiális rezisztencia helyzete Magyarország baromfi állományaiban

<p>A Fertőző állatbetegségek, antimikrobiális rezisztencia, állatorvosi közegészségügy és élelmiszerlánc-biztonság nemzeti laboratóriuma projekt keretén belül célul tűztük ki, hogy felmérjük Magyarország nagylétszámú baromfi állományainak antimikrobiális helyzetét. A fő pilléreket a házityúk és pulyka állományokra helyeztük. Ennek keretén belül hazánk hét régiójából, régiónként 3-3 állattartó telepről gyűjtünk légúti és kloáka tampon mintákat. Mikrobiológiai laboratóriumunkban <em>Escherichia coli</em>, <em>Staphylococcus</em> spp., <em>Enterococcus</em> spp, <em>Salmonella</em> spp. és <em>Clostridium perfringens</em> fajok izolálását követően meghatározzuk az egyes törzsek minimális gátló koncentráció (MIC) értékét.<br /> A projekt az alábbi alprojektekből áll össze:</p> <ol> <li>Minimális gátló koncentráció (MIC) meghatározás segítségével országos és regionális rezisztencia gyakoriság, MIC<sub>50</sub> és MIC<sub>90</sub> értékek meghatározása állatfajonként és baktériumfajonként, átlagosan 10-15 hatóanyagra nézve.</li> <li><em>Epidemiological cut-off value</em> (ECOFF) érték meghatározása állatfajonként és baktériumfajonként, átlagosan 10-15 hatóanyagra nézve.</li> <li>Szélesített spektrumú béta-laktamáz (ESBL) termelés vizsgálata <em>Escherichia coli</em> törzsek esetén, valamint új generációs szekvenálással történő metagenomikai vizsgálatok, az ESBL termelésért felelős rezisztencia gének (SHV, TEM, CTX-M) topográfiai előfordulása.</li> <li>Multirezisztens (MDR) <em>Enterococcus</em> törzsek leválogatása, közegészségügyi szempontból jelentős antibiotikum hatóanyagokra történő érzékenységi vizsgálat (különösen vankomicin és linezolid), valamint új generációs szekvenálással történő metagenomikai vizsgálatok.</li> <li>Hazai házityúk és pulyka állományok klinikai eseteiből izolált patogén kórokozók MIC-értékének meghatározása.</li> <li>Hazai víziszárnyas (házi kacsa, házi lúd) telepek klinikai eseteiből izolált patogén kórokozók MIC-értékének meghatározása.</li> <li>Humán rezisztencia adatok országos és regionális összehasonlítása az egészséges állatokból és a klinikai esetekből izolált patogének érzékenységi vizsgálatainak eredményeivel.</li> <li>Hazai galambokból izolált baktériumok MIC-értékének meghatározása országos és regionális szinten, valamint az izolált <em>Escherichia coli</em> törzsek ECOFF értékének meghatározása átlagosan 10-15 hatóanyagra nézve.</li> </ol>

<p>A Fertőző állatbetegségek, antimikrobiális rezisztencia, állatorvosi közegészségügy és élelmiszerlánc-biztonság nemzeti laboratóriuma projekt keretén belül célul tűztük ki, hogy felmérjük Magyarország nagylétszámú baromfi állományainak antimikrobiális helyzetét. A fő pilléreket a házityúk és pulyka állományokra helyeztük. Ennek keretén belül hazánk hét régiójából, régiónként 3-3 állattartó telepről gyűjtünk légúti és kloáka tampon mintákat. Mikrobiológiai laboratóriumunkban Escherichia coli, Staphylococcus</p>
