{"id":3340,"date":"1970-01-01T00:00:00","date_gmt":"1969-12-31T23:00:00","guid":{"rendered":"http:\/\/univet.hu\/egyetem\/szervezeti-egysegek\/idegennyelvi-lektoratus\/"},"modified":"2025-03-20T07:38:41","modified_gmt":"2025-03-20T06:38:41","slug":"idegennyelvi-lektoratus","status":"publish","type":"page","link":"https:\/\/univet.hu\/idegennyelvi-lektoratus\/","title":{"rendered":"Idegennyelvi Lektor\u00e1tus"},"content":{"rendered":"<p><strong>Bemutatkoz\u00e1s<\/strong><\/p> <p>Az Idegennyelvi Lektor\u00e1tus a hallgat\u00f3k nyelvi k\u00e9pz\u00e9s\u00e9\u00e9rt felel\u0151s tansz\u00e9k. \u00d6r\u00f6mmel tapasztaljuk, hogy egyre nagyobb ig\u00e9ny mutatkozik a nyelvi kurzusok ir\u00e1nt mind a magyar mind az idegennyelv\u0171 \u00e9vfolyamok hallgat\u00f3i k\u00f6r\u00e9ben, \u00edgy az elm\u00falt id\u0151szakban is b\u0151v\u00fclt az oktatott nyelvek list\u00e1ja.<\/p> <p>C\u00e9lunk, hogy a nyelvoktat\u00e1s hallgat\u00f3ink szakmai el\u0151menetel\u00e9t t\u00e1mogassa: hozz\u00e1seg\u00edtse \u0151ket a szakszavak \u00e9s szaksz\u00f6vegek m\u00e9lyebb meg\u00e9rt\u00e9s\u00e9hez, k\u00e9pess\u00e9 tegye \u0151ket a nemzetk\u00f6zi f\u00f3rumokon val\u00f3 magabiztos kommunik\u00e1ci\u00f3ra, \u00e9s kil\u00e9pve a szorosan vett szakt\u00e1rgyak vil\u00e1g\u00e1b\u00f3l t\u00e1g\u00edtsa a l\u00e1t\u00f3k\u00f6r\u00fcket.<\/p> <p>Jelenleg az al\u00e1bbi t\u00e1rgyakat oktatjuk:<\/p> <p>A magyar k\u00e9pz\u00e9sre j\u00e1r\u00f3 hallgat\u00f3k sz\u00e1m\u00e1ra:<\/p> <ul> <li>\u00e1llamilag elismert nyelvvizsg\u00e1ra val\u00f3 felk\u00e9sz\u00edt\u00e9s angol \u00e9s n\u00e9met nyelvb\u0151l<\/li> <li>k\u00f6telez\u0151 orvosi latin k\u00e9t f\u00e9l\u00e9ven kereszt\u00fcl<\/li> <li>angol \u00e9s n\u00e9met \u00e1llatorvosi szaknyelv<\/li> <li>angol \u00e9s latin szaknyelv biol\u00f3gus hallgat\u00f3k r\u00e9sz\u00e9re<\/li> <li>fakultat\u00edv angol, n\u00e9met, francia \u00e9s spanyol nyelv<\/li> <\/ul> <p>Az angol, illetve n\u00e9met nyelv\u0171 k\u00e9pz\u00e9sre j\u00e1r\u00f3k sz\u00e1m\u00e1ra:<\/p> <ul> <li>latin szaknyelv<\/li> <li>magyar mint idegen nyelv<\/li> <li>francia, n\u00e9met, spanyol nyelv az angol nyelv\u0171 k\u00e9pz\u00e9sben<\/li> <li>angol \u00e1llatorvosi szaknyelv a n\u00e9met nyelv\u0171 k\u00e9pz\u00e9sben<\/li> <\/ul> <p>Az egyetem dolgoz\u00f3i \u00e9s a doktori iskola hallgat\u00f3i sz\u00e1m\u00e1ra:<\/p> <ul> <li>angol \u00e9s n\u00e9met nyelv<\/li> <\/ul> <p><strong>Az Idegennyelvi Lektor\u00e1tus t\u00f6rt\u00e9nete<\/strong><\/p> <p>Az Idegennyelvi Lektor\u00e1tus a nagy m\u00falt\u00fa \u00c1llatorvostudom\u00e1nyi Egyetemen viszonylag fiatal egys\u00e9gnek sz\u00e1m\u00edt. A rendszeres idegennyelv-oktat\u00e1s 1949-ben kezd\u0151d\u00f6tt, \u00e9s az els\u0151 \u00e9vekben az orosz nyelvre korl\u00e1toz\u00f3dott heti 2 \u00f3r\u00e1ban.<\/p> <p>1954-ben a latin nyelv oktat\u00e1sa ker\u00fclt bevezet\u00e9sre az I. \u00e9vfolyamon heti 2 \u00f3r\u00e1ban.<\/p> <p>1955-ben indult meg a nyugati nyelvek k\u00f6telez\u0151 tan\u00edt\u00e1sa. Ezzel egy id\u0151ben a szervezeti egys\u00e9g felvette az \u201eIdegennyelvi Lektor\u00e1tus\u201d nevet.<\/p> <p>1982-t\u0151l heti 4 \u00f3r\u00e1ban folyt k\u00f6telez\u0151 nyelvoktat\u00e1s, 1995-ig n\u00e9gy \u00e9vfolyamon, 1995-t\u0151l h\u00e1rom \u00e9vfolyamon. 1994-t\u0151l angol \u00e1llatorvosi szaknyelvet is oktatunk fakultat\u00edv jelleggel, \u00e9s az ig\u00e9nyek szerint b\u0151v\u00edtj\u00fck a Lektor\u00e1tuson oktatott nyelvek list\u00e1j\u00e1t.<\/p> <p>&nbsp;<\/p> <p>&nbsp;<\/p>","protected":false},"excerpt":{"rendered":"<p>Bemutatkoz\u00e1s Az Idegennyelvi Lektor\u00e1tus a hallgat\u00f3k nyelvi k\u00e9pz\u00e9s\u00e9\u00e9rt felel\u0151s tansz\u00e9k. \u00d6r\u00f6mmel tapasztaljuk, hogy egyre nagyobb ig\u00e9ny mutatkozik a nyelvi kurzusok ir\u00e1nt mind a magyar mind az idegennyelv\u0171 \u00e9vfolyamok hallgat\u00f3i k\u00f6r\u00e9ben, \u00edgy az elm\u00falt id\u0151szakban is b\u0151v\u00fclt az oktatott nyelvek list\u00e1ja. C\u00e9lunk, hogy a nyelvoktat\u00e1s hallgat\u00f3ink szakmai el\u0151menetel\u00e9t t\u00e1mogassa: hozz\u00e1seg\u00edtse \u0151ket a szakszavak \u00e9s szaksz\u00f6vegek m\u00e9lyebb<\/p>\n","protected":false},"author":3837,"featured_media":0,"parent":0,"menu_order":135,"comment_status":"closed","ping_status":"closed","template":"","meta":{"_acf_changed":false,"footnotes":""},"categories":[14],"tags":[],"class_list":["post-3340","page","type-page","status-publish","hentry","category-szervezeti-egysegek"],"acf":[],"yoast_head":"<!-- This site is optimized with the Yoast SEO plugin v27.2 - https:\/\/yoast.com\/product\/yoast-seo-wordpress\/ -->\n<title>Idegennyelvi Lektor\u00e1tus - Idegennyelvi Lektor\u00e1tus<\/title>\n<meta name=\"robots\" content=\"index, follow, max-snippet:-1, max-image-preview:large, max-video-preview:-1\" \/>\n<link rel=\"canonical\" href=\"https:\/\/univet.hu\/idegennyelvi-lektoratus\/\" \/>\n<meta property=\"og:locale\" content=\"hu_HU\" \/>\n<meta property=\"og:type\" content=\"article\" \/>\n<meta property=\"og:title\" content=\"Idegennyelvi Lektor\u00e1tus - Idegennyelvi Lektor\u00e1tus\" \/>\n<meta property=\"og:description\" content=\"Bemutatkoz\u00e1s Az Idegennyelvi Lektor\u00e1tus a hallgat\u00f3k nyelvi k\u00e9pz\u00e9s\u00e9\u00e9rt felel\u0151s tansz\u00e9k. \u00d6r\u00f6mmel tapasztaljuk, hogy egyre nagyobb ig\u00e9ny mutatkozik a nyelvi kurzusok ir\u00e1nt mind a magyar mind az idegennyelv\u0171 \u00e9vfolyamok hallgat\u00f3i k\u00f6r\u00e9ben, \u00edgy az elm\u00falt id\u0151szakban is b\u0151v\u00fclt az oktatott nyelvek list\u00e1ja. C\u00e9lunk, hogy a nyelvoktat\u00e1s hallgat\u00f3ink szakmai el\u0151menetel\u00e9t t\u00e1mogassa: hozz\u00e1seg\u00edtse \u0151ket a szakszavak \u00e9s szaksz\u00f6vegek m\u00e9lyebb\" \/>\n<meta property=\"og:url\" content=\"https:\/\/univet.hu\/idegennyelvi-lektoratus\/\" \/>\n<meta property=\"og:site_name\" content=\"Idegennyelvi Lektor\u00e1tus\" \/>\n<meta property=\"article:modified_time\" content=\"2025-03-20T06:38:41+00:00\" \/>\n<meta name=\"twitter:card\" content=\"summary_large_image\" \/>\n<meta name=\"twitter:label1\" content=\"Becs\u00fclt olvas\u00e1si id\u0151\" \/>\n\t<meta name=\"twitter:data1\" content=\"2 perc\" \/>\n<script type=\"application\/ld+json\" class=\"yoast-schema-graph\">{\"@context\":\"https:\/\/schema.org\",\"@graph\":[{\"@type\":\"WebPage\",\"@id\":\"https:\/\/univet.hu\/idegennyelvi-lektoratus\/\",\"url\":\"https:\/\/univet.hu\/idegennyelvi-lektoratus\/\",\"name\":\"Idegennyelvi Lektor\u00e1tus - Idegennyelvi Lektor\u00e1tus\",\"isPartOf\":{\"@id\":\"https:\/\/univet.hu\/idegennyelvi-lektoratus\/en\/#website\"},\"datePublished\":\"1969-12-31T23:00:00+00:00\",\"dateModified\":\"2025-03-20T06:38:41+00:00\",\"breadcrumb\":{\"@id\":\"https:\/\/univet.hu\/idegennyelvi-lektoratus\/#breadcrumb\"},\"inLanguage\":\"hu\",\"potentialAction\":[{\"@type\":\"ReadAction\",\"target\":[\"https:\/\/univet.hu\/idegennyelvi-lektoratus\/\"]}]},{\"@type\":\"BreadcrumbList\",\"@id\":\"https:\/\/univet.hu\/idegennyelvi-lektoratus\/#breadcrumb\",\"itemListElement\":[{\"@type\":\"ListItem\",\"position\":1,\"name\":\"Kezd\u0151lap\",\"item\":\"https:\/\/univet.hu\/idegennyelvi-lektoratus\/\"},{\"@type\":\"ListItem\",\"position\":2,\"name\":\"Idegennyelvi Lektor\u00e1tus\"}]},{\"@type\":\"WebSite\",\"@id\":\"https:\/\/univet.hu\/idegennyelvi-lektoratus\/en\/#website\",\"url\":\"https:\/\/univet.hu\/idegennyelvi-lektoratus\/en\/\",\"name\":\"Idegennyelvi Lektor\u00e1tus\",\"description\":\"\",\"potentialAction\":[{\"@type\":\"SearchAction\",\"target\":{\"@type\":\"EntryPoint\",\"urlTemplate\":\"https:\/\/univet.hu\/idegennyelvi-lektoratus\/en\/?s={search_term_string}\"},\"query-input\":{\"@type\":\"PropertyValueSpecification\",\"valueRequired\":true,\"valueName\":\"search_term_string\"}}],\"inLanguage\":\"hu\"}]}<\/script>\n<!-- \/ Yoast SEO plugin. -->","yoast_head_json":{"title":"Idegennyelvi Lektor\u00e1tus - Idegennyelvi Lektor\u00e1tus","robots":{"index":"index","follow":"follow","max-snippet":"max-snippet:-1","max-image-preview":"max-image-preview:large","max-video-preview":"max-video-preview:-1"},"canonical":"https:\/\/univet.hu\/idegennyelvi-lektoratus\/","og_locale":"hu_HU","og_type":"article","og_title":"Idegennyelvi Lektor\u00e1tus - Idegennyelvi Lektor\u00e1tus","og_description":"Bemutatkoz\u00e1s Az Idegennyelvi Lektor\u00e1tus a hallgat\u00f3k nyelvi k\u00e9pz\u00e9s\u00e9\u00e9rt felel\u0151s tansz\u00e9k. \u00d6r\u00f6mmel tapasztaljuk, hogy egyre nagyobb ig\u00e9ny mutatkozik a nyelvi kurzusok ir\u00e1nt mind a magyar mind az idegennyelv\u0171 \u00e9vfolyamok hallgat\u00f3i k\u00f6r\u00e9ben, \u00edgy az elm\u00falt id\u0151szakban is b\u0151v\u00fclt az oktatott nyelvek list\u00e1ja. C\u00e9lunk, hogy a nyelvoktat\u00e1s hallgat\u00f3ink szakmai el\u0151menetel\u00e9t t\u00e1mogassa: hozz\u00e1seg\u00edtse \u0151ket a szakszavak \u00e9s szaksz\u00f6vegek m\u00e9lyebb","og_url":"https:\/\/univet.hu\/idegennyelvi-lektoratus\/","og_site_name":"Idegennyelvi Lektor\u00e1tus","article_modified_time":"2025-03-20T06:38:41+00:00","twitter_card":"summary_large_image","twitter_misc":{"Becs\u00fclt olvas\u00e1si id\u0151":"2 perc"},"schema":{"@context":"https:\/\/schema.org","@graph":[{"@type":"WebPage","@id":"https:\/\/univet.hu\/idegennyelvi-lektoratus\/","url":"https:\/\/univet.hu\/idegennyelvi-lektoratus\/","name":"Idegennyelvi Lektor\u00e1tus - Idegennyelvi Lektor\u00e1tus","isPartOf":{"@id":"https:\/\/univet.hu\/idegennyelvi-lektoratus\/en\/#website"},"datePublished":"1969-12-31T23:00:00+00:00","dateModified":"2025-03-20T06:38:41+00:00","breadcrumb":{"@id":"https:\/\/univet.hu\/idegennyelvi-lektoratus\/#breadcrumb"},"inLanguage":"hu","potentialAction":[{"@type":"ReadAction","target":["https:\/\/univet.hu\/idegennyelvi-lektoratus\/"]}]},{"@type":"BreadcrumbList","@id":"https:\/\/univet.hu\/idegennyelvi-lektoratus\/#breadcrumb","itemListElement":[{"@type":"ListItem","position":1,"name":"Kezd\u0151lap","item":"https:\/\/univet.hu\/idegennyelvi-lektoratus\/"},{"@type":"ListItem","position":2,"name":"Idegennyelvi Lektor\u00e1tus"}]},{"@type":"WebSite","@id":"https:\/\/univet.hu\/idegennyelvi-lektoratus\/en\/#website","url":"https:\/\/univet.hu\/idegennyelvi-lektoratus\/en\/","name":"Idegennyelvi Lektor\u00e1tus","description":"","potentialAction":[{"@type":"SearchAction","target":{"@type":"EntryPoint","urlTemplate":"https:\/\/univet.hu\/idegennyelvi-lektoratus\/en\/?s={search_term_string}"},"query-input":{"@type":"PropertyValueSpecification","valueRequired":true,"valueName":"search_term_string"}}],"inLanguage":"hu"}]}},"_links":{"self":[{"href":"https:\/\/univet.hu\/idegennyelvi-lektoratus\/wp-json\/wp\/v2\/pages\/3340","targetHints":{"allow":["GET"]}}],"collection":[{"href":"https:\/\/univet.hu\/idegennyelvi-lektoratus\/wp-json\/wp\/v2\/pages"}],"about":[{"href":"https:\/\/univet.hu\/idegennyelvi-lektoratus\/wp-json\/wp\/v2\/types\/page"}],"author":[{"embeddable":true,"href":"https:\/\/univet.hu\/idegennyelvi-lektoratus\/wp-json\/wp\/v2\/users\/3837"}],"replies":[{"embeddable":true,"href":"https:\/\/univet.hu\/idegennyelvi-lektoratus\/wp-json\/wp\/v2\/comments?post=3340"}],"version-history":[{"count":1,"href":"https:\/\/univet.hu\/idegennyelvi-lektoratus\/wp-json\/wp\/v2\/pages\/3340\/revisions"}],"predecessor-version":[{"id":83703,"href":"https:\/\/univet.hu\/idegennyelvi-lektoratus\/wp-json\/wp\/v2\/pages\/3340\/revisions\/83703"}],"wp:attachment":[{"href":"https:\/\/univet.hu\/idegennyelvi-lektoratus\/wp-json\/wp\/v2\/media?parent=3340"}],"wp:term":[{"taxonomy":"category","embeddable":true,"href":"https:\/\/univet.hu\/idegennyelvi-lektoratus\/wp-json\/wp\/v2\/categories?post=3340"},{"taxonomy":"post_tag","embeddable":true,"href":"https:\/\/univet.hu\/idegennyelvi-lektoratus\/wp-json\/wp\/v2\/tags?post=3340"}],"curies":[{"name":"wp","href":"https:\/\/api.w.org\/{rel}","templated":true}]}}