{"id":149,"date":"2025-07-09T12:34:36","date_gmt":"2025-07-09T10:34:36","guid":{"rendered":"https:\/\/univet.hu\/konyvtar\/rolunk\/tortenetunk\/"},"modified":"2026-01-12T13:54:48","modified_gmt":"2026-01-12T12:54:48","slug":"tortenetunk","status":"publish","type":"page","link":"https:\/\/univet.hu\/konyvtar\/rolunk\/tortenetunk\/","title":{"rendered":"T\u00f6rt\u00e9net\u00fcnk"},"content":{"rendered":"<div class=\"entry-content\"> <div class=\"page-header\"> <p>Az \u00c1llatorvostudom\u00e1nyi Egyetem Hut\u00ffra Ferenc K\u00f6nyvt\u00e1r, Lev\u00e9lt\u00e1r \u00e9s M\u00fazeuma a szakter\u00fclet egyetlen nyilv\u00e1nos, tudom\u00e1nyos k\u00f6zgy\u0171jtem\u00e9nye Magyarorsz\u00e1gon.<\/p> <p>A K\u00f6nyvt\u00e1r egyid\u0151s az \u00e1llatorvosk\u00e9pz\u00e9ssel. Jeles professzorai kezdett\u0151l gy\u0171jt\u00f6tt\u00e9k \u00e9s rendszerezt\u00e9k a t\u00e9ma hazai \u00e9s k\u00fclf\u00f6ldi k\u00f6nyveit. K\u00fcl\u00f6n\u00f6s gondot ford\u00edtott a gy\u0171jtem\u00e9ny fejleszt\u00e9s\u00e9re Tolnay S\u00e1ndor, a szakrendszert kidolgoz\u00f3 N\u00e1daskay B\u00e9la \u00e9s a katal\u00f3gust \u00f6ssze\u00e1ll\u00edt\u00f3 Magyary-Kossa Gyula. E folyamatos \u2014 az ut\u00f3dok (Marek, Zimmermann, Kotl\u00e1n, hogy csak n\u00e9h\u00e1nyat eml\u00edts\u00fcnk) \u00e1ltal megbecs\u00fclt \u00e9s tov\u00e1bbvitt \u2014 munk\u00e1nak k\u00f6sz\u00f6nhet\u0151, hogy ma eur\u00f3pai rang\u00fa az \u00f6tezer k\u00f6tetes, a katal\u00f3gusban teljesen feldolgozott Magyary-Kossa Gyula Szakmat\u00f6rt\u00e9neti K\u00f6nyvgy\u0171jtem\u00e9ny. Itt t\u00f6bbek k\u00f6z\u00f6tt 16. sz\u00e1zadi ritkas\u00e1gokkal, latin \u00e9s n\u00e9met nyelv\u0171 alapm\u0171vekkel, k\u00e9ziratos jegyzetekkel \u00e9s term\u00e9szetesen a hazai \u00e1llatorvos-tudom\u00e1ny kiemelked\u0151 k\u00e9pvisel\u0151inek els\u0151 kiad\u00e1s\u00fa m\u0171veivel tal\u00e1lkozhat az \u00e9rdekl\u0151d\u0151.<\/p> <p>A t\u00e1rgyi eml\u00e9keket az \u00c1llatorvos-t\u00f6rt\u00e9neti Gy\u0171jtem\u00e9nyben \u0151rizz\u00fck, amely az egyetem aul\u00e1j\u00e1n\u00e1l kaptt helyet. Itt tal\u00e1lhat\u00f3 az egyetem lev\u00e9lt\u00e1ra is, amelynek leg\u00e9rdekesebb darabjai 1786-t\u00f3l 1970-ig a \u201cDokumentumok a magyar \u00e1llatorvosi oktat\u00e1s t\u00f6rt\u00e9net\u00e9hez\u201d c\u00edm\u0171 kiadv\u00e1nysorozat k\u00f6teteiben olvashat\u00f3k.<\/p> <\/div> <div> <p>A K\u00f6nyvt\u00e1r a 20. sz\u00e1zad els\u0151 \u00e9veiben m\u00e1r az akkori M. Kir. \u00c1llatorvosi F\u0151iskola f\u0151\u00e9p\u00fclet\u00e9ben kapott helyet. 1983-ban j\u00f6tt el az ideje annak, hogy a h\u00edres tervez\u0151, Steindl Imre egyszer\u0171s\u00e9g\u00e9ben is reprezentat\u00edv \u00e9p\u00fclet\u00e9t \u2014 a pince \u00e9s n\u00e9h\u00e1ny helyis\u00e9g kiv\u00e9tel\u00e9vel \u2014 az \u00c1llatorvostudom\u00e1nyi Egyetem K\u00f6zponti K\u00f6nyvt\u00e1ra vegye birtok\u00e1ba. A l\u00e9pcs\u0151h\u00e1zat R\u00f3th Miksa \u00fcvegablakai \u00e9s Kl\u00f6sz Gy\u00f6rgy \u00fcvegpozit\u00edvokra k\u00e9sz\u00fclt fotogr\u00e1fi\u00e1j\u00e1nak nagy\u00edt\u00e1sai teszik \u00e9rdekess\u00e9.<\/p> <p>A hajdani D\u00edszterem ma a k\u00f6nyvt\u00e1r olvas\u00f3terme, amelyet az egykori k\u00fcl\u00f6nleges kov\u00e1csoltvas csill\u00e1r rekonstru\u00e1lt m\u00e1sa \u00e9kes\u00edt. A patin\u00e1s k\u00f6rnyezetben 120 olvas\u00f3i hely, egy oktat\u00f3labor 10 sz\u00e1m\u00edt\u00f3g\u00e9ppel, \u00e9s tov\u00e1bbi 4 sz\u00e1m\u00edt\u00f3g\u00e9p fogadja a haszn\u00e1l\u00f3kat.<\/p> <p>A K\u00f6nyvt\u00e1r szolg\u00e1lja az Egyetem oktat\u00f3it, kutat\u00f3it \u00e9s hallgat\u00f3it, az \u00e1llatorvosokat \u2014 legyenek mag\u00e1n\u00e1llatorvosok vagy hat\u00f3s\u00e1gi, kutat\u00e1si feladatokat ell\u00e1t\u00f3 szakemberek \u2013, \u00e9s mindazokat, akik az \u00e1llatorvosl\u00e1shoz kapcsol\u00f3d\u00f3 inform\u00e1ci\u00f3t \u00e9s dokumentumokat ig\u00e9nyelnek. Erre k\u00f6telezi \u00e9s jogos\u00edtja a k\u00f6nyvt\u00e1rat egyetemi \u00e9s szakk\u00f6nyvt\u00e1ri min\u0151s\u00e9ge, valamint az Orsz\u00e1gos Dokumentumell\u00e1t\u00f3 Rendszerben bet\u00f6lt\u00f6tt szerepe.<\/p> <p>A k\u00f6nyvt\u00e1r r\u00e9szletes t\u00f6rt\u00e9nete 2009-ben megjelent k\u00f6nyv form\u00e1ban:\u00a0<a href=\"http:\/\/hdl.handle.net\/10832\/1926\">Winkler Bea \u2013 Striczky P\u00e9ter: Az \u00c1llatorvos-tudom\u00e1nyi K\u00f6nyvt\u00e1r, Lev\u00e9lt\u00e1r \u00e9s M\u00fazeum t\u00f6rt\u00e9nete 1787-2000.\u00a0Budapest, 2009.<\/a><\/p> <\/div> <\/div>","protected":false},"excerpt":{"rendered":"<p>Az \u00c1llatorvostudom\u00e1nyi Egyetem Hut\u00ffra Ferenc K\u00f6nyvt\u00e1r, Lev\u00e9lt\u00e1r \u00e9s M\u00fazeuma a szakter\u00fclet egyetlen nyilv\u00e1nos, tudom\u00e1nyos k\u00f6zgy\u0171jtem\u00e9nye Magyarorsz\u00e1gon. A K\u00f6nyvt\u00e1r egyid\u0151s az \u00e1llatorvosk\u00e9pz\u00e9ssel. Jeles professzorai kezdett\u0151l gy\u0171jt\u00f6tt\u00e9k \u00e9s rendszerezt\u00e9k a t\u00e9ma hazai \u00e9s k\u00fclf\u00f6ldi k\u00f6nyveit. K\u00fcl\u00f6n\u00f6s gondot ford\u00edtott a gy\u0171jtem\u00e9ny fejleszt\u00e9s\u00e9re Tolnay S\u00e1ndor, a szakrendszert kidolgoz\u00f3 N\u00e1daskay B\u00e9la \u00e9s a katal\u00f3gust \u00f6ssze\u00e1ll\u00edt\u00f3 Magyary-Kossa Gyula. E folyamatos \u2014<\/p>\n","protected":false},"author":4333,"featured_media":0,"parent":36,"menu_order":6,"comment_status":"closed","ping_status":"closed","template":"","meta":{"_acf_changed":false,"_eb_attr":"","footnotes":""},"categories":[17],"tags":[],"class_list":["post-149","page","type-page","status-publish","hentry","category-rolunk"],"acf":[],"yoast_head":"<!-- This site is optimized with the Yoast SEO plugin v27.2 - https:\/\/yoast.com\/product\/yoast-seo-wordpress\/ -->\n<title>T\u00f6rt\u00e9net\u00fcnk - Hut\u00ffra Ferenc K\u00f6nyvt\u00e1r, Lev\u00e9lt\u00e1r \u00e9s M\u00fazeum<\/title>\n<meta name=\"robots\" content=\"index, follow, max-snippet:-1, max-image-preview:large, max-video-preview:-1\" \/>\n<link rel=\"canonical\" href=\"https:\/\/univet.hu\/konyvtar\/rolunk\/tortenetunk\/\" \/>\n<meta property=\"og:locale\" content=\"hu_HU\" \/>\n<meta property=\"og:type\" content=\"article\" \/>\n<meta property=\"og:title\" content=\"T\u00f6rt\u00e9net\u00fcnk - Hut\u00ffra Ferenc K\u00f6nyvt\u00e1r, Lev\u00e9lt\u00e1r \u00e9s M\u00fazeum\" \/>\n<meta property=\"og:description\" content=\"Az \u00c1llatorvostudom\u00e1nyi Egyetem Hut\u00ffra Ferenc K\u00f6nyvt\u00e1r, Lev\u00e9lt\u00e1r \u00e9s M\u00fazeuma a szakter\u00fclet egyetlen nyilv\u00e1nos, tudom\u00e1nyos k\u00f6zgy\u0171jtem\u00e9nye Magyarorsz\u00e1gon. A K\u00f6nyvt\u00e1r egyid\u0151s az \u00e1llatorvosk\u00e9pz\u00e9ssel. Jeles professzorai kezdett\u0151l gy\u0171jt\u00f6tt\u00e9k \u00e9s rendszerezt\u00e9k a t\u00e9ma hazai \u00e9s k\u00fclf\u00f6ldi k\u00f6nyveit. K\u00fcl\u00f6n\u00f6s gondot ford\u00edtott a gy\u0171jtem\u00e9ny fejleszt\u00e9s\u00e9re Tolnay S\u00e1ndor, a szakrendszert kidolgoz\u00f3 N\u00e1daskay B\u00e9la \u00e9s a katal\u00f3gust \u00f6ssze\u00e1ll\u00edt\u00f3 Magyary-Kossa Gyula. E folyamatos \u2014\" \/>\n<meta property=\"og:url\" content=\"https:\/\/univet.hu\/konyvtar\/rolunk\/tortenetunk\/\" \/>\n<meta property=\"og:site_name\" content=\"Hut\u00ffra Ferenc K\u00f6nyvt\u00e1r, Lev\u00e9lt\u00e1r \u00e9s M\u00fazeum\" \/>\n<meta property=\"article:modified_time\" content=\"2026-01-12T12:54:48+00:00\" \/>\n<meta name=\"twitter:card\" content=\"summary_large_image\" \/>\n<meta name=\"twitter:label1\" content=\"Becs\u00fclt olvas\u00e1si id\u0151\" \/>\n\t<meta name=\"twitter:data1\" content=\"2 perc\" \/>\n<script type=\"application\/ld+json\" class=\"yoast-schema-graph\">{\"@context\":\"https:\/\/schema.org\",\"@graph\":[{\"@type\":\"WebPage\",\"@id\":\"https:\/\/univet.hu\/konyvtar\/rolunk\/tortenetunk\/\",\"url\":\"https:\/\/univet.hu\/konyvtar\/rolunk\/tortenetunk\/\",\"name\":\"T\u00f6rt\u00e9net\u00fcnk - Hut\u00ffra Ferenc K\u00f6nyvt\u00e1r, Lev\u00e9lt\u00e1r \u00e9s M\u00fazeum\",\"isPartOf\":{\"@id\":\"https:\/\/univet.hu\/konyvtar\/#website\"},\"datePublished\":\"2025-07-09T10:34:36+00:00\",\"dateModified\":\"2026-01-12T12:54:48+00:00\",\"breadcrumb\":{\"@id\":\"https:\/\/univet.hu\/konyvtar\/rolunk\/tortenetunk\/#breadcrumb\"},\"inLanguage\":\"hu\",\"potentialAction\":[{\"@type\":\"ReadAction\",\"target\":[\"https:\/\/univet.hu\/konyvtar\/rolunk\/tortenetunk\/\"]}]},{\"@type\":\"BreadcrumbList\",\"@id\":\"https:\/\/univet.hu\/konyvtar\/rolunk\/tortenetunk\/#breadcrumb\",\"itemListElement\":[{\"@type\":\"ListItem\",\"position\":1,\"name\":\"Kezd\u0151lap\",\"item\":\"https:\/\/univet.hu\/konyvtar\/\"},{\"@type\":\"ListItem\",\"position\":2,\"name\":\"R\u00f3lunk\",\"item\":\"https:\/\/univet.hu\/konyvtar\/rolunk\/\"},{\"@type\":\"ListItem\",\"position\":3,\"name\":\"T\u00f6rt\u00e9net\u00fcnk\"}]},{\"@type\":\"WebSite\",\"@id\":\"https:\/\/univet.hu\/konyvtar\/#website\",\"url\":\"https:\/\/univet.hu\/konyvtar\/\",\"name\":\"Hut\u00ffra Ferenc K\u00f6nyvt\u00e1r, Lev\u00e9lt\u00e1r \u00e9s M\u00fazeum\",\"description\":\"\",\"potentialAction\":[{\"@type\":\"SearchAction\",\"target\":{\"@type\":\"EntryPoint\",\"urlTemplate\":\"https:\/\/univet.hu\/konyvtar\/?s={search_term_string}\"},\"query-input\":{\"@type\":\"PropertyValueSpecification\",\"valueRequired\":true,\"valueName\":\"search_term_string\"}}],\"inLanguage\":\"hu\"}]}<\/script>\n<!-- \/ Yoast SEO plugin. -->","yoast_head_json":{"title":"T\u00f6rt\u00e9net\u00fcnk - Hut\u00ffra Ferenc K\u00f6nyvt\u00e1r, Lev\u00e9lt\u00e1r \u00e9s M\u00fazeum","robots":{"index":"index","follow":"follow","max-snippet":"max-snippet:-1","max-image-preview":"max-image-preview:large","max-video-preview":"max-video-preview:-1"},"canonical":"https:\/\/univet.hu\/konyvtar\/rolunk\/tortenetunk\/","og_locale":"hu_HU","og_type":"article","og_title":"T\u00f6rt\u00e9net\u00fcnk - Hut\u00ffra Ferenc K\u00f6nyvt\u00e1r, Lev\u00e9lt\u00e1r \u00e9s M\u00fazeum","og_description":"Az \u00c1llatorvostudom\u00e1nyi Egyetem Hut\u00ffra Ferenc K\u00f6nyvt\u00e1r, Lev\u00e9lt\u00e1r \u00e9s M\u00fazeuma a szakter\u00fclet egyetlen nyilv\u00e1nos, tudom\u00e1nyos k\u00f6zgy\u0171jtem\u00e9nye Magyarorsz\u00e1gon. A K\u00f6nyvt\u00e1r egyid\u0151s az \u00e1llatorvosk\u00e9pz\u00e9ssel. Jeles professzorai kezdett\u0151l gy\u0171jt\u00f6tt\u00e9k \u00e9s rendszerezt\u00e9k a t\u00e9ma hazai \u00e9s k\u00fclf\u00f6ldi k\u00f6nyveit. K\u00fcl\u00f6n\u00f6s gondot ford\u00edtott a gy\u0171jtem\u00e9ny fejleszt\u00e9s\u00e9re Tolnay S\u00e1ndor, a szakrendszert kidolgoz\u00f3 N\u00e1daskay B\u00e9la \u00e9s a katal\u00f3gust \u00f6ssze\u00e1ll\u00edt\u00f3 Magyary-Kossa Gyula. E folyamatos \u2014","og_url":"https:\/\/univet.hu\/konyvtar\/rolunk\/tortenetunk\/","og_site_name":"Hut\u00ffra Ferenc K\u00f6nyvt\u00e1r, Lev\u00e9lt\u00e1r \u00e9s M\u00fazeum","article_modified_time":"2026-01-12T12:54:48+00:00","twitter_card":"summary_large_image","twitter_misc":{"Becs\u00fclt olvas\u00e1si id\u0151":"2 perc"},"schema":{"@context":"https:\/\/schema.org","@graph":[{"@type":"WebPage","@id":"https:\/\/univet.hu\/konyvtar\/rolunk\/tortenetunk\/","url":"https:\/\/univet.hu\/konyvtar\/rolunk\/tortenetunk\/","name":"T\u00f6rt\u00e9net\u00fcnk - Hut\u00ffra Ferenc K\u00f6nyvt\u00e1r, Lev\u00e9lt\u00e1r \u00e9s M\u00fazeum","isPartOf":{"@id":"https:\/\/univet.hu\/konyvtar\/#website"},"datePublished":"2025-07-09T10:34:36+00:00","dateModified":"2026-01-12T12:54:48+00:00","breadcrumb":{"@id":"https:\/\/univet.hu\/konyvtar\/rolunk\/tortenetunk\/#breadcrumb"},"inLanguage":"hu","potentialAction":[{"@type":"ReadAction","target":["https:\/\/univet.hu\/konyvtar\/rolunk\/tortenetunk\/"]}]},{"@type":"BreadcrumbList","@id":"https:\/\/univet.hu\/konyvtar\/rolunk\/tortenetunk\/#breadcrumb","itemListElement":[{"@type":"ListItem","position":1,"name":"Kezd\u0151lap","item":"https:\/\/univet.hu\/konyvtar\/"},{"@type":"ListItem","position":2,"name":"R\u00f3lunk","item":"https:\/\/univet.hu\/konyvtar\/rolunk\/"},{"@type":"ListItem","position":3,"name":"T\u00f6rt\u00e9net\u00fcnk"}]},{"@type":"WebSite","@id":"https:\/\/univet.hu\/konyvtar\/#website","url":"https:\/\/univet.hu\/konyvtar\/","name":"Hut\u00ffra Ferenc K\u00f6nyvt\u00e1r, Lev\u00e9lt\u00e1r \u00e9s M\u00fazeum","description":"","potentialAction":[{"@type":"SearchAction","target":{"@type":"EntryPoint","urlTemplate":"https:\/\/univet.hu\/konyvtar\/?s={search_term_string}"},"query-input":{"@type":"PropertyValueSpecification","valueRequired":true,"valueName":"search_term_string"}}],"inLanguage":"hu"}]}},"_links":{"self":[{"href":"https:\/\/univet.hu\/konyvtar\/wp-json\/wp\/v2\/pages\/149","targetHints":{"allow":["GET"]}}],"collection":[{"href":"https:\/\/univet.hu\/konyvtar\/wp-json\/wp\/v2\/pages"}],"about":[{"href":"https:\/\/univet.hu\/konyvtar\/wp-json\/wp\/v2\/types\/page"}],"author":[{"embeddable":true,"href":"https:\/\/univet.hu\/konyvtar\/wp-json\/wp\/v2\/users\/4333"}],"replies":[{"embeddable":true,"href":"https:\/\/univet.hu\/konyvtar\/wp-json\/wp\/v2\/comments?post=149"}],"version-history":[{"count":3,"href":"https:\/\/univet.hu\/konyvtar\/wp-json\/wp\/v2\/pages\/149\/revisions"}],"predecessor-version":[{"id":892,"href":"https:\/\/univet.hu\/konyvtar\/wp-json\/wp\/v2\/pages\/149\/revisions\/892"}],"up":[{"embeddable":true,"href":"https:\/\/univet.hu\/konyvtar\/wp-json\/wp\/v2\/pages\/36"}],"wp:attachment":[{"href":"https:\/\/univet.hu\/konyvtar\/wp-json\/wp\/v2\/media?parent=149"}],"wp:term":[{"taxonomy":"category","embeddable":true,"href":"https:\/\/univet.hu\/konyvtar\/wp-json\/wp\/v2\/categories?post=149"},{"taxonomy":"post_tag","embeddable":true,"href":"https:\/\/univet.hu\/konyvtar\/wp-json\/wp\/v2\/tags?post=149"}],"curies":[{"name":"wp","href":"https:\/\/api.w.org\/{rel}","templated":true}]}}