{"id":153,"date":"2025-07-09T12:38:41","date_gmt":"2025-07-09T10:38:41","guid":{"rendered":"https:\/\/univet.hu\/konyvtar\/?page_id=153"},"modified":"2026-02-12T12:43:44","modified_gmt":"2026-02-12T11:43:44","slug":"e-konyvek","status":"publish","type":"page","link":"https:\/\/univet.hu\/konyvtar\/forrasok\/e-konyvek\/","title":{"rendered":"E-k\u00f6nyvek"},"content":{"rendered":"<p>Az el\u0151fizetett e-k\u00f6nyvek az \u00c1llatorvostudom\u00e1nyi Egyetem oktat\u00f3i, kutat\u00f3i, dolgoz\u00f3i \u00e9s a hallgat\u00f3k sz\u00e1m\u00e1ra VPN hozz\u00e1f\u00e9r\u00e9ssel otthonr\u00f3l is el\u00e9rhet\u0151k.\u00a0<a href=\"https:\/\/forms.office.com\/pages\/responsepage.aspx?id=cI-IPWq9kUSJE9qdG6_HR00wTxbinHlEu0D0pE_NZ-NUQUo2T1dUVlAwUUVMSTUyRDlSMEw4MUtXNS4u&amp;route=shorturl\" target=\"_blank\" rel=\"noopener noreferrer\">Inform\u00e1ci\u00f3k a VPN-r\u0151l itt tal\u00e1lhat\u00f3k.<\/a><\/p> <ul> <li>Akad\u00e9miai Kiad\u00f3 &#8211; <a href=\"http:\/\/mersz.hu\/\" target=\"_blank\" rel=\"noopener\">MERSZ e-k\u00f6nyvcsomag<\/a>: Az Akad\u00e9miai Kiad\u00f3 Magyar Elektronikus Referenciam\u0171 Szolg\u00e1ltat\u00e1sa t\u00f6bb sz\u00e1z, z\u00f6mmel magyar nyelv\u0171 k\u00e9zik\u00f6nyvet, szakk\u00f6nyvet, fels\u0151oktat\u00e1si tank\u00f6nyvet \u00e9s jegyzetet tartalmaz teljes sz\u00f6veggel. A fel\u00fcleten a kiadv\u00e1nyok kereshet\u0151, egy\u00e9nileg jegyzetelhet\u0151, hivatkozhat\u00f3 form\u00e1ban szerepelnek.<\/li> <li><a href=\"https:\/\/www.szaktars.hu\/szaktudas\/\" target=\"_blank\" rel=\"noopener\">Agr\u00e1r Szaktud\u00e1s:<\/a> A Szaktud\u00e1s Kiad\u00f3 adatb\u00e1zisa 2025-ben kieg\u00e9sz\u00fclt egyr\u00e9szt az 1991-ben alakult nagyh\u00edr\u0171 Mez\u0151gazda Kiad\u00f3 teljes kiadv\u00e1ny portf\u00f3li\u00f3j\u00e1val, valamint a k\u00e9t m\u0171hely anyav\u00e1llalat\u00e1nak, a Mez\u0151gazdas\u00e1gi K\u00f6nyvkiad\u00f3nak (1950-1989) t\u00f6bb ezer k\u00f6tetes t\u00f6rzsanyag\u00e1val. Az \u00edgy l\u00e9trej\u00f6tt jelent\u0151s agr\u00e1r szakk\u00f6nyv adatb\u00e1zis az agr\u00e1rium minden ter\u00fclet\u00e9t lefedi mind a legmodernebb szakirodalom, mind pedig a t\u00f6rt\u00e9neti szempontb\u00f3l fontos munk\u00e1k tekintet\u00e9ben. A magas szakmai sz\u00ednvonalat k\u00e9pvisel\u0151 szakk\u00f6nyveket nemcsak az agr\u00e1r-fels\u0151oktat\u00e1sban haszn\u00e1lj\u00e1k, hanem m\u00e9rn\u00f6k\u00f6k, szakemberek, nagytermel\u0151k, profi gazd\u00e1lkod\u00f3k k\u00f6nyvt\u00e1rait is gazdag\u00edtj\u00e1k.<\/li> <li><a href=\"https:\/\/ebookcentral.proquest.com\/lib\/u-vm\/home.action\" target=\"_blank\" rel=\"noopener\">Az egyetem \u00e1ltal 2026-ra el\u0151fizetett t\u00f6bb mint 41 ezer\u00a0 idegennyelv\u0171 e-k\u00f6nyv el\u00e9rhet\u0151 a ProQuest Ebook Central oldal\u00e1n \u00e9s a k\u00f6nyvt\u00e1r katal\u00f3gus\u00e1n kereszt\u00fcl is.\u00a0<\/a><\/li> <\/ul> <hr \/> <p>Szabadon hozz\u00e1f\u00e9rhet\u0151 m\u0171vek:<\/p> <p>K\u00f6nyvek:<\/p> <ul> <li><a href=\"http:\/\/huveta.hu\/handle\/10832\/1381\" target=\"_blank\" rel=\"noopener noreferrer\">Ga\u00e1l Tibor(szerk.): \u00c1llatorvosi kilinikai laborat\u00f3riumi diagnosztika<\/a><\/li> <li><a class=\"caption\" href=\"http:\/\/www.melius.hu\/gyogy\/gyogynov-a-zuj.pdf\" target=\"_blank\" rel=\"noopener\">Szab\u00f3 L\u00e1szl\u00f3 Gy.: Gy\u00f3gyn\u00f6v\u00e9nyek A-Z<\/a><\/li> <li><a class=\"caption\" title=\"Citing Medicine\" href=\"http:\/\/www.ncbi.nlm.nih.gov\/bookshelf\/br.fcgi?book=citmed\" target=\"_blank\" rel=\"noopener noreferrer\">Citing Medicine \u2013 hivatkoz\u00e1si (id\u00e9z\u00e9si) \u00fatmutat\u00f3 szerz\u0151knek, szerkeszt\u0151knek \u00e9s kiad\u00f3knak<\/a><\/li> <\/ul> <p>Egy\u00e9b teljes sz\u00f6veg\u0171 anyagok:<\/p> <ul> <li><a href=\"http:\/\/www.europeana.eu\/\" target=\"_blank\" rel=\"noopener\">Europeana<\/a><\/li> <li><a title=\"FAO\" href=\"http:\/\/www.fao.org\/publications\/en\/\" target=\"_blank\" rel=\"noopener noreferrer\">FAO Publications<\/a><\/li> <li><a class=\"caption\" title=\"Biodiversity Heritage Library\" href=\"http:\/\/www.biodiversitylibrary.org\/\" target=\"_blank\" rel=\"noopener noreferrer\">Biodiversity Heritage Library<\/a><\/li> <li><a class=\"caption\" title=\"G\u00f6ttinger Digitalisierungszentrum\" href=\"http:\/\/gdz.sub.uni-goettingen.de\/dms\/colbrowse\/?DC=zoologica\" target=\"_blank\" rel=\"noopener noreferrer\">G\u00f6ttinger Digitalisierungszentrum<\/a><\/li> <li><a class=\"caption\" title=\"Magyar Elektronikus K\u00f6nyvt\u00e1r\" href=\"http:\/\/mek.oszk.hu\/\" target=\"_blank\" rel=\"noopener noreferrer\">Magyar Elektronikus K\u00f6nyvt\u00e1r<\/a><\/li> <li><a title=\"World Organisation for Animal Health\" href=\"http:\/\/www.oie.int\/publications-and-documentation\/general-information\/\" target=\"_blank\" rel=\"noopener noreferrer\">World Organisation for Animal Health<\/a><\/li> <\/ul>","protected":false},"excerpt":{"rendered":"<p>Az el\u0151fizetett e-k\u00f6nyvek az \u00c1llatorvostudom\u00e1nyi Egyetem oktat\u00f3i, kutat\u00f3i, dolgoz\u00f3i \u00e9s a hallgat\u00f3k sz\u00e1m\u00e1ra VPN hozz\u00e1f\u00e9r\u00e9ssel otthonr\u00f3l is el\u00e9rhet\u0151k.\u00a0Inform\u00e1ci\u00f3k a VPN-r\u0151l itt tal\u00e1lhat\u00f3k. Akad\u00e9miai Kiad\u00f3 &#8211; MERSZ e-k\u00f6nyvcsomag: Az Akad\u00e9miai Kiad\u00f3 Magyar Elektronikus Referenciam\u0171 Szolg\u00e1ltat\u00e1sa t\u00f6bb sz\u00e1z, z\u00f6mmel magyar nyelv\u0171 k\u00e9zik\u00f6nyvet, szakk\u00f6nyvet, fels\u0151oktat\u00e1si tank\u00f6nyvet \u00e9s jegyzetet tartalmaz teljes sz\u00f6veggel. A fel\u00fcleten a kiadv\u00e1nyok kereshet\u0151, egy\u00e9nileg jegyzetelhet\u0151,<\/p>\n","protected":false},"author":58,"featured_media":0,"parent":96,"menu_order":0,"comment_status":"closed","ping_status":"closed","template":"","meta":{"_acf_changed":false,"_eb_attr":"","footnotes":""},"categories":[18],"tags":[],"class_list":["post-153","page","type-page","status-publish","hentry","category-forrasok"],"acf":[],"yoast_head":"<!-- This site is optimized with the Yoast SEO plugin v27.2 - https:\/\/yoast.com\/product\/yoast-seo-wordpress\/ -->\n<title>E-k\u00f6nyvek - Hut\u00ffra Ferenc K\u00f6nyvt\u00e1r, Lev\u00e9lt\u00e1r \u00e9s M\u00fazeum<\/title>\n<meta name=\"robots\" content=\"index, follow, max-snippet:-1, max-image-preview:large, max-video-preview:-1\" \/>\n<link rel=\"canonical\" href=\"https:\/\/univet.hu\/konyvtar\/forrasok\/e-konyvek\/\" \/>\n<meta property=\"og:locale\" content=\"hu_HU\" \/>\n<meta property=\"og:type\" content=\"article\" \/>\n<meta property=\"og:title\" content=\"E-k\u00f6nyvek - Hut\u00ffra Ferenc K\u00f6nyvt\u00e1r, Lev\u00e9lt\u00e1r \u00e9s M\u00fazeum\" \/>\n<meta property=\"og:description\" content=\"Az el\u0151fizetett e-k\u00f6nyvek az \u00c1llatorvostudom\u00e1nyi Egyetem oktat\u00f3i, kutat\u00f3i, dolgoz\u00f3i \u00e9s a hallgat\u00f3k sz\u00e1m\u00e1ra VPN hozz\u00e1f\u00e9r\u00e9ssel otthonr\u00f3l is el\u00e9rhet\u0151k.\u00a0Inform\u00e1ci\u00f3k a VPN-r\u0151l itt tal\u00e1lhat\u00f3k. Akad\u00e9miai Kiad\u00f3 &#8211; MERSZ e-k\u00f6nyvcsomag: Az Akad\u00e9miai Kiad\u00f3 Magyar Elektronikus Referenciam\u0171 Szolg\u00e1ltat\u00e1sa t\u00f6bb sz\u00e1z, z\u00f6mmel magyar nyelv\u0171 k\u00e9zik\u00f6nyvet, szakk\u00f6nyvet, fels\u0151oktat\u00e1si tank\u00f6nyvet \u00e9s jegyzetet tartalmaz teljes sz\u00f6veggel. A fel\u00fcleten a kiadv\u00e1nyok kereshet\u0151, egy\u00e9nileg jegyzetelhet\u0151,\" \/>\n<meta property=\"og:url\" content=\"https:\/\/univet.hu\/konyvtar\/forrasok\/e-konyvek\/\" \/>\n<meta property=\"og:site_name\" content=\"Hut\u00ffra Ferenc K\u00f6nyvt\u00e1r, Lev\u00e9lt\u00e1r \u00e9s M\u00fazeum\" \/>\n<meta property=\"article:modified_time\" content=\"2026-02-12T11:43:44+00:00\" \/>\n<meta name=\"twitter:card\" content=\"summary_large_image\" \/>\n<meta name=\"twitter:label1\" content=\"Becs\u00fclt olvas\u00e1si id\u0151\" \/>\n\t<meta name=\"twitter:data1\" content=\"2 perc\" \/>\n<script type=\"application\/ld+json\" class=\"yoast-schema-graph\">{\"@context\":\"https:\/\/schema.org\",\"@graph\":[{\"@type\":\"WebPage\",\"@id\":\"https:\/\/univet.hu\/konyvtar\/forrasok\/e-konyvek\/\",\"url\":\"https:\/\/univet.hu\/konyvtar\/forrasok\/e-konyvek\/\",\"name\":\"E-k\u00f6nyvek - Hut\u00ffra Ferenc K\u00f6nyvt\u00e1r, Lev\u00e9lt\u00e1r \u00e9s M\u00fazeum\",\"isPartOf\":{\"@id\":\"https:\/\/univet.hu\/konyvtar\/#website\"},\"datePublished\":\"2025-07-09T10:38:41+00:00\",\"dateModified\":\"2026-02-12T11:43:44+00:00\",\"breadcrumb\":{\"@id\":\"https:\/\/univet.hu\/konyvtar\/forrasok\/e-konyvek\/#breadcrumb\"},\"inLanguage\":\"hu\",\"potentialAction\":[{\"@type\":\"ReadAction\",\"target\":[\"https:\/\/univet.hu\/konyvtar\/forrasok\/e-konyvek\/\"]}]},{\"@type\":\"BreadcrumbList\",\"@id\":\"https:\/\/univet.hu\/konyvtar\/forrasok\/e-konyvek\/#breadcrumb\",\"itemListElement\":[{\"@type\":\"ListItem\",\"position\":1,\"name\":\"Kezd\u0151lap\",\"item\":\"https:\/\/univet.hu\/konyvtar\/\"},{\"@type\":\"ListItem\",\"position\":2,\"name\":\"Forr\u00e1sok\",\"item\":\"https:\/\/univet.hu\/konyvtar\/forrasok\/\"},{\"@type\":\"ListItem\",\"position\":3,\"name\":\"E-k\u00f6nyvek\"}]},{\"@type\":\"WebSite\",\"@id\":\"https:\/\/univet.hu\/konyvtar\/#website\",\"url\":\"https:\/\/univet.hu\/konyvtar\/\",\"name\":\"Hut\u00ffra Ferenc K\u00f6nyvt\u00e1r, Lev\u00e9lt\u00e1r \u00e9s M\u00fazeum\",\"description\":\"\",\"potentialAction\":[{\"@type\":\"SearchAction\",\"target\":{\"@type\":\"EntryPoint\",\"urlTemplate\":\"https:\/\/univet.hu\/konyvtar\/?s={search_term_string}\"},\"query-input\":{\"@type\":\"PropertyValueSpecification\",\"valueRequired\":true,\"valueName\":\"search_term_string\"}}],\"inLanguage\":\"hu\"}]}<\/script>\n<!-- \/ Yoast SEO plugin. -->","yoast_head_json":{"title":"E-k\u00f6nyvek - Hut\u00ffra Ferenc K\u00f6nyvt\u00e1r, Lev\u00e9lt\u00e1r \u00e9s M\u00fazeum","robots":{"index":"index","follow":"follow","max-snippet":"max-snippet:-1","max-image-preview":"max-image-preview:large","max-video-preview":"max-video-preview:-1"},"canonical":"https:\/\/univet.hu\/konyvtar\/forrasok\/e-konyvek\/","og_locale":"hu_HU","og_type":"article","og_title":"E-k\u00f6nyvek - Hut\u00ffra Ferenc K\u00f6nyvt\u00e1r, Lev\u00e9lt\u00e1r \u00e9s M\u00fazeum","og_description":"Az el\u0151fizetett e-k\u00f6nyvek az \u00c1llatorvostudom\u00e1nyi Egyetem oktat\u00f3i, kutat\u00f3i, dolgoz\u00f3i \u00e9s a hallgat\u00f3k sz\u00e1m\u00e1ra VPN hozz\u00e1f\u00e9r\u00e9ssel otthonr\u00f3l is el\u00e9rhet\u0151k.\u00a0Inform\u00e1ci\u00f3k a VPN-r\u0151l itt tal\u00e1lhat\u00f3k. Akad\u00e9miai Kiad\u00f3 &#8211; MERSZ e-k\u00f6nyvcsomag: Az Akad\u00e9miai Kiad\u00f3 Magyar Elektronikus Referenciam\u0171 Szolg\u00e1ltat\u00e1sa t\u00f6bb sz\u00e1z, z\u00f6mmel magyar nyelv\u0171 k\u00e9zik\u00f6nyvet, szakk\u00f6nyvet, fels\u0151oktat\u00e1si tank\u00f6nyvet \u00e9s jegyzetet tartalmaz teljes sz\u00f6veggel. A fel\u00fcleten a kiadv\u00e1nyok kereshet\u0151, egy\u00e9nileg jegyzetelhet\u0151,","og_url":"https:\/\/univet.hu\/konyvtar\/forrasok\/e-konyvek\/","og_site_name":"Hut\u00ffra Ferenc K\u00f6nyvt\u00e1r, Lev\u00e9lt\u00e1r \u00e9s M\u00fazeum","article_modified_time":"2026-02-12T11:43:44+00:00","twitter_card":"summary_large_image","twitter_misc":{"Becs\u00fclt olvas\u00e1si id\u0151":"2 perc"},"schema":{"@context":"https:\/\/schema.org","@graph":[{"@type":"WebPage","@id":"https:\/\/univet.hu\/konyvtar\/forrasok\/e-konyvek\/","url":"https:\/\/univet.hu\/konyvtar\/forrasok\/e-konyvek\/","name":"E-k\u00f6nyvek - Hut\u00ffra Ferenc K\u00f6nyvt\u00e1r, Lev\u00e9lt\u00e1r \u00e9s M\u00fazeum","isPartOf":{"@id":"https:\/\/univet.hu\/konyvtar\/#website"},"datePublished":"2025-07-09T10:38:41+00:00","dateModified":"2026-02-12T11:43:44+00:00","breadcrumb":{"@id":"https:\/\/univet.hu\/konyvtar\/forrasok\/e-konyvek\/#breadcrumb"},"inLanguage":"hu","potentialAction":[{"@type":"ReadAction","target":["https:\/\/univet.hu\/konyvtar\/forrasok\/e-konyvek\/"]}]},{"@type":"BreadcrumbList","@id":"https:\/\/univet.hu\/konyvtar\/forrasok\/e-konyvek\/#breadcrumb","itemListElement":[{"@type":"ListItem","position":1,"name":"Kezd\u0151lap","item":"https:\/\/univet.hu\/konyvtar\/"},{"@type":"ListItem","position":2,"name":"Forr\u00e1sok","item":"https:\/\/univet.hu\/konyvtar\/forrasok\/"},{"@type":"ListItem","position":3,"name":"E-k\u00f6nyvek"}]},{"@type":"WebSite","@id":"https:\/\/univet.hu\/konyvtar\/#website","url":"https:\/\/univet.hu\/konyvtar\/","name":"Hut\u00ffra Ferenc K\u00f6nyvt\u00e1r, Lev\u00e9lt\u00e1r \u00e9s M\u00fazeum","description":"","potentialAction":[{"@type":"SearchAction","target":{"@type":"EntryPoint","urlTemplate":"https:\/\/univet.hu\/konyvtar\/?s={search_term_string}"},"query-input":{"@type":"PropertyValueSpecification","valueRequired":true,"valueName":"search_term_string"}}],"inLanguage":"hu"}]}},"_links":{"self":[{"href":"https:\/\/univet.hu\/konyvtar\/wp-json\/wp\/v2\/pages\/153","targetHints":{"allow":["GET"]}}],"collection":[{"href":"https:\/\/univet.hu\/konyvtar\/wp-json\/wp\/v2\/pages"}],"about":[{"href":"https:\/\/univet.hu\/konyvtar\/wp-json\/wp\/v2\/types\/page"}],"author":[{"embeddable":true,"href":"https:\/\/univet.hu\/konyvtar\/wp-json\/wp\/v2\/users\/58"}],"replies":[{"embeddable":true,"href":"https:\/\/univet.hu\/konyvtar\/wp-json\/wp\/v2\/comments?post=153"}],"version-history":[{"count":4,"href":"https:\/\/univet.hu\/konyvtar\/wp-json\/wp\/v2\/pages\/153\/revisions"}],"predecessor-version":[{"id":1337,"href":"https:\/\/univet.hu\/konyvtar\/wp-json\/wp\/v2\/pages\/153\/revisions\/1337"}],"up":[{"embeddable":true,"href":"https:\/\/univet.hu\/konyvtar\/wp-json\/wp\/v2\/pages\/96"}],"wp:attachment":[{"href":"https:\/\/univet.hu\/konyvtar\/wp-json\/wp\/v2\/media?parent=153"}],"wp:term":[{"taxonomy":"category","embeddable":true,"href":"https:\/\/univet.hu\/konyvtar\/wp-json\/wp\/v2\/categories?post=153"},{"taxonomy":"post_tag","embeddable":true,"href":"https:\/\/univet.hu\/konyvtar\/wp-json\/wp\/v2\/tags?post=153"}],"curies":[{"name":"wp","href":"https:\/\/api.w.org\/{rel}","templated":true}]}}