{"id":156,"date":"2025-07-09T12:41:44","date_gmt":"2025-07-09T10:41:44","guid":{"rendered":"https:\/\/univet.hu\/konyvtar\/?page_id=156"},"modified":"2026-01-12T13:54:49","modified_gmt":"2026-01-12T12:54:49","slug":"repozitorium","status":"publish","type":"page","link":"https:\/\/univet.hu\/konyvtar\/forrasok\/repozitorium\/","title":{"rendered":"Repozit\u00f3rium"},"content":{"rendered":"<p>A\u00a0<b>HuVetA Magyar \u00c1llatorvos-tudom\u00e1nyi Arch\u00edvum<\/b>\u00a0az \u00c1llatorvostudom\u00e1nyi Egyetem publik\u00e1ci\u00f3s t\u00e1ra. C\u00e9lja, hogy a magyar \u00e1llatorvos-tudom\u00e1ny \u00e9s -t\u00f6rt\u00e9net dokumentumait, az egyetem tud\u00e1svagyon\u00e1t elektronikus form\u00e1ban \u00f6sszegy\u0171jtse, rendszerezze, meg\u0151rizze, kereshet\u0151v\u00e9 \u00e9s hozz\u00e1f\u00e9rhet\u0151v\u00e9 tegye.<\/p> <div class=\"flex max-w-full flex-col grow\"> <div class=\"min-h-8 text-message relative flex w-full flex-col items-end gap-2 text-start break-words whitespace-normal [.text-message+&amp;]:mt-5\" dir=\"auto\" data-message-author-role=\"assistant\" data-message-id=\"9c383df3-1689-4df6-96f9-e19053fabc87\" data-message-model-slug=\"gpt-4-1\"> <div class=\"flex w-full flex-col gap-1 empty:hidden first:pt-[3px]\"> <div class=\"markdown prose dark:prose-invert w-full break-words light\"> <p data-start=\"0\" data-end=\"382\" data-is-last-node=\"\" data-is-only-node=\"\">A repozit\u00f3rium \u00e1ltal\u00e1noss\u00e1gban egy olyan digit\u00e1lis gy\u0171jtem\u00e9ny, amelyben tudom\u00e1nyos m\u0171veket, publik\u00e1ci\u00f3kat, adatokat vagy egy\u00e9b dokumentumokat t\u00e1rolnak \u00e9s tesznek el\u00e9rhet\u0151v\u00e9. Els\u0151dleges c\u00e9lja, hogy az int\u00e9zm\u00e9nyi vagy szakter\u00fcleti tud\u00e1st rendszerezve, hossz\u00fa t\u00e1von, online hozz\u00e1f\u00e9rhet\u0151v\u00e9 tegye. A repozit\u00f3riumok gyakran ny\u00edlt hozz\u00e1f\u00e9r\u00e9st biztos\u00edtanak, el\u0151seg\u00edtve a tud\u00e1s szabad megoszt\u00e1s\u00e1t \u00e9s terjeszt\u00e9s\u00e9t.<\/p> <\/div> <\/div> <\/div> <\/div> <p style=\"text-align: center\"><strong><a href=\"http:\/\/huveta.hu\/\" target=\"_blank\" rel=\"noopener\">Bel\u00e9p\u00e9s a HuVetA repozit\u00f3riumba<\/a><\/strong><\/p> <p><a href=\"http:\/\/huveta.hu\/\" target=\"_blank\" rel=\"noopener\"><img loading=\"lazy\" decoding=\"async\" class=\"size-full wp-image-157 aligncenter\" src=\"https:\/\/univet.hu\/konyvtar\/wp-content\/uploads\/sites\/17\/2025\/07\/HuVetA-LogoColor-293x300-1.jpg\" alt=\"\" width=\"293\" height=\"300\" \/><\/a><\/p>","protected":false},"excerpt":{"rendered":"<p>A\u00a0HuVetA Magyar \u00c1llatorvos-tudom\u00e1nyi Arch\u00edvum\u00a0az \u00c1llatorvostudom\u00e1nyi Egyetem publik\u00e1ci\u00f3s t\u00e1ra. C\u00e9lja, hogy a magyar \u00e1llatorvos-tudom\u00e1ny \u00e9s -t\u00f6rt\u00e9net dokumentumait, az egyetem tud\u00e1svagyon\u00e1t elektronikus form\u00e1ban \u00f6sszegy\u0171jtse, rendszerezze, meg\u0151rizze, kereshet\u0151v\u00e9 \u00e9s hozz\u00e1f\u00e9rhet\u0151v\u00e9 tegye. A repozit\u00f3rium \u00e1ltal\u00e1noss\u00e1gban egy olyan digit\u00e1lis gy\u0171jtem\u00e9ny, amelyben tudom\u00e1nyos m\u0171veket, publik\u00e1ci\u00f3kat, adatokat vagy egy\u00e9b dokumentumokat t\u00e1rolnak \u00e9s tesznek el\u00e9rhet\u0151v\u00e9. Els\u0151dleges c\u00e9lja, hogy az int\u00e9zm\u00e9nyi vagy szakter\u00fcleti tud\u00e1st<\/p>\n","protected":false},"author":58,"featured_media":0,"parent":96,"menu_order":0,"comment_status":"closed","ping_status":"closed","template":"","meta":{"_acf_changed":false,"_eb_attr":"","footnotes":""},"categories":[18],"tags":[],"class_list":["post-156","page","type-page","status-publish","hentry","category-forrasok"],"acf":[],"yoast_head":"<!-- This site is optimized with the Yoast SEO plugin v27.2 - https:\/\/yoast.com\/product\/yoast-seo-wordpress\/ -->\n<title>Repozit\u00f3rium - Hut\u00ffra Ferenc K\u00f6nyvt\u00e1r, Lev\u00e9lt\u00e1r \u00e9s M\u00fazeum<\/title>\n<meta name=\"robots\" content=\"index, follow, max-snippet:-1, max-image-preview:large, max-video-preview:-1\" \/>\n<link rel=\"canonical\" href=\"https:\/\/univet.hu\/konyvtar\/forrasok\/repozitorium\/\" \/>\n<meta property=\"og:locale\" content=\"hu_HU\" \/>\n<meta property=\"og:type\" content=\"article\" \/>\n<meta property=\"og:title\" content=\"Repozit\u00f3rium - Hut\u00ffra Ferenc K\u00f6nyvt\u00e1r, Lev\u00e9lt\u00e1r \u00e9s M\u00fazeum\" \/>\n<meta property=\"og:description\" content=\"A\u00a0HuVetA Magyar \u00c1llatorvos-tudom\u00e1nyi Arch\u00edvum\u00a0az \u00c1llatorvostudom\u00e1nyi Egyetem publik\u00e1ci\u00f3s t\u00e1ra. C\u00e9lja, hogy a magyar \u00e1llatorvos-tudom\u00e1ny \u00e9s -t\u00f6rt\u00e9net dokumentumait, az egyetem tud\u00e1svagyon\u00e1t elektronikus form\u00e1ban \u00f6sszegy\u0171jtse, rendszerezze, meg\u0151rizze, kereshet\u0151v\u00e9 \u00e9s hozz\u00e1f\u00e9rhet\u0151v\u00e9 tegye. A repozit\u00f3rium \u00e1ltal\u00e1noss\u00e1gban egy olyan digit\u00e1lis gy\u0171jtem\u00e9ny, amelyben tudom\u00e1nyos m\u0171veket, publik\u00e1ci\u00f3kat, adatokat vagy egy\u00e9b dokumentumokat t\u00e1rolnak \u00e9s tesznek el\u00e9rhet\u0151v\u00e9. Els\u0151dleges c\u00e9lja, hogy az int\u00e9zm\u00e9nyi vagy szakter\u00fcleti tud\u00e1st\" \/>\n<meta property=\"og:url\" content=\"https:\/\/univet.hu\/konyvtar\/forrasok\/repozitorium\/\" \/>\n<meta property=\"og:site_name\" content=\"Hut\u00ffra Ferenc K\u00f6nyvt\u00e1r, Lev\u00e9lt\u00e1r \u00e9s M\u00fazeum\" \/>\n<meta property=\"article:modified_time\" content=\"2026-01-12T12:54:49+00:00\" \/>\n<meta property=\"og:image\" content=\"https:\/\/univet.hu\/konyvtar\/wp-content\/uploads\/sites\/17\/2025\/07\/HuVetA-LogoColor-293x300-1.jpg\" \/>\n\t<meta property=\"og:image:width\" content=\"293\" \/>\n\t<meta property=\"og:image:height\" content=\"300\" \/>\n\t<meta property=\"og:image:type\" content=\"image\/jpeg\" \/>\n<meta name=\"twitter:card\" content=\"summary_large_image\" \/>\n<meta name=\"twitter:label1\" content=\"Becs\u00fclt olvas\u00e1si id\u0151\" \/>\n\t<meta name=\"twitter:data1\" content=\"1 perc\" \/>\n<script type=\"application\/ld+json\" class=\"yoast-schema-graph\">{\"@context\":\"https:\/\/schema.org\",\"@graph\":[{\"@type\":\"WebPage\",\"@id\":\"https:\/\/univet.hu\/konyvtar\/forrasok\/repozitorium\/\",\"url\":\"https:\/\/univet.hu\/konyvtar\/forrasok\/repozitorium\/\",\"name\":\"Repozit\u00f3rium - Hut\u00ffra Ferenc K\u00f6nyvt\u00e1r, Lev\u00e9lt\u00e1r \u00e9s M\u00fazeum\",\"isPartOf\":{\"@id\":\"https:\/\/univet.hu\/konyvtar\/#website\"},\"primaryImageOfPage\":{\"@id\":\"https:\/\/univet.hu\/konyvtar\/forrasok\/repozitorium\/#primaryimage\"},\"image\":{\"@id\":\"https:\/\/univet.hu\/konyvtar\/forrasok\/repozitorium\/#primaryimage\"},\"thumbnailUrl\":\"https:\/\/univet.hu\/konyvtar\/wp-content\/uploads\/sites\/17\/2025\/07\/HuVetA-LogoColor-293x300-1.jpg\",\"datePublished\":\"2025-07-09T10:41:44+00:00\",\"dateModified\":\"2026-01-12T12:54:49+00:00\",\"breadcrumb\":{\"@id\":\"https:\/\/univet.hu\/konyvtar\/forrasok\/repozitorium\/#breadcrumb\"},\"inLanguage\":\"hu\",\"potentialAction\":[{\"@type\":\"ReadAction\",\"target\":[\"https:\/\/univet.hu\/konyvtar\/forrasok\/repozitorium\/\"]}]},{\"@type\":\"ImageObject\",\"inLanguage\":\"hu\",\"@id\":\"https:\/\/univet.hu\/konyvtar\/forrasok\/repozitorium\/#primaryimage\",\"url\":\"https:\/\/univet.hu\/konyvtar\/wp-content\/uploads\/sites\/17\/2025\/07\/HuVetA-LogoColor-293x300-1.jpg\",\"contentUrl\":\"https:\/\/univet.hu\/konyvtar\/wp-content\/uploads\/sites\/17\/2025\/07\/HuVetA-LogoColor-293x300-1.jpg\",\"width\":293,\"height\":300},{\"@type\":\"BreadcrumbList\",\"@id\":\"https:\/\/univet.hu\/konyvtar\/forrasok\/repozitorium\/#breadcrumb\",\"itemListElement\":[{\"@type\":\"ListItem\",\"position\":1,\"name\":\"Kezd\u0151lap\",\"item\":\"https:\/\/univet.hu\/konyvtar\/\"},{\"@type\":\"ListItem\",\"position\":2,\"name\":\"Forr\u00e1sok\",\"item\":\"https:\/\/univet.hu\/konyvtar\/forrasok\/\"},{\"@type\":\"ListItem\",\"position\":3,\"name\":\"Repozit\u00f3rium\"}]},{\"@type\":\"WebSite\",\"@id\":\"https:\/\/univet.hu\/konyvtar\/#website\",\"url\":\"https:\/\/univet.hu\/konyvtar\/\",\"name\":\"Hut\u00ffra Ferenc K\u00f6nyvt\u00e1r, Lev\u00e9lt\u00e1r \u00e9s M\u00fazeum\",\"description\":\"\",\"potentialAction\":[{\"@type\":\"SearchAction\",\"target\":{\"@type\":\"EntryPoint\",\"urlTemplate\":\"https:\/\/univet.hu\/konyvtar\/?s={search_term_string}\"},\"query-input\":{\"@type\":\"PropertyValueSpecification\",\"valueRequired\":true,\"valueName\":\"search_term_string\"}}],\"inLanguage\":\"hu\"}]}<\/script>\n<!-- \/ Yoast SEO plugin. -->","yoast_head_json":{"title":"Repozit\u00f3rium - Hut\u00ffra Ferenc K\u00f6nyvt\u00e1r, Lev\u00e9lt\u00e1r \u00e9s M\u00fazeum","robots":{"index":"index","follow":"follow","max-snippet":"max-snippet:-1","max-image-preview":"max-image-preview:large","max-video-preview":"max-video-preview:-1"},"canonical":"https:\/\/univet.hu\/konyvtar\/forrasok\/repozitorium\/","og_locale":"hu_HU","og_type":"article","og_title":"Repozit\u00f3rium - Hut\u00ffra Ferenc K\u00f6nyvt\u00e1r, Lev\u00e9lt\u00e1r \u00e9s M\u00fazeum","og_description":"A\u00a0HuVetA Magyar \u00c1llatorvos-tudom\u00e1nyi Arch\u00edvum\u00a0az \u00c1llatorvostudom\u00e1nyi Egyetem publik\u00e1ci\u00f3s t\u00e1ra. C\u00e9lja, hogy a magyar \u00e1llatorvos-tudom\u00e1ny \u00e9s -t\u00f6rt\u00e9net dokumentumait, az egyetem tud\u00e1svagyon\u00e1t elektronikus form\u00e1ban \u00f6sszegy\u0171jtse, rendszerezze, meg\u0151rizze, kereshet\u0151v\u00e9 \u00e9s hozz\u00e1f\u00e9rhet\u0151v\u00e9 tegye. A repozit\u00f3rium \u00e1ltal\u00e1noss\u00e1gban egy olyan digit\u00e1lis gy\u0171jtem\u00e9ny, amelyben tudom\u00e1nyos m\u0171veket, publik\u00e1ci\u00f3kat, adatokat vagy egy\u00e9b dokumentumokat t\u00e1rolnak \u00e9s tesznek el\u00e9rhet\u0151v\u00e9. Els\u0151dleges c\u00e9lja, hogy az int\u00e9zm\u00e9nyi vagy szakter\u00fcleti tud\u00e1st","og_url":"https:\/\/univet.hu\/konyvtar\/forrasok\/repozitorium\/","og_site_name":"Hut\u00ffra Ferenc K\u00f6nyvt\u00e1r, Lev\u00e9lt\u00e1r \u00e9s M\u00fazeum","article_modified_time":"2026-01-12T12:54:49+00:00","og_image":[{"width":293,"height":300,"url":"https:\/\/univet.hu\/konyvtar\/wp-content\/uploads\/sites\/17\/2025\/07\/HuVetA-LogoColor-293x300-1.jpg","type":"image\/jpeg"}],"twitter_card":"summary_large_image","twitter_misc":{"Becs\u00fclt olvas\u00e1si id\u0151":"1 perc"},"schema":{"@context":"https:\/\/schema.org","@graph":[{"@type":"WebPage","@id":"https:\/\/univet.hu\/konyvtar\/forrasok\/repozitorium\/","url":"https:\/\/univet.hu\/konyvtar\/forrasok\/repozitorium\/","name":"Repozit\u00f3rium - Hut\u00ffra Ferenc K\u00f6nyvt\u00e1r, Lev\u00e9lt\u00e1r \u00e9s M\u00fazeum","isPartOf":{"@id":"https:\/\/univet.hu\/konyvtar\/#website"},"primaryImageOfPage":{"@id":"https:\/\/univet.hu\/konyvtar\/forrasok\/repozitorium\/#primaryimage"},"image":{"@id":"https:\/\/univet.hu\/konyvtar\/forrasok\/repozitorium\/#primaryimage"},"thumbnailUrl":"https:\/\/univet.hu\/konyvtar\/wp-content\/uploads\/sites\/17\/2025\/07\/HuVetA-LogoColor-293x300-1.jpg","datePublished":"2025-07-09T10:41:44+00:00","dateModified":"2026-01-12T12:54:49+00:00","breadcrumb":{"@id":"https:\/\/univet.hu\/konyvtar\/forrasok\/repozitorium\/#breadcrumb"},"inLanguage":"hu","potentialAction":[{"@type":"ReadAction","target":["https:\/\/univet.hu\/konyvtar\/forrasok\/repozitorium\/"]}]},{"@type":"ImageObject","inLanguage":"hu","@id":"https:\/\/univet.hu\/konyvtar\/forrasok\/repozitorium\/#primaryimage","url":"https:\/\/univet.hu\/konyvtar\/wp-content\/uploads\/sites\/17\/2025\/07\/HuVetA-LogoColor-293x300-1.jpg","contentUrl":"https:\/\/univet.hu\/konyvtar\/wp-content\/uploads\/sites\/17\/2025\/07\/HuVetA-LogoColor-293x300-1.jpg","width":293,"height":300},{"@type":"BreadcrumbList","@id":"https:\/\/univet.hu\/konyvtar\/forrasok\/repozitorium\/#breadcrumb","itemListElement":[{"@type":"ListItem","position":1,"name":"Kezd\u0151lap","item":"https:\/\/univet.hu\/konyvtar\/"},{"@type":"ListItem","position":2,"name":"Forr\u00e1sok","item":"https:\/\/univet.hu\/konyvtar\/forrasok\/"},{"@type":"ListItem","position":3,"name":"Repozit\u00f3rium"}]},{"@type":"WebSite","@id":"https:\/\/univet.hu\/konyvtar\/#website","url":"https:\/\/univet.hu\/konyvtar\/","name":"Hut\u00ffra Ferenc K\u00f6nyvt\u00e1r, Lev\u00e9lt\u00e1r \u00e9s M\u00fazeum","description":"","potentialAction":[{"@type":"SearchAction","target":{"@type":"EntryPoint","urlTemplate":"https:\/\/univet.hu\/konyvtar\/?s={search_term_string}"},"query-input":{"@type":"PropertyValueSpecification","valueRequired":true,"valueName":"search_term_string"}}],"inLanguage":"hu"}]}},"_links":{"self":[{"href":"https:\/\/univet.hu\/konyvtar\/wp-json\/wp\/v2\/pages\/156","targetHints":{"allow":["GET"]}}],"collection":[{"href":"https:\/\/univet.hu\/konyvtar\/wp-json\/wp\/v2\/pages"}],"about":[{"href":"https:\/\/univet.hu\/konyvtar\/wp-json\/wp\/v2\/types\/page"}],"author":[{"embeddable":true,"href":"https:\/\/univet.hu\/konyvtar\/wp-json\/wp\/v2\/users\/58"}],"replies":[{"embeddable":true,"href":"https:\/\/univet.hu\/konyvtar\/wp-json\/wp\/v2\/comments?post=156"}],"version-history":[{"count":2,"href":"https:\/\/univet.hu\/konyvtar\/wp-json\/wp\/v2\/pages\/156\/revisions"}],"predecessor-version":[{"id":161,"href":"https:\/\/univet.hu\/konyvtar\/wp-json\/wp\/v2\/pages\/156\/revisions\/161"}],"up":[{"embeddable":true,"href":"https:\/\/univet.hu\/konyvtar\/wp-json\/wp\/v2\/pages\/96"}],"wp:attachment":[{"href":"https:\/\/univet.hu\/konyvtar\/wp-json\/wp\/v2\/media?parent=156"}],"wp:term":[{"taxonomy":"category","embeddable":true,"href":"https:\/\/univet.hu\/konyvtar\/wp-json\/wp\/v2\/categories?post=156"},{"taxonomy":"post_tag","embeddable":true,"href":"https:\/\/univet.hu\/konyvtar\/wp-json\/wp\/v2\/tags?post=156"}],"curies":[{"name":"wp","href":"https:\/\/api.w.org\/{rel}","templated":true}]}}