{"id":235,"date":"2025-07-09T13:17:04","date_gmt":"2025-07-09T11:17:04","guid":{"rendered":"https:\/\/univet.hu\/konyvtar\/?page_id=235"},"modified":"2026-01-12T13:54:50","modified_gmt":"2026-01-12T12:54:50","slug":"alap-informaciok","status":"publish","type":"page","link":"https:\/\/univet.hu\/konyvtar\/leveltar\/alap-informaciok\/","title":{"rendered":"Alap inform\u00e1ci\u00f3k"},"content":{"rendered":"<p><strong>Lev\u00e9lt\u00e1ros:<\/strong>\u00a0Boz\u00f3 Bence<\/p> <p><strong>C\u00edm:<\/strong>\u00a01078 Budapest, Istv\u00e1n u. 2.<\/p> <p><strong>K\u00f6zponti telefon\u00a0a k\u00f6nyvt\u00e1r titk\u00e1rs\u00e1g\u00e1ra:<\/strong>\u00a0+36 1 478 4100 \/ 8800<\/p> <p><strong>Email:<\/strong>\u00a0<a class=\"decrypt\" rel=\"cp{p\/cfodfAvojwfu\/iv\" href=\"javascript:void(0);\">[Kattintson az emailc\u00edmhez]<\/a><\/p> <p><strong>Nyitva tart\u00e1s:<\/strong><\/p> <ul> <li>H\u00e9tf\u0151: 8.30-15.30<\/li> <li>Kedd: 8.30-15.30<\/li> <li>Szerda: 8.30-15.30<\/li> <li>Cs\u00fct\u00f6rt\u00f6k: 8.30-15.30<\/li> <li>P\u00e9ntek: 9.00-11.00<\/li> <\/ul> <p><a href=\"https:\/\/univet.hu\/konyvtar\/wp-content\/uploads\/sites\/17\/2025\/07\/Tajekoztato_leveltar.pdf\" target=\"_blank\" rel=\"noopener\">Adatkezel\u00e9si t\u00e1j\u00e9koztat\u00f3 az \u00c1llatorvostudom\u00e1nyi Egyetem Lev\u00e9lt\u00e1r\u00e1ban kutat\u00f3k szem\u00e9lyes adatainak kezel\u00e9s\u00e9r\u0151l<\/a><\/p> <p><strong>P\u00e1ly\u00e1zatok szakmai besz\u00e1mol\u00f3i:<\/strong><\/p> <ul> <li>Szakmai besz\u00e1mol\u00f3 A Szent Istv\u00e1n Egyetem \u00c1llatorvos-tudom\u00e1nyi Kar lev\u00e9lt\u00e1ra 13 pergamen oklevel\u00e9nek restaur\u00e1l\u00e1s\u00e1ra elnyert 204111\/03884 azonos\u00edt\u00f3 sz\u00e1m\u00fa p\u00e1ly\u00e1zatr\u00f3l<\/li> <li><a href=\"https:\/\/univet.hu\/konyvtar\/wp-content\/uploads\/sites\/17\/2025\/07\/szakbesz2.pdf\" target=\"_blank\" rel=\"noopener\">Adatkezel\u00e9si t\u00e1j\u00e9koztat\u00f3 az \u00c1llatorvostudom\u00e1nyi Egyetem Lev\u00e9lt\u00e1r\u00e1ban kutat\u00f3k szem\u00e9lyes adatainak kezel\u00e9s\u00e9r\u0151l<\/a><\/li> <\/ul> <p><strong>\u00c9ves besz\u00e1mol\u00f3k:<\/strong><\/p> <p>A Lev\u00e9lt\u00e1r munk\u00e1j\u00e1t is \u00f6sszefoglal\u00f3 int\u00e9zm\u00e9nyi \u00e9ves besz\u00e1mol\u00f3k az Egyetem bels\u0151 h\u00e1l\u00f3zat\u00e1n tal\u00e1lhat\u00f3k.<\/p> <p><strong>Jogszab\u00e1lyok:<\/strong><\/p> <ul> <li><a href=\"http:\/\/www.complex.hu\/jr\/gen\/hjegy_doc.cgi?docid=99500066.TV\" target=\"_blank\" rel=\"noopener noreferrer\">1995. \u00e9vi LXVI. t\u00f6rv\u00e9ny a k\u00f6ziratokr\u00f3l, a k\u00f6zlev\u00e9lt\u00e1rakr\u00f3l \u00e9s a mag\u00e1nlev\u00e9lt\u00e1ri anyag v\u00e9delm\u00e9r\u0151l<\/a><\/li> <li><a href=\"http:\/\/www.complex.hu\/jr\/gen\/hjegy_doc.cgi?docid=A0200010.NKM\" target=\"_blank\" rel=\"noopener noreferrer\">10\/2002. (IV. 13.) NK\u00d6M rendelet a k\u00f6zlev\u00e9lt\u00e1rak \u00e9s a nyilv\u00e1nos mag\u00e1nlev\u00e9lt\u00e1rak tev\u00e9kenys\u00e9g\u00e9vel \u00f6sszef\u00fcgg\u0151 szakmai k\u00f6vetelm\u00e9nyekr\u0151l<\/a><\/li> <li><a href=\"http:\/\/net.jogtar.hu\/jr\/gen\/hjegy_doc.cgi?docid=A1100112.TV\" target=\"_blank\" rel=\"noopener noreferrer\">2011. \u00e9vi CXII. t\u00f6rv\u00e9ny az inform\u00e1ci\u00f3s \u00f6nrendelkez\u00e9si jogr\u00f3l \u00e9s az inform\u00e1ci\u00f3szabads\u00e1gr\u00f3l<\/a><\/li> <\/ul>","protected":false},"excerpt":{"rendered":"<p>Lev\u00e9lt\u00e1ros:\u00a0Boz\u00f3 Bence C\u00edm:\u00a01078 Budapest, Istv\u00e1n u. 2. K\u00f6zponti telefon\u00a0a k\u00f6nyvt\u00e1r titk\u00e1rs\u00e1g\u00e1ra:\u00a0+36 1 478 4100 \/ 8800 Email:\u00a0[Kattintson az emailc\u00edmhez] Nyitva tart\u00e1s: H\u00e9tf\u0151: 8.30-15.30 Kedd: 8.30-15.30 Szerda: 8.30-15.30 Cs\u00fct\u00f6rt\u00f6k: 8.30-15.30 P\u00e9ntek: 9.00-11.00 Adatkezel\u00e9si t\u00e1j\u00e9koztat\u00f3 az \u00c1llatorvostudom\u00e1nyi Egyetem Lev\u00e9lt\u00e1r\u00e1ban kutat\u00f3k szem\u00e9lyes adatainak kezel\u00e9s\u00e9r\u0151l P\u00e1ly\u00e1zatok szakmai besz\u00e1mol\u00f3i: Szakmai besz\u00e1mol\u00f3 A Szent Istv\u00e1n Egyetem \u00c1llatorvos-tudom\u00e1nyi Kar lev\u00e9lt\u00e1ra 13 pergamen<\/p>\n","protected":false},"author":58,"featured_media":0,"parent":233,"menu_order":0,"comment_status":"closed","ping_status":"closed","template":"","meta":{"_acf_changed":false,"_eb_attr":"","footnotes":""},"categories":[20],"tags":[],"class_list":["post-235","page","type-page","status-publish","hentry","category-leveltar"],"acf":[],"yoast_head":"<!-- This site is optimized with the Yoast SEO plugin v27.2 - https:\/\/yoast.com\/product\/yoast-seo-wordpress\/ -->\n<title>Alap inform\u00e1ci\u00f3k - Hut\u00ffra Ferenc K\u00f6nyvt\u00e1r, Lev\u00e9lt\u00e1r \u00e9s M\u00fazeum<\/title>\n<meta name=\"robots\" content=\"index, follow, max-snippet:-1, max-image-preview:large, max-video-preview:-1\" \/>\n<link rel=\"canonical\" href=\"https:\/\/univet.hu\/konyvtar\/leveltar\/alap-informaciok\/\" \/>\n<meta property=\"og:locale\" content=\"hu_HU\" \/>\n<meta property=\"og:type\" content=\"article\" \/>\n<meta property=\"og:title\" content=\"Alap inform\u00e1ci\u00f3k - Hut\u00ffra Ferenc K\u00f6nyvt\u00e1r, Lev\u00e9lt\u00e1r \u00e9s M\u00fazeum\" \/>\n<meta property=\"og:description\" content=\"Lev\u00e9lt\u00e1ros:\u00a0Boz\u00f3 Bence C\u00edm:\u00a01078 Budapest, Istv\u00e1n u. 2. K\u00f6zponti telefon\u00a0a k\u00f6nyvt\u00e1r titk\u00e1rs\u00e1g\u00e1ra:\u00a0+36 1 478 4100 \/ 8800 Email:\u00a0[Kattintson az emailc\u00edmhez] Nyitva tart\u00e1s: H\u00e9tf\u0151: 8.30-15.30 Kedd: 8.30-15.30 Szerda: 8.30-15.30 Cs\u00fct\u00f6rt\u00f6k: 8.30-15.30 P\u00e9ntek: 9.00-11.00 Adatkezel\u00e9si t\u00e1j\u00e9koztat\u00f3 az \u00c1llatorvostudom\u00e1nyi Egyetem Lev\u00e9lt\u00e1r\u00e1ban kutat\u00f3k szem\u00e9lyes adatainak kezel\u00e9s\u00e9r\u0151l P\u00e1ly\u00e1zatok szakmai besz\u00e1mol\u00f3i: Szakmai besz\u00e1mol\u00f3 A Szent Istv\u00e1n Egyetem \u00c1llatorvos-tudom\u00e1nyi Kar lev\u00e9lt\u00e1ra 13 pergamen\" \/>\n<meta property=\"og:url\" content=\"https:\/\/univet.hu\/konyvtar\/leveltar\/alap-informaciok\/\" \/>\n<meta property=\"og:site_name\" content=\"Hut\u00ffra Ferenc K\u00f6nyvt\u00e1r, Lev\u00e9lt\u00e1r \u00e9s M\u00fazeum\" \/>\n<meta property=\"article:modified_time\" content=\"2026-01-12T12:54:50+00:00\" \/>\n<meta name=\"twitter:card\" content=\"summary_large_image\" \/>\n<meta name=\"twitter:label1\" content=\"Becs\u00fclt olvas\u00e1si id\u0151\" \/>\n\t<meta name=\"twitter:data1\" content=\"1 perc\" \/>\n<script type=\"application\/ld+json\" class=\"yoast-schema-graph\">{\"@context\":\"https:\/\/schema.org\",\"@graph\":[{\"@type\":\"WebPage\",\"@id\":\"https:\/\/univet.hu\/konyvtar\/leveltar\/alap-informaciok\/\",\"url\":\"https:\/\/univet.hu\/konyvtar\/leveltar\/alap-informaciok\/\",\"name\":\"Alap inform\u00e1ci\u00f3k - Hut\u00ffra Ferenc K\u00f6nyvt\u00e1r, Lev\u00e9lt\u00e1r \u00e9s M\u00fazeum\",\"isPartOf\":{\"@id\":\"https:\/\/univet.hu\/konyvtar\/#website\"},\"datePublished\":\"2025-07-09T11:17:04+00:00\",\"dateModified\":\"2026-01-12T12:54:50+00:00\",\"breadcrumb\":{\"@id\":\"https:\/\/univet.hu\/konyvtar\/leveltar\/alap-informaciok\/#breadcrumb\"},\"inLanguage\":\"hu\",\"potentialAction\":[{\"@type\":\"ReadAction\",\"target\":[\"https:\/\/univet.hu\/konyvtar\/leveltar\/alap-informaciok\/\"]}]},{\"@type\":\"BreadcrumbList\",\"@id\":\"https:\/\/univet.hu\/konyvtar\/leveltar\/alap-informaciok\/#breadcrumb\",\"itemListElement\":[{\"@type\":\"ListItem\",\"position\":1,\"name\":\"Kezd\u0151lap\",\"item\":\"https:\/\/univet.hu\/konyvtar\/\"},{\"@type\":\"ListItem\",\"position\":2,\"name\":\"Lev\u00e9lt\u00e1r\",\"item\":\"https:\/\/univet.hu\/konyvtar\/leveltar\/\"},{\"@type\":\"ListItem\",\"position\":3,\"name\":\"Alap inform\u00e1ci\u00f3k\"}]},{\"@type\":\"WebSite\",\"@id\":\"https:\/\/univet.hu\/konyvtar\/#website\",\"url\":\"https:\/\/univet.hu\/konyvtar\/\",\"name\":\"Hut\u00ffra Ferenc K\u00f6nyvt\u00e1r, Lev\u00e9lt\u00e1r \u00e9s M\u00fazeum\",\"description\":\"\",\"potentialAction\":[{\"@type\":\"SearchAction\",\"target\":{\"@type\":\"EntryPoint\",\"urlTemplate\":\"https:\/\/univet.hu\/konyvtar\/?s={search_term_string}\"},\"query-input\":{\"@type\":\"PropertyValueSpecification\",\"valueRequired\":true,\"valueName\":\"search_term_string\"}}],\"inLanguage\":\"hu\"}]}<\/script>\n<!-- \/ Yoast SEO plugin. -->","yoast_head_json":{"title":"Alap inform\u00e1ci\u00f3k - Hut\u00ffra Ferenc K\u00f6nyvt\u00e1r, Lev\u00e9lt\u00e1r \u00e9s M\u00fazeum","robots":{"index":"index","follow":"follow","max-snippet":"max-snippet:-1","max-image-preview":"max-image-preview:large","max-video-preview":"max-video-preview:-1"},"canonical":"https:\/\/univet.hu\/konyvtar\/leveltar\/alap-informaciok\/","og_locale":"hu_HU","og_type":"article","og_title":"Alap inform\u00e1ci\u00f3k - Hut\u00ffra Ferenc K\u00f6nyvt\u00e1r, Lev\u00e9lt\u00e1r \u00e9s M\u00fazeum","og_description":"Lev\u00e9lt\u00e1ros:\u00a0Boz\u00f3 Bence C\u00edm:\u00a01078 Budapest, Istv\u00e1n u. 2. K\u00f6zponti telefon\u00a0a k\u00f6nyvt\u00e1r titk\u00e1rs\u00e1g\u00e1ra:\u00a0+36 1 478 4100 \/ 8800 Email:\u00a0[Kattintson az emailc\u00edmhez] Nyitva tart\u00e1s: H\u00e9tf\u0151: 8.30-15.30 Kedd: 8.30-15.30 Szerda: 8.30-15.30 Cs\u00fct\u00f6rt\u00f6k: 8.30-15.30 P\u00e9ntek: 9.00-11.00 Adatkezel\u00e9si t\u00e1j\u00e9koztat\u00f3 az \u00c1llatorvostudom\u00e1nyi Egyetem Lev\u00e9lt\u00e1r\u00e1ban kutat\u00f3k szem\u00e9lyes adatainak kezel\u00e9s\u00e9r\u0151l P\u00e1ly\u00e1zatok szakmai besz\u00e1mol\u00f3i: Szakmai besz\u00e1mol\u00f3 A Szent Istv\u00e1n Egyetem \u00c1llatorvos-tudom\u00e1nyi Kar lev\u00e9lt\u00e1ra 13 pergamen","og_url":"https:\/\/univet.hu\/konyvtar\/leveltar\/alap-informaciok\/","og_site_name":"Hut\u00ffra Ferenc K\u00f6nyvt\u00e1r, Lev\u00e9lt\u00e1r \u00e9s M\u00fazeum","article_modified_time":"2026-01-12T12:54:50+00:00","twitter_card":"summary_large_image","twitter_misc":{"Becs\u00fclt olvas\u00e1si id\u0151":"1 perc"},"schema":{"@context":"https:\/\/schema.org","@graph":[{"@type":"WebPage","@id":"https:\/\/univet.hu\/konyvtar\/leveltar\/alap-informaciok\/","url":"https:\/\/univet.hu\/konyvtar\/leveltar\/alap-informaciok\/","name":"Alap inform\u00e1ci\u00f3k - Hut\u00ffra Ferenc K\u00f6nyvt\u00e1r, Lev\u00e9lt\u00e1r \u00e9s M\u00fazeum","isPartOf":{"@id":"https:\/\/univet.hu\/konyvtar\/#website"},"datePublished":"2025-07-09T11:17:04+00:00","dateModified":"2026-01-12T12:54:50+00:00","breadcrumb":{"@id":"https:\/\/univet.hu\/konyvtar\/leveltar\/alap-informaciok\/#breadcrumb"},"inLanguage":"hu","potentialAction":[{"@type":"ReadAction","target":["https:\/\/univet.hu\/konyvtar\/leveltar\/alap-informaciok\/"]}]},{"@type":"BreadcrumbList","@id":"https:\/\/univet.hu\/konyvtar\/leveltar\/alap-informaciok\/#breadcrumb","itemListElement":[{"@type":"ListItem","position":1,"name":"Kezd\u0151lap","item":"https:\/\/univet.hu\/konyvtar\/"},{"@type":"ListItem","position":2,"name":"Lev\u00e9lt\u00e1r","item":"https:\/\/univet.hu\/konyvtar\/leveltar\/"},{"@type":"ListItem","position":3,"name":"Alap inform\u00e1ci\u00f3k"}]},{"@type":"WebSite","@id":"https:\/\/univet.hu\/konyvtar\/#website","url":"https:\/\/univet.hu\/konyvtar\/","name":"Hut\u00ffra Ferenc K\u00f6nyvt\u00e1r, Lev\u00e9lt\u00e1r \u00e9s M\u00fazeum","description":"","potentialAction":[{"@type":"SearchAction","target":{"@type":"EntryPoint","urlTemplate":"https:\/\/univet.hu\/konyvtar\/?s={search_term_string}"},"query-input":{"@type":"PropertyValueSpecification","valueRequired":true,"valueName":"search_term_string"}}],"inLanguage":"hu"}]}},"_links":{"self":[{"href":"https:\/\/univet.hu\/konyvtar\/wp-json\/wp\/v2\/pages\/235","targetHints":{"allow":["GET"]}}],"collection":[{"href":"https:\/\/univet.hu\/konyvtar\/wp-json\/wp\/v2\/pages"}],"about":[{"href":"https:\/\/univet.hu\/konyvtar\/wp-json\/wp\/v2\/types\/page"}],"author":[{"embeddable":true,"href":"https:\/\/univet.hu\/konyvtar\/wp-json\/wp\/v2\/users\/58"}],"replies":[{"embeddable":true,"href":"https:\/\/univet.hu\/konyvtar\/wp-json\/wp\/v2\/comments?post=235"}],"version-history":[{"count":1,"href":"https:\/\/univet.hu\/konyvtar\/wp-json\/wp\/v2\/pages\/235\/revisions"}],"predecessor-version":[{"id":242,"href":"https:\/\/univet.hu\/konyvtar\/wp-json\/wp\/v2\/pages\/235\/revisions\/242"}],"up":[{"embeddable":true,"href":"https:\/\/univet.hu\/konyvtar\/wp-json\/wp\/v2\/pages\/233"}],"wp:attachment":[{"href":"https:\/\/univet.hu\/konyvtar\/wp-json\/wp\/v2\/media?parent=235"}],"wp:term":[{"taxonomy":"category","embeddable":true,"href":"https:\/\/univet.hu\/konyvtar\/wp-json\/wp\/v2\/categories?post=235"},{"taxonomy":"post_tag","embeddable":true,"href":"https:\/\/univet.hu\/konyvtar\/wp-json\/wp\/v2\/tags?post=235"}],"curies":[{"name":"wp","href":"https:\/\/api.w.org\/{rel}","templated":true}]}}