{"id":243,"date":"2025-07-09T13:19:22","date_gmt":"2025-07-09T11:19:22","guid":{"rendered":"https:\/\/univet.hu\/konyvtar\/?page_id=243"},"modified":"2026-01-12T13:54:50","modified_gmt":"2026-01-12T12:54:50","slug":"szolgaltatasaink","status":"publish","type":"page","link":"https:\/\/univet.hu\/konyvtar\/leveltar\/szolgaltatasaink\/","title":{"rendered":"Lev\u00e9lt\u00e1ri szolg\u00e1ltat\u00e1sok"},"content":{"rendered":"<p>A lev\u00e9lt\u00e1ri anyagok felt\u00f6lt\u00e9se folyamatosan t\u00f6rt\u00e9nik, addig k\u00e9rj\u00fck \u00e9rdekl\u0151djenek telefonon vagy e-mailben.<\/p> <p><strong>Kutat\u00f3szolg\u00e1lat<\/strong><\/p> <ul> <li>kutat\u00f3termi szab\u00e1lyzat<\/li> <li>nyitva tart\u00e1s<\/li> <li>m\u00e1solatk\u00e9sz\u00edt\u00e9s d\u00edjai<\/li> <\/ul> <p><strong>\u00dcgyf\u00e9lszolg\u00e1lat<\/strong><\/p> <p>\u00fcgyfeleink felkereshetnek minket<\/p> <ul> <li>szem\u00e9lyesen(<a class=\"decrypt\" rel=\"iuuqt;00xxx\/hpphmf\/iv0nbqt0qmbdf0Jtuw&D4&B2o,v\/,3-,Cvebqftu-,T{fou,Jtuw&D4&B2o,Fhzfufn-,T{fou,Jtuwbo,Vojwfstjuz-,21890A58\/614384:-2:\/1887359-28{0ebub>\"4n2\"5c2\"5n3\"4n2\"2t1y5852ed747b43795c;1y252g:56b:649f414\" href=\"javascript:void(0);\">[Kattintson az emailc\u00edmhez]<\/a>)<\/li> <li>lev\u00e9lben: \u00c1llatorvostudom\u00e1nyi Egyetem 1078 Bp. Istv\u00e1n u. 2. \u201cD\u201d \u00e9p\u00fclet<\/li> <li>telefonon: +36 1 \u00a0478 4100 \/ 8804 vagy 8800<\/li> <li>e-mailben: <a class=\"decrypt\" rel=\"cp{p\/cfodfAvojwfu\/iv\" href=\"javascript:void(0);\">[Kattintson az emailc\u00edmhez]<\/a><\/li> <\/ul> <p>\u00dcgyfeleinket t\u00e1j\u00e9koztatjuk a kutat\u00e1s menet\u00e9r\u0151l, tov\u00e1bb\u00e1 m\u00e1s lev\u00e9lt\u00e1rban\/k\u00f6zgy\u0171jtem\u00e9nyben a kutat\u00e1s lehet\u0151s\u00e9geir\u0151l.<\/p> <p><strong>Iratkezel\u00e9si tan\u00e1csad\u00e1s<\/strong><\/p> <p><strong>Nyitva tart\u00e1s:<\/strong><\/p> <ul> <li>H\u00e9tf\u0151: 8.30-15.30<\/li> <li>Kedd: 8.30-15.30<\/li> <li>Szerda: 8.30-15.30<\/li> <li>Cs\u00fct\u00f6rt\u00f6k: 8.30-15.30<\/li> <li>P\u00e9ntek: 9.00-11.00<\/li> <\/ul> <p><strong>M\u00e1solatk\u00e9sz\u00edt\u00e9s d\u00edjai:<\/strong><\/p> <p>A lev\u00e9lt\u00e1ri t\u00f6rv\u00e9ny alapj\u00e1n a lev\u00e9lt\u00e1ri iratanyagban a kutat\u00e1s ingyenes.<\/p> <table> <tbody> <tr> <td>M\u00e1sol\u00e1s<\/td> <td> <p>A4 fekete-feh\u00e9r egyoldalas: 25 Ft \/ oldal,<\/p> <p>A4 fekete-feh\u00e9r k\u00e9toldalas: 30 Ft \/ oldal,<\/td> <\/tr> <tr> <td>M\u00e1sol\u00e1s muze\u00e1lis anyagb\u00f3l<\/td> <td>90 Ft \/ oldal<\/td> <\/tr> <tr> <td>Szkennel\u00e9s megrendel\u00e9sre<\/td> <td>60 Ft \/ oldal<\/td> <\/tr> <\/tbody> <\/table> <p>&nbsp;<\/p>","protected":false},"excerpt":{"rendered":"<p>A lev\u00e9lt\u00e1ri anyagok felt\u00f6lt\u00e9se folyamatosan t\u00f6rt\u00e9nik, addig k\u00e9rj\u00fck \u00e9rdekl\u0151djenek telefonon vagy e-mailben. Kutat\u00f3szolg\u00e1lat kutat\u00f3termi szab\u00e1lyzat nyitva tart\u00e1s m\u00e1solatk\u00e9sz\u00edt\u00e9s d\u00edjai \u00dcgyf\u00e9lszolg\u00e1lat \u00fcgyfeleink felkereshetnek minket szem\u00e9lyesen(<\/p>\n","protected":false},"author":58,"featured_media":0,"parent":233,"menu_order":0,"comment_status":"closed","ping_status":"closed","template":"","meta":{"_acf_changed":false,"_eb_attr":"","footnotes":""},"categories":[20],"tags":[],"class_list":["post-243","page","type-page","status-publish","hentry","category-leveltar"],"acf":[],"yoast_head":"<!-- This site is optimized with the Yoast SEO plugin v27.2 - https:\/\/yoast.com\/product\/yoast-seo-wordpress\/ -->\n<title>Lev\u00e9lt\u00e1ri szolg\u00e1ltat\u00e1sok - Hut\u00ffra Ferenc K\u00f6nyvt\u00e1r, Lev\u00e9lt\u00e1r \u00e9s M\u00fazeum<\/title>\n<meta name=\"robots\" content=\"index, follow, max-snippet:-1, max-image-preview:large, max-video-preview:-1\" \/>\n<link rel=\"canonical\" href=\"https:\/\/univet.hu\/konyvtar\/leveltar\/szolgaltatasaink\/\" \/>\n<meta property=\"og:locale\" content=\"hu_HU\" \/>\n<meta property=\"og:type\" content=\"article\" \/>\n<meta property=\"og:title\" content=\"Lev\u00e9lt\u00e1ri szolg\u00e1ltat\u00e1sok - Hut\u00ffra Ferenc K\u00f6nyvt\u00e1r, Lev\u00e9lt\u00e1r \u00e9s M\u00fazeum\" \/>\n<meta property=\"og:description\" content=\"A lev\u00e9lt\u00e1ri anyagok felt\u00f6lt\u00e9se folyamatosan t\u00f6rt\u00e9nik, addig k\u00e9rj\u00fck \u00e9rdekl\u0151djenek telefonon vagy e-mailben. Kutat\u00f3szolg\u00e1lat kutat\u00f3termi szab\u00e1lyzat nyitva tart\u00e1s m\u00e1solatk\u00e9sz\u00edt\u00e9s d\u00edjai \u00dcgyf\u00e9lszolg\u00e1lat \u00fcgyfeleink felkereshetnek minket szem\u00e9lyesen(\" \/>\n<meta property=\"og:url\" content=\"https:\/\/univet.hu\/konyvtar\/leveltar\/szolgaltatasaink\/\" \/>\n<meta property=\"og:site_name\" content=\"Hut\u00ffra Ferenc K\u00f6nyvt\u00e1r, Lev\u00e9lt\u00e1r \u00e9s M\u00fazeum\" \/>\n<meta property=\"article:modified_time\" content=\"2026-01-12T12:54:50+00:00\" \/>\n<meta name=\"twitter:card\" content=\"summary_large_image\" \/>\n<meta name=\"twitter:label1\" content=\"Becs\u00fclt olvas\u00e1si id\u0151\" \/>\n\t<meta name=\"twitter:data1\" content=\"1 perc\" \/>\n<script type=\"application\/ld+json\" class=\"yoast-schema-graph\">{\"@context\":\"https:\/\/schema.org\",\"@graph\":[{\"@type\":\"WebPage\",\"@id\":\"https:\/\/univet.hu\/konyvtar\/leveltar\/szolgaltatasaink\/\",\"url\":\"https:\/\/univet.hu\/konyvtar\/leveltar\/szolgaltatasaink\/\",\"name\":\"Lev\u00e9lt\u00e1ri szolg\u00e1ltat\u00e1sok - Hut\u00ffra Ferenc K\u00f6nyvt\u00e1r, Lev\u00e9lt\u00e1r \u00e9s M\u00fazeum\",\"isPartOf\":{\"@id\":\"https:\/\/univet.hu\/konyvtar\/#website\"},\"datePublished\":\"2025-07-09T11:19:22+00:00\",\"dateModified\":\"2026-01-12T12:54:50+00:00\",\"breadcrumb\":{\"@id\":\"https:\/\/univet.hu\/konyvtar\/leveltar\/szolgaltatasaink\/#breadcrumb\"},\"inLanguage\":\"hu\",\"potentialAction\":[{\"@type\":\"ReadAction\",\"target\":[\"https:\/\/univet.hu\/konyvtar\/leveltar\/szolgaltatasaink\/\"]}]},{\"@type\":\"BreadcrumbList\",\"@id\":\"https:\/\/univet.hu\/konyvtar\/leveltar\/szolgaltatasaink\/#breadcrumb\",\"itemListElement\":[{\"@type\":\"ListItem\",\"position\":1,\"name\":\"Kezd\u0151lap\",\"item\":\"https:\/\/univet.hu\/konyvtar\/\"},{\"@type\":\"ListItem\",\"position\":2,\"name\":\"Lev\u00e9lt\u00e1r\",\"item\":\"https:\/\/univet.hu\/konyvtar\/leveltar\/\"},{\"@type\":\"ListItem\",\"position\":3,\"name\":\"Lev\u00e9lt\u00e1ri szolg\u00e1ltat\u00e1sok\"}]},{\"@type\":\"WebSite\",\"@id\":\"https:\/\/univet.hu\/konyvtar\/#website\",\"url\":\"https:\/\/univet.hu\/konyvtar\/\",\"name\":\"Hut\u00ffra Ferenc K\u00f6nyvt\u00e1r, Lev\u00e9lt\u00e1r \u00e9s M\u00fazeum\",\"description\":\"\",\"potentialAction\":[{\"@type\":\"SearchAction\",\"target\":{\"@type\":\"EntryPoint\",\"urlTemplate\":\"https:\/\/univet.hu\/konyvtar\/?s={search_term_string}\"},\"query-input\":{\"@type\":\"PropertyValueSpecification\",\"valueRequired\":true,\"valueName\":\"search_term_string\"}}],\"inLanguage\":\"hu\"}]}<\/script>\n<!-- \/ Yoast SEO plugin. -->","yoast_head_json":{"title":"Lev\u00e9lt\u00e1ri szolg\u00e1ltat\u00e1sok - Hut\u00ffra Ferenc K\u00f6nyvt\u00e1r, Lev\u00e9lt\u00e1r \u00e9s M\u00fazeum","robots":{"index":"index","follow":"follow","max-snippet":"max-snippet:-1","max-image-preview":"max-image-preview:large","max-video-preview":"max-video-preview:-1"},"canonical":"https:\/\/univet.hu\/konyvtar\/leveltar\/szolgaltatasaink\/","og_locale":"hu_HU","og_type":"article","og_title":"Lev\u00e9lt\u00e1ri szolg\u00e1ltat\u00e1sok - Hut\u00ffra Ferenc K\u00f6nyvt\u00e1r, Lev\u00e9lt\u00e1r \u00e9s M\u00fazeum","og_description":"A lev\u00e9lt\u00e1ri anyagok felt\u00f6lt\u00e9se folyamatosan t\u00f6rt\u00e9nik, addig k\u00e9rj\u00fck \u00e9rdekl\u0151djenek telefonon vagy e-mailben. Kutat\u00f3szolg\u00e1lat kutat\u00f3termi szab\u00e1lyzat nyitva tart\u00e1s m\u00e1solatk\u00e9sz\u00edt\u00e9s d\u00edjai \u00dcgyf\u00e9lszolg\u00e1lat \u00fcgyfeleink felkereshetnek minket szem\u00e9lyesen(","og_url":"https:\/\/univet.hu\/konyvtar\/leveltar\/szolgaltatasaink\/","og_site_name":"Hut\u00ffra Ferenc K\u00f6nyvt\u00e1r, Lev\u00e9lt\u00e1r \u00e9s M\u00fazeum","article_modified_time":"2026-01-12T12:54:50+00:00","twitter_card":"summary_large_image","twitter_misc":{"Becs\u00fclt olvas\u00e1si id\u0151":"1 perc"},"schema":{"@context":"https:\/\/schema.org","@graph":[{"@type":"WebPage","@id":"https:\/\/univet.hu\/konyvtar\/leveltar\/szolgaltatasaink\/","url":"https:\/\/univet.hu\/konyvtar\/leveltar\/szolgaltatasaink\/","name":"Lev\u00e9lt\u00e1ri szolg\u00e1ltat\u00e1sok - Hut\u00ffra Ferenc K\u00f6nyvt\u00e1r, Lev\u00e9lt\u00e1r \u00e9s M\u00fazeum","isPartOf":{"@id":"https:\/\/univet.hu\/konyvtar\/#website"},"datePublished":"2025-07-09T11:19:22+00:00","dateModified":"2026-01-12T12:54:50+00:00","breadcrumb":{"@id":"https:\/\/univet.hu\/konyvtar\/leveltar\/szolgaltatasaink\/#breadcrumb"},"inLanguage":"hu","potentialAction":[{"@type":"ReadAction","target":["https:\/\/univet.hu\/konyvtar\/leveltar\/szolgaltatasaink\/"]}]},{"@type":"BreadcrumbList","@id":"https:\/\/univet.hu\/konyvtar\/leveltar\/szolgaltatasaink\/#breadcrumb","itemListElement":[{"@type":"ListItem","position":1,"name":"Kezd\u0151lap","item":"https:\/\/univet.hu\/konyvtar\/"},{"@type":"ListItem","position":2,"name":"Lev\u00e9lt\u00e1r","item":"https:\/\/univet.hu\/konyvtar\/leveltar\/"},{"@type":"ListItem","position":3,"name":"Lev\u00e9lt\u00e1ri szolg\u00e1ltat\u00e1sok"}]},{"@type":"WebSite","@id":"https:\/\/univet.hu\/konyvtar\/#website","url":"https:\/\/univet.hu\/konyvtar\/","name":"Hut\u00ffra Ferenc K\u00f6nyvt\u00e1r, Lev\u00e9lt\u00e1r \u00e9s M\u00fazeum","description":"","potentialAction":[{"@type":"SearchAction","target":{"@type":"EntryPoint","urlTemplate":"https:\/\/univet.hu\/konyvtar\/?s={search_term_string}"},"query-input":{"@type":"PropertyValueSpecification","valueRequired":true,"valueName":"search_term_string"}}],"inLanguage":"hu"}]}},"_links":{"self":[{"href":"https:\/\/univet.hu\/konyvtar\/wp-json\/wp\/v2\/pages\/243","targetHints":{"allow":["GET"]}}],"collection":[{"href":"https:\/\/univet.hu\/konyvtar\/wp-json\/wp\/v2\/pages"}],"about":[{"href":"https:\/\/univet.hu\/konyvtar\/wp-json\/wp\/v2\/types\/page"}],"author":[{"embeddable":true,"href":"https:\/\/univet.hu\/konyvtar\/wp-json\/wp\/v2\/users\/58"}],"replies":[{"embeddable":true,"href":"https:\/\/univet.hu\/konyvtar\/wp-json\/wp\/v2\/comments?post=243"}],"version-history":[{"count":4,"href":"https:\/\/univet.hu\/konyvtar\/wp-json\/wp\/v2\/pages\/243\/revisions"}],"predecessor-version":[{"id":507,"href":"https:\/\/univet.hu\/konyvtar\/wp-json\/wp\/v2\/pages\/243\/revisions\/507"}],"up":[{"embeddable":true,"href":"https:\/\/univet.hu\/konyvtar\/wp-json\/wp\/v2\/pages\/233"}],"wp:attachment":[{"href":"https:\/\/univet.hu\/konyvtar\/wp-json\/wp\/v2\/media?parent=243"}],"wp:term":[{"taxonomy":"category","embeddable":true,"href":"https:\/\/univet.hu\/konyvtar\/wp-json\/wp\/v2\/categories?post=243"},{"taxonomy":"post_tag","embeddable":true,"href":"https:\/\/univet.hu\/konyvtar\/wp-json\/wp\/v2\/tags?post=243"}],"curies":[{"name":"wp","href":"https:\/\/api.w.org\/{rel}","templated":true}]}}