{"id":252,"date":"2025-07-09T13:27:21","date_gmt":"2025-07-09T11:27:21","guid":{"rendered":"https:\/\/univet.hu\/konyvtar\/?page_id=252"},"modified":"2026-01-12T13:54:50","modified_gmt":"2026-01-12T12:54:50","slug":"panteon","status":"publish","type":"page","link":"https:\/\/univet.hu\/konyvtar\/leveltar\/panteon\/","title":{"rendered":"Panteon"},"content":{"rendered":"<p><span class=\"relative -mx-px my-[-0.2rem] rounded px-px py-[0.2rem] transition-colors duration-100 ease-in-out\">A <strong data-start=\"2\" data-end=\"32\">Magyar \u00c1llatorvosi Panteon<\/strong> az \u00c1llatorvostudom\u00e1nyi Egyetem \u00e9s\u00a0 benne a Hut\u00ffra Ferenc K\u00f6nyvt\u00e1r, Lev\u00e9lt\u00e1r \u00e9s M\u00fazeum digit\u00e1lis gy\u0171jtem\u00e9nye, amely neves \u00e1llatorvosok \u00e9letrajzait, eml\u00e9keit mutatja be<\/span>. <span class=\"relative -mx-px my-[-0.2rem] rounded px-px py-[0.2rem] transition-colors duration-100 ease-in-out\">A port\u00e1l c\u00e9lja, hogy t\u00f6rt\u00e9neti kutat\u00e1sokra \u00e9p\u00edtve reprezent\u00e1lja az \u00e1llatorvosl\u00e1s kiemelked\u0151 alakjait \u00e9s mindazokat, akik az \u00e9vsz\u00e1zadok sor\u00e1n haz\u00e1nkban \u00e1llatorvosk\u00e9nt vagy az egyetem k\u00f6tel\u00e9k\u00e9ben m\u0171k\u00f6dtek. <\/span><\/p> <p><span class=\"relative -mx-px my-[-0.2rem] rounded px-px py-[0.2rem] transition-colors duration-100 ease-in-out\">Az oldalon ABC-rendben b\u00f6ng\u00e9szhet\u0151k a szakemberek nev\u00e9re kattintva az \u00e9letrajzok, f\u00e9nyk\u00e9pek, s\u00edrhelyek \u00e9s publik\u00e1ci\u00f3k. R\u00e9szletes inform\u00e1ci\u00f3kat tal\u00e1lunk olyan jeles szem\u00e9lyekr\u0151l, mint p\u00e9ld\u00e1ul Galambos\u202fM\u00e1rton, Gr\u00f3h\u202fGyula vagy Guoth\u202fGy\u00f6rgy Endre. <\/span>A Magyar \u00c1llatorvosi Panteon hozz\u00e1j\u00e1rul az int\u00e9zm\u00e9ny \u00e9s a szakma kultur\u00e1lis \u00f6r\u00f6ks\u00e9g\u00e9nek meg\u0151rz\u00e9s\u00e9hez. Felhaszn\u00e1l\u00f3i fel\u00fclet\u00e9n kereszt\u00fcl k\u00f6nnyen hozz\u00e1f\u00e9rhet\u0151k egyes a dokumentumok \u00e9s arch\u00edv anyagok.<\/p> <p><a href=\"http:\/\/konyvtar.univet.hu\/panteon\/\" target=\"_blank\" rel=\"noopener\">http:\/\/konyvtar.univet.hu\/panteon\/<\/a><\/p>","protected":false},"excerpt":{"rendered":"<p>A Magyar \u00c1llatorvosi Panteon az \u00c1llatorvostudom\u00e1nyi Egyetem \u00e9s\u00a0 benne a Hut\u00ffra Ferenc K\u00f6nyvt\u00e1r, Lev\u00e9lt\u00e1r \u00e9s M\u00fazeum digit\u00e1lis gy\u0171jtem\u00e9nye, amely neves \u00e1llatorvosok \u00e9letrajzait, eml\u00e9keit mutatja be. A port\u00e1l c\u00e9lja, hogy t\u00f6rt\u00e9neti kutat\u00e1sokra \u00e9p\u00edtve reprezent\u00e1lja az \u00e1llatorvosl\u00e1s kiemelked\u0151 alakjait \u00e9s mindazokat, akik az \u00e9vsz\u00e1zadok sor\u00e1n haz\u00e1nkban \u00e1llatorvosk\u00e9nt vagy az egyetem k\u00f6tel\u00e9k\u00e9ben m\u0171k\u00f6dtek. Az oldalon ABC-rendben b\u00f6ng\u00e9szhet\u0151k a<\/p>\n","protected":false},"author":58,"featured_media":0,"parent":233,"menu_order":4,"comment_status":"closed","ping_status":"closed","template":"","meta":{"_acf_changed":false,"_eb_attr":"","footnotes":""},"categories":[20],"tags":[],"class_list":["post-252","page","type-page","status-publish","hentry","category-leveltar"],"acf":[],"yoast_head":"<!-- This site is optimized with the Yoast SEO plugin v27.2 - https:\/\/yoast.com\/product\/yoast-seo-wordpress\/ -->\n<title>Panteon - Hut\u00ffra Ferenc K\u00f6nyvt\u00e1r, Lev\u00e9lt\u00e1r \u00e9s M\u00fazeum<\/title>\n<meta name=\"robots\" content=\"index, follow, max-snippet:-1, max-image-preview:large, max-video-preview:-1\" \/>\n<link rel=\"canonical\" href=\"https:\/\/univet.hu\/konyvtar\/leveltar\/panteon\/\" \/>\n<meta property=\"og:locale\" content=\"hu_HU\" \/>\n<meta property=\"og:type\" content=\"article\" \/>\n<meta property=\"og:title\" content=\"Panteon - Hut\u00ffra Ferenc K\u00f6nyvt\u00e1r, Lev\u00e9lt\u00e1r \u00e9s M\u00fazeum\" \/>\n<meta property=\"og:description\" content=\"A Magyar \u00c1llatorvosi Panteon az \u00c1llatorvostudom\u00e1nyi Egyetem \u00e9s\u00a0 benne a Hut\u00ffra Ferenc K\u00f6nyvt\u00e1r, Lev\u00e9lt\u00e1r \u00e9s M\u00fazeum digit\u00e1lis gy\u0171jtem\u00e9nye, amely neves \u00e1llatorvosok \u00e9letrajzait, eml\u00e9keit mutatja be. A port\u00e1l c\u00e9lja, hogy t\u00f6rt\u00e9neti kutat\u00e1sokra \u00e9p\u00edtve reprezent\u00e1lja az \u00e1llatorvosl\u00e1s kiemelked\u0151 alakjait \u00e9s mindazokat, akik az \u00e9vsz\u00e1zadok sor\u00e1n haz\u00e1nkban \u00e1llatorvosk\u00e9nt vagy az egyetem k\u00f6tel\u00e9k\u00e9ben m\u0171k\u00f6dtek. Az oldalon ABC-rendben b\u00f6ng\u00e9szhet\u0151k a\" \/>\n<meta property=\"og:url\" content=\"https:\/\/univet.hu\/konyvtar\/leveltar\/panteon\/\" \/>\n<meta property=\"og:site_name\" content=\"Hut\u00ffra Ferenc K\u00f6nyvt\u00e1r, Lev\u00e9lt\u00e1r \u00e9s M\u00fazeum\" \/>\n<meta property=\"article:modified_time\" content=\"2026-01-12T12:54:50+00:00\" \/>\n<meta name=\"twitter:card\" content=\"summary_large_image\" \/>\n<meta name=\"twitter:label1\" content=\"Becs\u00fclt olvas\u00e1si id\u0151\" \/>\n\t<meta name=\"twitter:data1\" content=\"1 perc\" \/>\n<script type=\"application\/ld+json\" class=\"yoast-schema-graph\">{\"@context\":\"https:\/\/schema.org\",\"@graph\":[{\"@type\":\"WebPage\",\"@id\":\"https:\/\/univet.hu\/konyvtar\/leveltar\/panteon\/\",\"url\":\"https:\/\/univet.hu\/konyvtar\/leveltar\/panteon\/\",\"name\":\"Panteon - Hut\u00ffra Ferenc K\u00f6nyvt\u00e1r, Lev\u00e9lt\u00e1r \u00e9s M\u00fazeum\",\"isPartOf\":{\"@id\":\"https:\/\/univet.hu\/konyvtar\/#website\"},\"datePublished\":\"2025-07-09T11:27:21+00:00\",\"dateModified\":\"2026-01-12T12:54:50+00:00\",\"breadcrumb\":{\"@id\":\"https:\/\/univet.hu\/konyvtar\/leveltar\/panteon\/#breadcrumb\"},\"inLanguage\":\"hu\",\"potentialAction\":[{\"@type\":\"ReadAction\",\"target\":[\"https:\/\/univet.hu\/konyvtar\/leveltar\/panteon\/\"]}]},{\"@type\":\"BreadcrumbList\",\"@id\":\"https:\/\/univet.hu\/konyvtar\/leveltar\/panteon\/#breadcrumb\",\"itemListElement\":[{\"@type\":\"ListItem\",\"position\":1,\"name\":\"Kezd\u0151lap\",\"item\":\"https:\/\/univet.hu\/konyvtar\/\"},{\"@type\":\"ListItem\",\"position\":2,\"name\":\"Lev\u00e9lt\u00e1r\",\"item\":\"https:\/\/univet.hu\/konyvtar\/leveltar\/\"},{\"@type\":\"ListItem\",\"position\":3,\"name\":\"Panteon\"}]},{\"@type\":\"WebSite\",\"@id\":\"https:\/\/univet.hu\/konyvtar\/#website\",\"url\":\"https:\/\/univet.hu\/konyvtar\/\",\"name\":\"Hut\u00ffra Ferenc K\u00f6nyvt\u00e1r, Lev\u00e9lt\u00e1r \u00e9s M\u00fazeum\",\"description\":\"\",\"potentialAction\":[{\"@type\":\"SearchAction\",\"target\":{\"@type\":\"EntryPoint\",\"urlTemplate\":\"https:\/\/univet.hu\/konyvtar\/?s={search_term_string}\"},\"query-input\":{\"@type\":\"PropertyValueSpecification\",\"valueRequired\":true,\"valueName\":\"search_term_string\"}}],\"inLanguage\":\"hu\"}]}<\/script>\n<!-- \/ Yoast SEO plugin. -->","yoast_head_json":{"title":"Panteon - Hut\u00ffra Ferenc K\u00f6nyvt\u00e1r, Lev\u00e9lt\u00e1r \u00e9s M\u00fazeum","robots":{"index":"index","follow":"follow","max-snippet":"max-snippet:-1","max-image-preview":"max-image-preview:large","max-video-preview":"max-video-preview:-1"},"canonical":"https:\/\/univet.hu\/konyvtar\/leveltar\/panteon\/","og_locale":"hu_HU","og_type":"article","og_title":"Panteon - Hut\u00ffra Ferenc K\u00f6nyvt\u00e1r, Lev\u00e9lt\u00e1r \u00e9s M\u00fazeum","og_description":"A Magyar \u00c1llatorvosi Panteon az \u00c1llatorvostudom\u00e1nyi Egyetem \u00e9s\u00a0 benne a Hut\u00ffra Ferenc K\u00f6nyvt\u00e1r, Lev\u00e9lt\u00e1r \u00e9s M\u00fazeum digit\u00e1lis gy\u0171jtem\u00e9nye, amely neves \u00e1llatorvosok \u00e9letrajzait, eml\u00e9keit mutatja be. A port\u00e1l c\u00e9lja, hogy t\u00f6rt\u00e9neti kutat\u00e1sokra \u00e9p\u00edtve reprezent\u00e1lja az \u00e1llatorvosl\u00e1s kiemelked\u0151 alakjait \u00e9s mindazokat, akik az \u00e9vsz\u00e1zadok sor\u00e1n haz\u00e1nkban \u00e1llatorvosk\u00e9nt vagy az egyetem k\u00f6tel\u00e9k\u00e9ben m\u0171k\u00f6dtek. Az oldalon ABC-rendben b\u00f6ng\u00e9szhet\u0151k a","og_url":"https:\/\/univet.hu\/konyvtar\/leveltar\/panteon\/","og_site_name":"Hut\u00ffra Ferenc K\u00f6nyvt\u00e1r, Lev\u00e9lt\u00e1r \u00e9s M\u00fazeum","article_modified_time":"2026-01-12T12:54:50+00:00","twitter_card":"summary_large_image","twitter_misc":{"Becs\u00fclt olvas\u00e1si id\u0151":"1 perc"},"schema":{"@context":"https:\/\/schema.org","@graph":[{"@type":"WebPage","@id":"https:\/\/univet.hu\/konyvtar\/leveltar\/panteon\/","url":"https:\/\/univet.hu\/konyvtar\/leveltar\/panteon\/","name":"Panteon - Hut\u00ffra Ferenc K\u00f6nyvt\u00e1r, Lev\u00e9lt\u00e1r \u00e9s M\u00fazeum","isPartOf":{"@id":"https:\/\/univet.hu\/konyvtar\/#website"},"datePublished":"2025-07-09T11:27:21+00:00","dateModified":"2026-01-12T12:54:50+00:00","breadcrumb":{"@id":"https:\/\/univet.hu\/konyvtar\/leveltar\/panteon\/#breadcrumb"},"inLanguage":"hu","potentialAction":[{"@type":"ReadAction","target":["https:\/\/univet.hu\/konyvtar\/leveltar\/panteon\/"]}]},{"@type":"BreadcrumbList","@id":"https:\/\/univet.hu\/konyvtar\/leveltar\/panteon\/#breadcrumb","itemListElement":[{"@type":"ListItem","position":1,"name":"Kezd\u0151lap","item":"https:\/\/univet.hu\/konyvtar\/"},{"@type":"ListItem","position":2,"name":"Lev\u00e9lt\u00e1r","item":"https:\/\/univet.hu\/konyvtar\/leveltar\/"},{"@type":"ListItem","position":3,"name":"Panteon"}]},{"@type":"WebSite","@id":"https:\/\/univet.hu\/konyvtar\/#website","url":"https:\/\/univet.hu\/konyvtar\/","name":"Hut\u00ffra Ferenc K\u00f6nyvt\u00e1r, Lev\u00e9lt\u00e1r \u00e9s M\u00fazeum","description":"","potentialAction":[{"@type":"SearchAction","target":{"@type":"EntryPoint","urlTemplate":"https:\/\/univet.hu\/konyvtar\/?s={search_term_string}"},"query-input":{"@type":"PropertyValueSpecification","valueRequired":true,"valueName":"search_term_string"}}],"inLanguage":"hu"}]}},"_links":{"self":[{"href":"https:\/\/univet.hu\/konyvtar\/wp-json\/wp\/v2\/pages\/252","targetHints":{"allow":["GET"]}}],"collection":[{"href":"https:\/\/univet.hu\/konyvtar\/wp-json\/wp\/v2\/pages"}],"about":[{"href":"https:\/\/univet.hu\/konyvtar\/wp-json\/wp\/v2\/types\/page"}],"author":[{"embeddable":true,"href":"https:\/\/univet.hu\/konyvtar\/wp-json\/wp\/v2\/users\/58"}],"replies":[{"embeddable":true,"href":"https:\/\/univet.hu\/konyvtar\/wp-json\/wp\/v2\/comments?post=252"}],"version-history":[{"count":2,"href":"https:\/\/univet.hu\/konyvtar\/wp-json\/wp\/v2\/pages\/252\/revisions"}],"predecessor-version":[{"id":254,"href":"https:\/\/univet.hu\/konyvtar\/wp-json\/wp\/v2\/pages\/252\/revisions\/254"}],"up":[{"embeddable":true,"href":"https:\/\/univet.hu\/konyvtar\/wp-json\/wp\/v2\/pages\/233"}],"wp:attachment":[{"href":"https:\/\/univet.hu\/konyvtar\/wp-json\/wp\/v2\/media?parent=252"}],"wp:term":[{"taxonomy":"category","embeddable":true,"href":"https:\/\/univet.hu\/konyvtar\/wp-json\/wp\/v2\/categories?post=252"},{"taxonomy":"post_tag","embeddable":true,"href":"https:\/\/univet.hu\/konyvtar\/wp-json\/wp\/v2\/tags?post=252"}],"curies":[{"name":"wp","href":"https:\/\/api.w.org\/{rel}","templated":true}]}}