{"id":262,"date":"2025-07-09T13:46:37","date_gmt":"2025-07-09T11:46:37","guid":{"rendered":"https:\/\/univet.hu\/konyvtar\/cimlap\/muzeum\/muzeum_inf\/"},"modified":"2026-01-12T13:54:51","modified_gmt":"2026-01-12T12:54:51","slug":"informaciok","status":"publish","type":"page","link":"https:\/\/univet.hu\/konyvtar\/muzeum\/informaciok\/","title":{"rendered":"Inform\u00e1ci\u00f3k"},"content":{"rendered":"<div class=\"entry-content\"> <p><strong>\u00c1llatorvos-t\u00f6rt\u00e9neti Gy\u0171jtem\u00e9ny<\/strong><\/p> <p><img loading=\"lazy\" decoding=\"async\" class=\"alignright wp-image-263 size-medium\" src=\"https:\/\/univet.hu\/konyvtar\/wp-content\/uploads\/sites\/17\/2025\/07\/virtmuz-768x419-1-300x164.png\" alt=\"\" width=\"300\" height=\"164\" srcset=\"https:\/\/univet.hu\/konyvtar\/wp-content\/uploads\/sites\/17\/2025\/07\/virtmuz-768x419-1-300x164.png 300w, https:\/\/univet.hu\/konyvtar\/wp-content\/uploads\/sites\/17\/2025\/07\/virtmuz-768x419-1.png 768w\" sizes=\"auto, (max-width: 300px) 100vw, 300px\" \/><\/p> <p><strong>C\u00edm:<\/strong> 1071 Budapest, Bethlen G\u00e1bor utca 20-24. (bej\u00e1rat: 1078 Bp. Istv\u00e1n u. 2.)<\/p> <p><strong>El\u0151zetes bejelentkez\u00e9s:<\/strong> +36 1 478 4100 mell\u00e9k: 8800<\/p> <p><strong>E-mail: <\/strong><a class=\"decrypt\" rel=\"mjcsbszAvojwfu\/iv\" href=\"javascript:void(0);\">[Kattintson az emailc\u00edmhez]<\/a><\/p> <p><strong>Az Egyetemt\u00f6rt\u00e9neti ki\u00e1ll\u00edt\u00e1s el\u0151zetes bejelentkez\u00e9ssel l\u00e1togathat\u00f3, ez\u00e9rt k\u00e9rj\u00fck keresse munkat\u00e1rsaikat a fenti el\u00e9rhet\u0151s\u00e9gek egyik\u00e9n!\u00a0<\/strong><\/p> <p>Addig is aj\u00e1nljuk az Egyetemi virtu\u00e1lis s\u00e9t\u00e1t, amelynek keret\u00e9ben megl\u00e1togathat\u00f3 az Egyetemt\u00f6rt\u00e9neti ki\u00e1ll\u00edt\u00e1s is: <a href=\"https:\/\/univet.hu\/virttour\/hu\/\">https:\/\/univet.hu\/virttour\/hu\/<\/a><\/p> <p><strong>P\u00e1ly\u00e1zatok szakmai besz\u00e1mol\u00f3i:<\/strong><\/p> <ul> <li><a href=\"http:\/\/konyvtar.univet.hu\/wp-content\/uploads\/2018\/04\/1443_1_2018szakmai_beszamolo.pdf\">Szakmai besz\u00e1mol\u00f3 az \u00c1llatorvostudom\u00e1nyi Egyetem m\u00fazeuma \u00e1ltal a Hut\u00ffra szalag restaur\u00e1l\u00e1s\u00e1ra elnyert 204111\/04015 p\u00e1ly\u00e1zati azonos\u00edt\u00f3 sz\u00e1m\u00fa p\u00e1ly\u00e1zatr\u00f3l<\/a><\/li> <\/ul> <p><strong>\u00c9ves besz\u00e1mol\u00f3k:<\/strong><\/p> <p>A M\u00fazeum munk\u00e1j\u00e1t is \u00f6sszefoglal\u00f3 int\u00e9zm\u00e9nyi \u00e9ves besz\u00e1mol\u00f3k az Egyetem intranetj\u00e9n tal\u00e1lhat\u00f3k.<\/p> <\/div>","protected":false},"excerpt":{"rendered":"<p>\u00c1llatorvos-t\u00f6rt\u00e9neti Gy\u0171jtem\u00e9ny C\u00edm: 1071 Budapest, Bethlen G\u00e1bor utca 20-24. (bej\u00e1rat: 1078 Bp. Istv\u00e1n u. 2.) El\u0151zetes bejelentkez\u00e9s: +36 1 478 4100 mell\u00e9k: 8800 E-mail: [Kattintson az emailc\u00edmhez] Az Egyetemt\u00f6rt\u00e9neti ki\u00e1ll\u00edt\u00e1s el\u0151zetes bejelentkez\u00e9ssel l\u00e1togathat\u00f3, ez\u00e9rt k\u00e9rj\u00fck keresse munkat\u00e1rsaikat a fenti el\u00e9rhet\u0151s\u00e9gek egyik\u00e9n!\u00a0 Addig is aj\u00e1nljuk az Egyetemi virtu\u00e1lis s\u00e9t\u00e1t, amelynek keret\u00e9ben megl\u00e1togathat\u00f3 az Egyetemt\u00f6rt\u00e9neti ki\u00e1ll\u00edt\u00e1s is:<\/p>\n","protected":false},"author":4333,"featured_media":0,"parent":260,"menu_order":0,"comment_status":"closed","ping_status":"closed","template":"","meta":{"_acf_changed":false,"_eb_attr":"","footnotes":""},"categories":[21],"tags":[],"class_list":["post-262","page","type-page","status-publish","hentry","category-muzeum"],"acf":[],"yoast_head":"<!-- This site is optimized with the Yoast SEO plugin v27.2 - https:\/\/yoast.com\/product\/yoast-seo-wordpress\/ -->\n<title>Inform\u00e1ci\u00f3k - Hut\u00ffra Ferenc K\u00f6nyvt\u00e1r, Lev\u00e9lt\u00e1r \u00e9s M\u00fazeum<\/title>\n<meta name=\"robots\" content=\"index, follow, max-snippet:-1, max-image-preview:large, max-video-preview:-1\" \/>\n<link rel=\"canonical\" href=\"https:\/\/univet.hu\/konyvtar\/muzeum\/informaciok\/\" \/>\n<meta property=\"og:locale\" content=\"hu_HU\" \/>\n<meta property=\"og:type\" content=\"article\" \/>\n<meta property=\"og:title\" content=\"Inform\u00e1ci\u00f3k - Hut\u00ffra Ferenc K\u00f6nyvt\u00e1r, Lev\u00e9lt\u00e1r \u00e9s M\u00fazeum\" \/>\n<meta property=\"og:description\" content=\"\u00c1llatorvos-t\u00f6rt\u00e9neti Gy\u0171jtem\u00e9ny C\u00edm: 1071 Budapest, Bethlen G\u00e1bor utca 20-24. (bej\u00e1rat: 1078 Bp. Istv\u00e1n u. 2.) El\u0151zetes bejelentkez\u00e9s: +36 1 478 4100 mell\u00e9k: 8800 E-mail: [Kattintson az emailc\u00edmhez] Az Egyetemt\u00f6rt\u00e9neti ki\u00e1ll\u00edt\u00e1s el\u0151zetes bejelentkez\u00e9ssel l\u00e1togathat\u00f3, ez\u00e9rt k\u00e9rj\u00fck keresse munkat\u00e1rsaikat a fenti el\u00e9rhet\u0151s\u00e9gek egyik\u00e9n!\u00a0 Addig is aj\u00e1nljuk az Egyetemi virtu\u00e1lis s\u00e9t\u00e1t, amelynek keret\u00e9ben megl\u00e1togathat\u00f3 az Egyetemt\u00f6rt\u00e9neti ki\u00e1ll\u00edt\u00e1s is:\" \/>\n<meta property=\"og:url\" content=\"https:\/\/univet.hu\/konyvtar\/muzeum\/informaciok\/\" \/>\n<meta property=\"og:site_name\" content=\"Hut\u00ffra Ferenc K\u00f6nyvt\u00e1r, Lev\u00e9lt\u00e1r \u00e9s M\u00fazeum\" \/>\n<meta property=\"article:modified_time\" content=\"2026-01-12T12:54:51+00:00\" \/>\n<meta property=\"og:image\" content=\"https:\/\/univet.hu\/konyvtar\/wp-content\/uploads\/sites\/17\/2025\/07\/virtmuz-768x419-1.png\" \/>\n\t<meta property=\"og:image:width\" content=\"768\" \/>\n\t<meta property=\"og:image:height\" content=\"419\" \/>\n\t<meta property=\"og:image:type\" content=\"image\/png\" \/>\n<meta name=\"twitter:card\" content=\"summary_large_image\" \/>\n<meta name=\"twitter:label1\" content=\"Becs\u00fclt olvas\u00e1si id\u0151\" \/>\n\t<meta name=\"twitter:data1\" content=\"1 perc\" \/>\n<script type=\"application\/ld+json\" class=\"yoast-schema-graph\">{\"@context\":\"https:\/\/schema.org\",\"@graph\":[{\"@type\":\"WebPage\",\"@id\":\"https:\/\/univet.hu\/konyvtar\/muzeum\/informaciok\/\",\"url\":\"https:\/\/univet.hu\/konyvtar\/muzeum\/informaciok\/\",\"name\":\"Inform\u00e1ci\u00f3k - Hut\u00ffra Ferenc K\u00f6nyvt\u00e1r, Lev\u00e9lt\u00e1r \u00e9s M\u00fazeum\",\"isPartOf\":{\"@id\":\"https:\/\/univet.hu\/konyvtar\/#website\"},\"primaryImageOfPage\":{\"@id\":\"https:\/\/univet.hu\/konyvtar\/muzeum\/informaciok\/#primaryimage\"},\"image\":{\"@id\":\"https:\/\/univet.hu\/konyvtar\/muzeum\/informaciok\/#primaryimage\"},\"thumbnailUrl\":\"https:\/\/univet.hu\/konyvtar\/wp-content\/uploads\/sites\/17\/2025\/07\/virtmuz-768x419-1-300x164.png\",\"datePublished\":\"2025-07-09T11:46:37+00:00\",\"dateModified\":\"2026-01-12T12:54:51+00:00\",\"breadcrumb\":{\"@id\":\"https:\/\/univet.hu\/konyvtar\/muzeum\/informaciok\/#breadcrumb\"},\"inLanguage\":\"hu\",\"potentialAction\":[{\"@type\":\"ReadAction\",\"target\":[\"https:\/\/univet.hu\/konyvtar\/muzeum\/informaciok\/\"]}]},{\"@type\":\"ImageObject\",\"inLanguage\":\"hu\",\"@id\":\"https:\/\/univet.hu\/konyvtar\/muzeum\/informaciok\/#primaryimage\",\"url\":\"https:\/\/univet.hu\/konyvtar\/wp-content\/uploads\/sites\/17\/2025\/07\/virtmuz-768x419-1.png\",\"contentUrl\":\"https:\/\/univet.hu\/konyvtar\/wp-content\/uploads\/sites\/17\/2025\/07\/virtmuz-768x419-1.png\",\"width\":768,\"height\":419},{\"@type\":\"BreadcrumbList\",\"@id\":\"https:\/\/univet.hu\/konyvtar\/muzeum\/informaciok\/#breadcrumb\",\"itemListElement\":[{\"@type\":\"ListItem\",\"position\":1,\"name\":\"Kezd\u0151lap\",\"item\":\"https:\/\/univet.hu\/konyvtar\/\"},{\"@type\":\"ListItem\",\"position\":2,\"name\":\"M\u00fazeum\",\"item\":\"https:\/\/univet.hu\/konyvtar\/muzeum\/\"},{\"@type\":\"ListItem\",\"position\":3,\"name\":\"Inform\u00e1ci\u00f3k\"}]},{\"@type\":\"WebSite\",\"@id\":\"https:\/\/univet.hu\/konyvtar\/#website\",\"url\":\"https:\/\/univet.hu\/konyvtar\/\",\"name\":\"Hut\u00ffra Ferenc K\u00f6nyvt\u00e1r, Lev\u00e9lt\u00e1r \u00e9s M\u00fazeum\",\"description\":\"\",\"potentialAction\":[{\"@type\":\"SearchAction\",\"target\":{\"@type\":\"EntryPoint\",\"urlTemplate\":\"https:\/\/univet.hu\/konyvtar\/?s={search_term_string}\"},\"query-input\":{\"@type\":\"PropertyValueSpecification\",\"valueRequired\":true,\"valueName\":\"search_term_string\"}}],\"inLanguage\":\"hu\"}]}<\/script>\n<!-- \/ Yoast SEO plugin. -->","yoast_head_json":{"title":"Inform\u00e1ci\u00f3k - Hut\u00ffra Ferenc K\u00f6nyvt\u00e1r, Lev\u00e9lt\u00e1r \u00e9s M\u00fazeum","robots":{"index":"index","follow":"follow","max-snippet":"max-snippet:-1","max-image-preview":"max-image-preview:large","max-video-preview":"max-video-preview:-1"},"canonical":"https:\/\/univet.hu\/konyvtar\/muzeum\/informaciok\/","og_locale":"hu_HU","og_type":"article","og_title":"Inform\u00e1ci\u00f3k - Hut\u00ffra Ferenc K\u00f6nyvt\u00e1r, Lev\u00e9lt\u00e1r \u00e9s M\u00fazeum","og_description":"\u00c1llatorvos-t\u00f6rt\u00e9neti Gy\u0171jtem\u00e9ny C\u00edm: 1071 Budapest, Bethlen G\u00e1bor utca 20-24. (bej\u00e1rat: 1078 Bp. Istv\u00e1n u. 2.) El\u0151zetes bejelentkez\u00e9s: +36 1 478 4100 mell\u00e9k: 8800 E-mail: [Kattintson az emailc\u00edmhez] Az Egyetemt\u00f6rt\u00e9neti ki\u00e1ll\u00edt\u00e1s el\u0151zetes bejelentkez\u00e9ssel l\u00e1togathat\u00f3, ez\u00e9rt k\u00e9rj\u00fck keresse munkat\u00e1rsaikat a fenti el\u00e9rhet\u0151s\u00e9gek egyik\u00e9n!\u00a0 Addig is aj\u00e1nljuk az Egyetemi virtu\u00e1lis s\u00e9t\u00e1t, amelynek keret\u00e9ben megl\u00e1togathat\u00f3 az Egyetemt\u00f6rt\u00e9neti ki\u00e1ll\u00edt\u00e1s is:","og_url":"https:\/\/univet.hu\/konyvtar\/muzeum\/informaciok\/","og_site_name":"Hut\u00ffra Ferenc K\u00f6nyvt\u00e1r, Lev\u00e9lt\u00e1r \u00e9s M\u00fazeum","article_modified_time":"2026-01-12T12:54:51+00:00","og_image":[{"width":768,"height":419,"url":"https:\/\/univet.hu\/konyvtar\/wp-content\/uploads\/sites\/17\/2025\/07\/virtmuz-768x419-1.png","type":"image\/png"}],"twitter_card":"summary_large_image","twitter_misc":{"Becs\u00fclt olvas\u00e1si id\u0151":"1 perc"},"schema":{"@context":"https:\/\/schema.org","@graph":[{"@type":"WebPage","@id":"https:\/\/univet.hu\/konyvtar\/muzeum\/informaciok\/","url":"https:\/\/univet.hu\/konyvtar\/muzeum\/informaciok\/","name":"Inform\u00e1ci\u00f3k - Hut\u00ffra Ferenc K\u00f6nyvt\u00e1r, Lev\u00e9lt\u00e1r \u00e9s M\u00fazeum","isPartOf":{"@id":"https:\/\/univet.hu\/konyvtar\/#website"},"primaryImageOfPage":{"@id":"https:\/\/univet.hu\/konyvtar\/muzeum\/informaciok\/#primaryimage"},"image":{"@id":"https:\/\/univet.hu\/konyvtar\/muzeum\/informaciok\/#primaryimage"},"thumbnailUrl":"https:\/\/univet.hu\/konyvtar\/wp-content\/uploads\/sites\/17\/2025\/07\/virtmuz-768x419-1-300x164.png","datePublished":"2025-07-09T11:46:37+00:00","dateModified":"2026-01-12T12:54:51+00:00","breadcrumb":{"@id":"https:\/\/univet.hu\/konyvtar\/muzeum\/informaciok\/#breadcrumb"},"inLanguage":"hu","potentialAction":[{"@type":"ReadAction","target":["https:\/\/univet.hu\/konyvtar\/muzeum\/informaciok\/"]}]},{"@type":"ImageObject","inLanguage":"hu","@id":"https:\/\/univet.hu\/konyvtar\/muzeum\/informaciok\/#primaryimage","url":"https:\/\/univet.hu\/konyvtar\/wp-content\/uploads\/sites\/17\/2025\/07\/virtmuz-768x419-1.png","contentUrl":"https:\/\/univet.hu\/konyvtar\/wp-content\/uploads\/sites\/17\/2025\/07\/virtmuz-768x419-1.png","width":768,"height":419},{"@type":"BreadcrumbList","@id":"https:\/\/univet.hu\/konyvtar\/muzeum\/informaciok\/#breadcrumb","itemListElement":[{"@type":"ListItem","position":1,"name":"Kezd\u0151lap","item":"https:\/\/univet.hu\/konyvtar\/"},{"@type":"ListItem","position":2,"name":"M\u00fazeum","item":"https:\/\/univet.hu\/konyvtar\/muzeum\/"},{"@type":"ListItem","position":3,"name":"Inform\u00e1ci\u00f3k"}]},{"@type":"WebSite","@id":"https:\/\/univet.hu\/konyvtar\/#website","url":"https:\/\/univet.hu\/konyvtar\/","name":"Hut\u00ffra Ferenc K\u00f6nyvt\u00e1r, Lev\u00e9lt\u00e1r \u00e9s M\u00fazeum","description":"","potentialAction":[{"@type":"SearchAction","target":{"@type":"EntryPoint","urlTemplate":"https:\/\/univet.hu\/konyvtar\/?s={search_term_string}"},"query-input":{"@type":"PropertyValueSpecification","valueRequired":true,"valueName":"search_term_string"}}],"inLanguage":"hu"}]}},"_links":{"self":[{"href":"https:\/\/univet.hu\/konyvtar\/wp-json\/wp\/v2\/pages\/262","targetHints":{"allow":["GET"]}}],"collection":[{"href":"https:\/\/univet.hu\/konyvtar\/wp-json\/wp\/v2\/pages"}],"about":[{"href":"https:\/\/univet.hu\/konyvtar\/wp-json\/wp\/v2\/types\/page"}],"author":[{"embeddable":true,"href":"https:\/\/univet.hu\/konyvtar\/wp-json\/wp\/v2\/users\/4333"}],"replies":[{"embeddable":true,"href":"https:\/\/univet.hu\/konyvtar\/wp-json\/wp\/v2\/comments?post=262"}],"version-history":[{"count":2,"href":"https:\/\/univet.hu\/konyvtar\/wp-json\/wp\/v2\/pages\/262\/revisions"}],"predecessor-version":[{"id":267,"href":"https:\/\/univet.hu\/konyvtar\/wp-json\/wp\/v2\/pages\/262\/revisions\/267"}],"up":[{"embeddable":true,"href":"https:\/\/univet.hu\/konyvtar\/wp-json\/wp\/v2\/pages\/260"}],"wp:attachment":[{"href":"https:\/\/univet.hu\/konyvtar\/wp-json\/wp\/v2\/media?parent=262"}],"wp:term":[{"taxonomy":"category","embeddable":true,"href":"https:\/\/univet.hu\/konyvtar\/wp-json\/wp\/v2\/categories?post=262"},{"taxonomy":"post_tag","embeddable":true,"href":"https:\/\/univet.hu\/konyvtar\/wp-json\/wp\/v2\/tags?post=262"}],"curies":[{"name":"wp","href":"https:\/\/api.w.org\/{rel}","templated":true}]}}