{"id":268,"date":"2025-07-09T13:50:22","date_gmt":"2025-07-09T11:50:22","guid":{"rendered":"https:\/\/univet.hu\/konyvtar\/cimlap\/muzeum\/new_child_page\/"},"modified":"2026-01-12T13:54:52","modified_gmt":"2026-01-12T12:54:52","slug":"kuldetesnyilatkozat","status":"publish","type":"page","link":"https:\/\/univet.hu\/konyvtar\/muzeum\/kuldetesnyilatkozat\/","title":{"rendered":"K\u00fcldet\u00e9snyilatkozat"},"content":{"rendered":"<div class=\"entry-content\"> <div class=\"page-header\"> <p style=\"text-align: right\">A Hut\u00ffra Ferenc K\u00f6nyvt\u00e1r, Lev\u00e9lt\u00e1r \u00e9s M\u00fazeum<br \/> \u00dcgyrendj\u00e9nek 6. mell\u00e9klete (2020.02.29.)<\/p> <p style=\"text-align: center\"><strong>Az \u00c1llatorvos-t\u00f6rt\u00e9neti Gy\u0171jtem\u00e9ny k\u00fcldet\u00e9snyilatkozata<\/strong><\/p> <p style=\"text-align: center\">\u201eHisz mindny\u00e1junknak k\u00f6z\u00f6s \u00e9rdeke, hogy egy\u00fctt legyen minden olyan eml\u00e9k,<\/p> <p style=\"text-align: center\">amely szeml\u00e9ltet\u0151en mutatja be a magyar \u00e1llatgy\u00f3gy\u00e1szat<\/p> <p style=\"text-align: center\">\u00e9s a magyar \u00e1llatorvostudom\u00e1ny fejl\u0151d\u00e9s\u00e9t\u2026\u201d<\/p> <p style=\"text-align: right\">Daday Andr\u00e1s, 1936<\/p> <p>Az \u00c1llatorvos-t\u00f6rt\u00e9neti Gy\u0171jtem\u00e9ny az orsz\u00e1g egyetlen muze\u00e1lis gy\u0171jtem\u00e9nye, mely az agr\u00e1r-, \u00e9s orvost\u00f6rt\u00e9net szakter\u00fclet\u00e9n bel\u00fcl els\u0151sorban a magyar \u00e1llatgy\u00f3gy\u00e1szat, \u00e1llateg\u00e9szs\u00e9g\u00fcgy \u00e9s \u00e1llatorvosk\u00e9pz\u00e9s t\u00f6rt\u00e9net\u00e9nek t\u00e1rgyi, \u00edrott \u00e9s \u00edratlan eml\u00e9keit gy\u0171jti, \u0151rzi, feldolgozza, bemutatja \u00e9s kutathat\u00f3v\u00e1 teszi.<\/p> <p>Az \u00c1llatorvos-t\u00f6rt\u00e9neti Gy\u0171jtem\u00e9ny k\u00fcldet\u00e9se<\/p> <p>1. az eml\u00edtett ter\u00fcleteken a tud\u00e1svagyon gyarap\u00edt\u00e1sa, meg\u0151rz\u00e9se, k\u00f6zz\u00e9t\u00e9tele, n\u00e9pszer\u0171s\u00edt\u00e9se r\u00e9v\u00e9n<\/p> <p>a) az \u00e1llatorvos-t\u00f6rt\u00e9neti kutat\u00e1s el\u0151seg\u00edt\u00e9se,<\/p> <p>b) az \u00e1llatorvosk\u00e9pz\u00e9s t\u00e1mogat\u00e1sa,<\/p> <p>c) az \u00e1llatorvosk\u00e9pz\u0151 int\u00e9zm\u00e9ny \u00e9s az \u00e1llatorvosi szakma t\u00e1rsadalmi elismerts\u00e9g\u00e9nek a n\u00f6vel\u00e9se;<\/p> <p>2. a hagyom\u00e1ny\u0151rz\u00e9s, ami alatt nemcsak a szakmai munk\u00e1t \u00e9rtj\u00fck, hanem a kapcsolat\u00e9p\u00edt\u00e9s lehet\u0151s\u00e9g\u00e9t, a t\u00e1rsas egy\u00fcttl\u00e9tet is, ami a hagyom\u00e1nyok tov\u00e1bb\u00e9l\u00e9s\u00e9t biztos\u00edtja. A M\u00fazeum \u00f6sszek\u00f6t \u00e9s kapcsolatokat teremt a szakma, az egyetem, a lev\u00e9lt\u00e1r, a k\u00f6nyvt\u00e1r, illetve a tan\u00e1rok, a di\u00e1kok, a kutat\u00f3k, a szakemberek \u00e9s a l\u00e1togat\u00f3k k\u00f6z\u00f6tt.<\/p> <p>K\u00fcldet\u00e9s\u00e9nek megval\u00f3s\u00edt\u00e1sa \u00e9rdek\u00e9ben az \u00c1llatorvos-t\u00f6rt\u00e9neti Gy\u0171jtem\u00e9ny \u2013 komplex k\u00f6zgy\u0171jtem\u00e9ny r\u00e9szek\u00e9nt \u2013 szorosan egy\u00fcttm\u0171k\u00f6dik a k\u00f6nyvt\u00e1rral \u00e9s a lev\u00e9lt\u00e1rral, valamint m\u00e1s int\u00e9zm\u00e9nyekkel. Akt\u00edvan r\u00e9szt vesz az orsz\u00e1gos m\u00fazeumi programokban \u00e9s egy\u00e9b rendezv\u00e9nyeken. A gy\u0171jtem\u00e9nyben \u00e9s k\u00fcls\u0151 helysz\u00edneken m\u00fazeumpedag\u00f3giai foglalkoz\u00e1sokat, szakmai bemutat\u00f3kat \u00e9s t\u00e1rlatvezet\u00e9seket tart az \u00e9lm\u00e9nyszer\u0171 \u00e9s ig\u00e9nyes \u00e1llatorvos-t\u00f6rt\u00e9neti, \u00e1llat-eg\u00e9szs\u00e9g\u00fcgyi, \u00e9lelmiszer-biztons\u00e1gi \u00e9s term\u00e9szettudom\u00e1nyos ismeretterjeszt\u00e9s jegy\u00e9ben.<\/p> <p>Honlapj\u00e1n \u00e1llatorvos-t\u00f6rt\u00e9neti inform\u00e1ci\u00f3kat, eml\u00e9keket, ki\u00e1ll\u00edt\u00e1sokat tesz szabadon el\u00e9rhet\u0151v\u00e9 a szakma \u00e9s a nagyk\u00f6z\u00f6ns\u00e9g sz\u00e1m\u00e1ra.<\/p> <\/div> <\/div>","protected":false},"excerpt":{"rendered":"<p>A Hut\u00ffra Ferenc K\u00f6nyvt\u00e1r, Lev\u00e9lt\u00e1r \u00e9s M\u00fazeum \u00dcgyrendj\u00e9nek 6. mell\u00e9klete (2020.02.29.) Az \u00c1llatorvos-t\u00f6rt\u00e9neti Gy\u0171jtem\u00e9ny k\u00fcldet\u00e9snyilatkozata \u201eHisz mindny\u00e1junknak k\u00f6z\u00f6s \u00e9rdeke, hogy egy\u00fctt legyen minden olyan eml\u00e9k, amely szeml\u00e9ltet\u0151en mutatja be a magyar \u00e1llatgy\u00f3gy\u00e1szat \u00e9s a magyar \u00e1llatorvostudom\u00e1ny fejl\u0151d\u00e9s\u00e9t\u2026\u201d Daday Andr\u00e1s, 1936 Az \u00c1llatorvos-t\u00f6rt\u00e9neti Gy\u0171jtem\u00e9ny az orsz\u00e1g egyetlen muze\u00e1lis gy\u0171jtem\u00e9nye, mely az agr\u00e1r-, \u00e9s orvost\u00f6rt\u00e9net szakter\u00fclet\u00e9n bel\u00fcl<\/p>\n","protected":false},"author":4333,"featured_media":0,"parent":260,"menu_order":0,"comment_status":"closed","ping_status":"closed","template":"","meta":{"_acf_changed":false,"_eb_attr":"","footnotes":""},"categories":[21],"tags":[],"class_list":["post-268","page","type-page","status-publish","hentry","category-muzeum"],"acf":[],"yoast_head":"<!-- This site is optimized with the Yoast SEO plugin v27.2 - https:\/\/yoast.com\/product\/yoast-seo-wordpress\/ -->\n<title>K\u00fcldet\u00e9snyilatkozat - Hut\u00ffra Ferenc K\u00f6nyvt\u00e1r, Lev\u00e9lt\u00e1r \u00e9s M\u00fazeum<\/title>\n<meta name=\"robots\" content=\"index, follow, max-snippet:-1, max-image-preview:large, max-video-preview:-1\" \/>\n<link rel=\"canonical\" href=\"https:\/\/univet.hu\/konyvtar\/muzeum\/kuldetesnyilatkozat\/\" \/>\n<meta property=\"og:locale\" content=\"hu_HU\" \/>\n<meta property=\"og:type\" content=\"article\" \/>\n<meta property=\"og:title\" content=\"K\u00fcldet\u00e9snyilatkozat - Hut\u00ffra Ferenc K\u00f6nyvt\u00e1r, Lev\u00e9lt\u00e1r \u00e9s M\u00fazeum\" \/>\n<meta property=\"og:description\" content=\"A Hut\u00ffra Ferenc K\u00f6nyvt\u00e1r, Lev\u00e9lt\u00e1r \u00e9s M\u00fazeum \u00dcgyrendj\u00e9nek 6. mell\u00e9klete (2020.02.29.) Az \u00c1llatorvos-t\u00f6rt\u00e9neti Gy\u0171jtem\u00e9ny k\u00fcldet\u00e9snyilatkozata \u201eHisz mindny\u00e1junknak k\u00f6z\u00f6s \u00e9rdeke, hogy egy\u00fctt legyen minden olyan eml\u00e9k, amely szeml\u00e9ltet\u0151en mutatja be a magyar \u00e1llatgy\u00f3gy\u00e1szat \u00e9s a magyar \u00e1llatorvostudom\u00e1ny fejl\u0151d\u00e9s\u00e9t\u2026\u201d Daday Andr\u00e1s, 1936 Az \u00c1llatorvos-t\u00f6rt\u00e9neti Gy\u0171jtem\u00e9ny az orsz\u00e1g egyetlen muze\u00e1lis gy\u0171jtem\u00e9nye, mely az agr\u00e1r-, \u00e9s orvost\u00f6rt\u00e9net szakter\u00fclet\u00e9n bel\u00fcl\" \/>\n<meta property=\"og:url\" content=\"https:\/\/univet.hu\/konyvtar\/muzeum\/kuldetesnyilatkozat\/\" \/>\n<meta property=\"og:site_name\" content=\"Hut\u00ffra Ferenc K\u00f6nyvt\u00e1r, Lev\u00e9lt\u00e1r \u00e9s M\u00fazeum\" \/>\n<meta property=\"article:modified_time\" content=\"2026-01-12T12:54:52+00:00\" \/>\n<meta name=\"twitter:card\" content=\"summary_large_image\" \/>\n<meta name=\"twitter:label1\" content=\"Becs\u00fclt olvas\u00e1si id\u0151\" \/>\n\t<meta name=\"twitter:data1\" content=\"2 perc\" \/>\n<script type=\"application\/ld+json\" class=\"yoast-schema-graph\">{\"@context\":\"https:\/\/schema.org\",\"@graph\":[{\"@type\":\"WebPage\",\"@id\":\"https:\/\/univet.hu\/konyvtar\/muzeum\/kuldetesnyilatkozat\/\",\"url\":\"https:\/\/univet.hu\/konyvtar\/muzeum\/kuldetesnyilatkozat\/\",\"name\":\"K\u00fcldet\u00e9snyilatkozat - Hut\u00ffra Ferenc K\u00f6nyvt\u00e1r, Lev\u00e9lt\u00e1r \u00e9s M\u00fazeum\",\"isPartOf\":{\"@id\":\"https:\/\/univet.hu\/konyvtar\/#website\"},\"datePublished\":\"2025-07-09T11:50:22+00:00\",\"dateModified\":\"2026-01-12T12:54:52+00:00\",\"breadcrumb\":{\"@id\":\"https:\/\/univet.hu\/konyvtar\/muzeum\/kuldetesnyilatkozat\/#breadcrumb\"},\"inLanguage\":\"hu\",\"potentialAction\":[{\"@type\":\"ReadAction\",\"target\":[\"https:\/\/univet.hu\/konyvtar\/muzeum\/kuldetesnyilatkozat\/\"]}]},{\"@type\":\"BreadcrumbList\",\"@id\":\"https:\/\/univet.hu\/konyvtar\/muzeum\/kuldetesnyilatkozat\/#breadcrumb\",\"itemListElement\":[{\"@type\":\"ListItem\",\"position\":1,\"name\":\"Kezd\u0151lap\",\"item\":\"https:\/\/univet.hu\/konyvtar\/\"},{\"@type\":\"ListItem\",\"position\":2,\"name\":\"M\u00fazeum\",\"item\":\"https:\/\/univet.hu\/konyvtar\/muzeum\/\"},{\"@type\":\"ListItem\",\"position\":3,\"name\":\"K\u00fcldet\u00e9snyilatkozat\"}]},{\"@type\":\"WebSite\",\"@id\":\"https:\/\/univet.hu\/konyvtar\/#website\",\"url\":\"https:\/\/univet.hu\/konyvtar\/\",\"name\":\"Hut\u00ffra Ferenc K\u00f6nyvt\u00e1r, Lev\u00e9lt\u00e1r \u00e9s M\u00fazeum\",\"description\":\"\",\"potentialAction\":[{\"@type\":\"SearchAction\",\"target\":{\"@type\":\"EntryPoint\",\"urlTemplate\":\"https:\/\/univet.hu\/konyvtar\/?s={search_term_string}\"},\"query-input\":{\"@type\":\"PropertyValueSpecification\",\"valueRequired\":true,\"valueName\":\"search_term_string\"}}],\"inLanguage\":\"hu\"}]}<\/script>\n<!-- \/ Yoast SEO plugin. -->","yoast_head_json":{"title":"K\u00fcldet\u00e9snyilatkozat - Hut\u00ffra Ferenc K\u00f6nyvt\u00e1r, Lev\u00e9lt\u00e1r \u00e9s M\u00fazeum","robots":{"index":"index","follow":"follow","max-snippet":"max-snippet:-1","max-image-preview":"max-image-preview:large","max-video-preview":"max-video-preview:-1"},"canonical":"https:\/\/univet.hu\/konyvtar\/muzeum\/kuldetesnyilatkozat\/","og_locale":"hu_HU","og_type":"article","og_title":"K\u00fcldet\u00e9snyilatkozat - Hut\u00ffra Ferenc K\u00f6nyvt\u00e1r, Lev\u00e9lt\u00e1r \u00e9s M\u00fazeum","og_description":"A Hut\u00ffra Ferenc K\u00f6nyvt\u00e1r, Lev\u00e9lt\u00e1r \u00e9s M\u00fazeum \u00dcgyrendj\u00e9nek 6. mell\u00e9klete (2020.02.29.) Az \u00c1llatorvos-t\u00f6rt\u00e9neti Gy\u0171jtem\u00e9ny k\u00fcldet\u00e9snyilatkozata \u201eHisz mindny\u00e1junknak k\u00f6z\u00f6s \u00e9rdeke, hogy egy\u00fctt legyen minden olyan eml\u00e9k, amely szeml\u00e9ltet\u0151en mutatja be a magyar \u00e1llatgy\u00f3gy\u00e1szat \u00e9s a magyar \u00e1llatorvostudom\u00e1ny fejl\u0151d\u00e9s\u00e9t\u2026\u201d Daday Andr\u00e1s, 1936 Az \u00c1llatorvos-t\u00f6rt\u00e9neti Gy\u0171jtem\u00e9ny az orsz\u00e1g egyetlen muze\u00e1lis gy\u0171jtem\u00e9nye, mely az agr\u00e1r-, \u00e9s orvost\u00f6rt\u00e9net szakter\u00fclet\u00e9n bel\u00fcl","og_url":"https:\/\/univet.hu\/konyvtar\/muzeum\/kuldetesnyilatkozat\/","og_site_name":"Hut\u00ffra Ferenc K\u00f6nyvt\u00e1r, Lev\u00e9lt\u00e1r \u00e9s M\u00fazeum","article_modified_time":"2026-01-12T12:54:52+00:00","twitter_card":"summary_large_image","twitter_misc":{"Becs\u00fclt olvas\u00e1si id\u0151":"2 perc"},"schema":{"@context":"https:\/\/schema.org","@graph":[{"@type":"WebPage","@id":"https:\/\/univet.hu\/konyvtar\/muzeum\/kuldetesnyilatkozat\/","url":"https:\/\/univet.hu\/konyvtar\/muzeum\/kuldetesnyilatkozat\/","name":"K\u00fcldet\u00e9snyilatkozat - Hut\u00ffra Ferenc K\u00f6nyvt\u00e1r, Lev\u00e9lt\u00e1r \u00e9s M\u00fazeum","isPartOf":{"@id":"https:\/\/univet.hu\/konyvtar\/#website"},"datePublished":"2025-07-09T11:50:22+00:00","dateModified":"2026-01-12T12:54:52+00:00","breadcrumb":{"@id":"https:\/\/univet.hu\/konyvtar\/muzeum\/kuldetesnyilatkozat\/#breadcrumb"},"inLanguage":"hu","potentialAction":[{"@type":"ReadAction","target":["https:\/\/univet.hu\/konyvtar\/muzeum\/kuldetesnyilatkozat\/"]}]},{"@type":"BreadcrumbList","@id":"https:\/\/univet.hu\/konyvtar\/muzeum\/kuldetesnyilatkozat\/#breadcrumb","itemListElement":[{"@type":"ListItem","position":1,"name":"Kezd\u0151lap","item":"https:\/\/univet.hu\/konyvtar\/"},{"@type":"ListItem","position":2,"name":"M\u00fazeum","item":"https:\/\/univet.hu\/konyvtar\/muzeum\/"},{"@type":"ListItem","position":3,"name":"K\u00fcldet\u00e9snyilatkozat"}]},{"@type":"WebSite","@id":"https:\/\/univet.hu\/konyvtar\/#website","url":"https:\/\/univet.hu\/konyvtar\/","name":"Hut\u00ffra Ferenc K\u00f6nyvt\u00e1r, Lev\u00e9lt\u00e1r \u00e9s M\u00fazeum","description":"","potentialAction":[{"@type":"SearchAction","target":{"@type":"EntryPoint","urlTemplate":"https:\/\/univet.hu\/konyvtar\/?s={search_term_string}"},"query-input":{"@type":"PropertyValueSpecification","valueRequired":true,"valueName":"search_term_string"}}],"inLanguage":"hu"}]}},"_links":{"self":[{"href":"https:\/\/univet.hu\/konyvtar\/wp-json\/wp\/v2\/pages\/268","targetHints":{"allow":["GET"]}}],"collection":[{"href":"https:\/\/univet.hu\/konyvtar\/wp-json\/wp\/v2\/pages"}],"about":[{"href":"https:\/\/univet.hu\/konyvtar\/wp-json\/wp\/v2\/types\/page"}],"author":[{"embeddable":true,"href":"https:\/\/univet.hu\/konyvtar\/wp-json\/wp\/v2\/users\/4333"}],"replies":[{"embeddable":true,"href":"https:\/\/univet.hu\/konyvtar\/wp-json\/wp\/v2\/comments?post=268"}],"version-history":[{"count":1,"href":"https:\/\/univet.hu\/konyvtar\/wp-json\/wp\/v2\/pages\/268\/revisions"}],"predecessor-version":[{"id":269,"href":"https:\/\/univet.hu\/konyvtar\/wp-json\/wp\/v2\/pages\/268\/revisions\/269"}],"up":[{"embeddable":true,"href":"https:\/\/univet.hu\/konyvtar\/wp-json\/wp\/v2\/pages\/260"}],"wp:attachment":[{"href":"https:\/\/univet.hu\/konyvtar\/wp-json\/wp\/v2\/media?parent=268"}],"wp:term":[{"taxonomy":"category","embeddable":true,"href":"https:\/\/univet.hu\/konyvtar\/wp-json\/wp\/v2\/categories?post=268"},{"taxonomy":"post_tag","embeddable":true,"href":"https:\/\/univet.hu\/konyvtar\/wp-json\/wp\/v2\/tags?post=268"}],"curies":[{"name":"wp","href":"https:\/\/api.w.org\/{rel}","templated":true}]}}