{"id":373,"date":"2025-07-09T15:54:01","date_gmt":"2025-07-09T13:54:01","guid":{"rendered":"https:\/\/univet.hu\/konyvtar\/?page_id=373"},"modified":"2026-01-12T13:54:51","modified_gmt":"2026-01-12T12:54:51","slug":"kulturalis-orokseg-napjai-2023","status":"publish","type":"page","link":"https:\/\/univet.hu\/konyvtar\/muzeum\/kiallitas-archivum\/kulturalis-orokseg-napjai-2023\/","title":{"rendered":"Kultur\u00e1lis \u00d6r\u00f6ks\u00e9g Napjai &#8211; 2023. szeptember 16-17."},"content":{"rendered":"<div class=\"entry-content\"> <p><strong><em>\u0150sf\u00e1k, kuty\u00e1k, anekdot\u00e1k \u2013 Campuss\u00e9ta esti f\u00e9nyben az \u00c1llatorvostudom\u00e1nyi Egyetemen<\/em><\/strong><\/p> <p>K\u00fcl\u00f6nleges szellemi-szakmai \u00f6r\u00f6ks\u00e9g lengi be az \u0151sf\u00e1kkal teli szoborparkot az erzs\u00e9betv\u00e1rosi campuson. A jeles egyetemi \u00e1llatorvos professzorok, kutat\u00f3k, feltal\u00e1l\u00f3k szobrainak t\u00f6rt\u00e9nete ennek a csod\u00e1latos \u00e1llatgy\u00f3gy\u00edt\u00f3 szakm\u00e1nak a kialakul\u00e1s\u00e1t mes\u00e9lik el. A neorenesz\u00e1nsz st\u00edlusban \u00e9p\u00fclt <strong>\u2013<\/strong> Zsolnay majolik\u00e1val \u00e9s R\u00f3th Miksa \u00e1ltal k\u00e9sz\u00edtett \u00fcvegablakokkal d\u00edsz\u00edtett <strong>\u2013<\/strong> pavilonrendszer\u0171 m\u0171eml\u00e9k\u00e9p\u00fcletek k\u00f6z\u00f6tti \u00e1llatszobrok is szervesen hozz\u00e1tartoznak az \u00e1llatorvosl\u00e1st oktat\u00f3 egyetem tradicion\u00e1lis t\u00f6rt\u00e9net\u00e9hez. Hogy mindez mik\u00e9nt? H\u00e1t err\u0151l sokat mes\u00e9lhetn\u00e9k\u2026<\/p> <p>&nbsp;<\/p> <p>A programon val\u00f3 r\u00e9szv\u00e9tel <strong>el\u0151zetes regisztr\u00e1ci\u00f3hoz k\u00f6t\u00f6tt<\/strong> (a v\u00e1lasztott id\u0151pont megjel\u00f6l\u00e9s\u00e9vel): <a class=\"decrypt\" rel=\"wbsbej\/befmAvojwfu\/iv\" href=\"javascript:void(0);\">[Kattintson az emailc\u00edmhez]<\/a><\/p> <p>A s\u00e9ta nem akad\u00e1lymentes\u00edtett.<\/p> <p><strong>Tal\u00e1lkoz\u00e1si pont:<\/strong> Istv\u00e1n u. 2. az Egyetem bej\u00e1rata, a porta mellett<\/p> <p><strong>Vezet\u0151 neve:<\/strong> V\u00e1radi Ad\u00e9l t\u00f6rt\u00e9n\u00e9sz-f\u0151muzeol\u00f3gus<\/p> <p><strong>Maxim\u00e1lis l\u00e9tsz\u00e1m:<\/strong> 30 f\u0151<\/p> <p><strong>Indul\u00e1si id\u0151pontok:<\/strong><\/p> <ul> <li>2023. szeptember 16. 18.30<\/li> <li>2023. szeptember 17. 18.30<\/li> <\/ul> <p>S\u00e9taid\u0151tartam: 60 perc<\/p> <p><a href=\"http:\/\/oroksegnapok.gov.hu\/seta\/1116\">http:\/\/oroksegnapok.gov.hu\/seta\/1116<\/a><\/p> <\/div>","protected":false},"excerpt":{"rendered":"<p>\u0150sf\u00e1k, kuty\u00e1k, anekdot\u00e1k \u2013 Campuss\u00e9ta esti f\u00e9nyben az \u00c1llatorvostudom\u00e1nyi Egyetemen K\u00fcl\u00f6nleges szellemi-szakmai \u00f6r\u00f6ks\u00e9g lengi be az \u0151sf\u00e1kkal teli szoborparkot az erzs\u00e9betv\u00e1rosi campuson. A jeles egyetemi \u00e1llatorvos professzorok, kutat\u00f3k, feltal\u00e1l\u00f3k szobrainak t\u00f6rt\u00e9nete ennek a csod\u00e1latos \u00e1llatgy\u00f3gy\u00edt\u00f3 szakm\u00e1nak a kialakul\u00e1s\u00e1t mes\u00e9lik el. A neorenesz\u00e1nsz st\u00edlusban \u00e9p\u00fclt \u2013 Zsolnay majolik\u00e1val \u00e9s R\u00f3th Miksa \u00e1ltal k\u00e9sz\u00edtett \u00fcvegablakokkal d\u00edsz\u00edtett \u2013<\/p>\n","protected":false},"author":4333,"featured_media":0,"parent":281,"menu_order":0,"comment_status":"closed","ping_status":"closed","template":"","meta":{"_acf_changed":false,"_eb_attr":"","footnotes":""},"categories":[21],"tags":[],"class_list":["post-373","page","type-page","status-publish","hentry","category-muzeum"],"acf":[],"yoast_head":"<!-- This site is optimized with the Yoast SEO plugin v27.2 - https:\/\/yoast.com\/product\/yoast-seo-wordpress\/ -->\n<title>Kultur\u00e1lis \u00d6r\u00f6ks\u00e9g Napjai - 2023. szeptember 16-17. - Hut\u00ffra Ferenc K\u00f6nyvt\u00e1r, Lev\u00e9lt\u00e1r \u00e9s M\u00fazeum<\/title>\n<meta name=\"robots\" content=\"index, follow, max-snippet:-1, max-image-preview:large, max-video-preview:-1\" \/>\n<link rel=\"canonical\" href=\"https:\/\/univet.hu\/konyvtar\/muzeum\/kiallitas-archivum\/kulturalis-orokseg-napjai-2023\/\" \/>\n<meta property=\"og:locale\" content=\"hu_HU\" \/>\n<meta property=\"og:type\" content=\"article\" \/>\n<meta property=\"og:title\" content=\"Kultur\u00e1lis \u00d6r\u00f6ks\u00e9g Napjai - 2023. szeptember 16-17. - Hut\u00ffra Ferenc K\u00f6nyvt\u00e1r, Lev\u00e9lt\u00e1r \u00e9s M\u00fazeum\" \/>\n<meta property=\"og:description\" content=\"\u0150sf\u00e1k, kuty\u00e1k, anekdot\u00e1k \u2013 Campuss\u00e9ta esti f\u00e9nyben az \u00c1llatorvostudom\u00e1nyi Egyetemen K\u00fcl\u00f6nleges szellemi-szakmai \u00f6r\u00f6ks\u00e9g lengi be az \u0151sf\u00e1kkal teli szoborparkot az erzs\u00e9betv\u00e1rosi campuson. A jeles egyetemi \u00e1llatorvos professzorok, kutat\u00f3k, feltal\u00e1l\u00f3k szobrainak t\u00f6rt\u00e9nete ennek a csod\u00e1latos \u00e1llatgy\u00f3gy\u00edt\u00f3 szakm\u00e1nak a kialakul\u00e1s\u00e1t mes\u00e9lik el. A neorenesz\u00e1nsz st\u00edlusban \u00e9p\u00fclt \u2013 Zsolnay majolik\u00e1val \u00e9s R\u00f3th Miksa \u00e1ltal k\u00e9sz\u00edtett \u00fcvegablakokkal d\u00edsz\u00edtett \u2013\" \/>\n<meta property=\"og:url\" content=\"https:\/\/univet.hu\/konyvtar\/muzeum\/kiallitas-archivum\/kulturalis-orokseg-napjai-2023\/\" \/>\n<meta property=\"og:site_name\" content=\"Hut\u00ffra Ferenc K\u00f6nyvt\u00e1r, Lev\u00e9lt\u00e1r \u00e9s M\u00fazeum\" \/>\n<meta property=\"article:modified_time\" content=\"2026-01-12T12:54:51+00:00\" \/>\n<meta name=\"twitter:card\" content=\"summary_large_image\" \/>\n<meta name=\"twitter:label1\" content=\"Becs\u00fclt olvas\u00e1si id\u0151\" \/>\n\t<meta name=\"twitter:data1\" content=\"1 perc\" \/>\n<script type=\"application\/ld+json\" class=\"yoast-schema-graph\">{\"@context\":\"https:\/\/schema.org\",\"@graph\":[{\"@type\":\"WebPage\",\"@id\":\"https:\/\/univet.hu\/konyvtar\/muzeum\/kiallitas-archivum\/kulturalis-orokseg-napjai-2023\/\",\"url\":\"https:\/\/univet.hu\/konyvtar\/muzeum\/kiallitas-archivum\/kulturalis-orokseg-napjai-2023\/\",\"name\":\"Kultur\u00e1lis \u00d6r\u00f6ks\u00e9g Napjai - 2023. szeptember 16-17. - Hut\u00ffra Ferenc K\u00f6nyvt\u00e1r, Lev\u00e9lt\u00e1r \u00e9s M\u00fazeum\",\"isPartOf\":{\"@id\":\"https:\/\/univet.hu\/konyvtar\/#website\"},\"datePublished\":\"2025-07-09T13:54:01+00:00\",\"dateModified\":\"2026-01-12T12:54:51+00:00\",\"breadcrumb\":{\"@id\":\"https:\/\/univet.hu\/konyvtar\/muzeum\/kiallitas-archivum\/kulturalis-orokseg-napjai-2023\/#breadcrumb\"},\"inLanguage\":\"hu\",\"potentialAction\":[{\"@type\":\"ReadAction\",\"target\":[\"https:\/\/univet.hu\/konyvtar\/muzeum\/kiallitas-archivum\/kulturalis-orokseg-napjai-2023\/\"]}]},{\"@type\":\"BreadcrumbList\",\"@id\":\"https:\/\/univet.hu\/konyvtar\/muzeum\/kiallitas-archivum\/kulturalis-orokseg-napjai-2023\/#breadcrumb\",\"itemListElement\":[{\"@type\":\"ListItem\",\"position\":1,\"name\":\"Kezd\u0151lap\",\"item\":\"https:\/\/univet.hu\/konyvtar\/\"},{\"@type\":\"ListItem\",\"position\":2,\"name\":\"M\u00fazeum\",\"item\":\"https:\/\/univet.hu\/konyvtar\/muzeum\/\"},{\"@type\":\"ListItem\",\"position\":3,\"name\":\"Ki\u00e1ll\u00edt\u00e1s arch\u00edvum\",\"item\":\"https:\/\/univet.hu\/konyvtar\/muzeum\/kiallitas-archivum\/\"},{\"@type\":\"ListItem\",\"position\":4,\"name\":\"Kultur\u00e1lis \u00d6r\u00f6ks\u00e9g Napjai &#8211; 2023. szeptember 16-17.\"}]},{\"@type\":\"WebSite\",\"@id\":\"https:\/\/univet.hu\/konyvtar\/#website\",\"url\":\"https:\/\/univet.hu\/konyvtar\/\",\"name\":\"Hut\u00ffra Ferenc K\u00f6nyvt\u00e1r, Lev\u00e9lt\u00e1r \u00e9s M\u00fazeum\",\"description\":\"\",\"potentialAction\":[{\"@type\":\"SearchAction\",\"target\":{\"@type\":\"EntryPoint\",\"urlTemplate\":\"https:\/\/univet.hu\/konyvtar\/?s={search_term_string}\"},\"query-input\":{\"@type\":\"PropertyValueSpecification\",\"valueRequired\":true,\"valueName\":\"search_term_string\"}}],\"inLanguage\":\"hu\"}]}<\/script>\n<!-- \/ Yoast SEO plugin. -->","yoast_head_json":{"title":"Kultur\u00e1lis \u00d6r\u00f6ks\u00e9g Napjai - 2023. szeptember 16-17. - Hut\u00ffra Ferenc K\u00f6nyvt\u00e1r, Lev\u00e9lt\u00e1r \u00e9s M\u00fazeum","robots":{"index":"index","follow":"follow","max-snippet":"max-snippet:-1","max-image-preview":"max-image-preview:large","max-video-preview":"max-video-preview:-1"},"canonical":"https:\/\/univet.hu\/konyvtar\/muzeum\/kiallitas-archivum\/kulturalis-orokseg-napjai-2023\/","og_locale":"hu_HU","og_type":"article","og_title":"Kultur\u00e1lis \u00d6r\u00f6ks\u00e9g Napjai - 2023. szeptember 16-17. - Hut\u00ffra Ferenc K\u00f6nyvt\u00e1r, Lev\u00e9lt\u00e1r \u00e9s M\u00fazeum","og_description":"\u0150sf\u00e1k, kuty\u00e1k, anekdot\u00e1k \u2013 Campuss\u00e9ta esti f\u00e9nyben az \u00c1llatorvostudom\u00e1nyi Egyetemen K\u00fcl\u00f6nleges szellemi-szakmai \u00f6r\u00f6ks\u00e9g lengi be az \u0151sf\u00e1kkal teli szoborparkot az erzs\u00e9betv\u00e1rosi campuson. A jeles egyetemi \u00e1llatorvos professzorok, kutat\u00f3k, feltal\u00e1l\u00f3k szobrainak t\u00f6rt\u00e9nete ennek a csod\u00e1latos \u00e1llatgy\u00f3gy\u00edt\u00f3 szakm\u00e1nak a kialakul\u00e1s\u00e1t mes\u00e9lik el. A neorenesz\u00e1nsz st\u00edlusban \u00e9p\u00fclt \u2013 Zsolnay majolik\u00e1val \u00e9s R\u00f3th Miksa \u00e1ltal k\u00e9sz\u00edtett \u00fcvegablakokkal d\u00edsz\u00edtett \u2013","og_url":"https:\/\/univet.hu\/konyvtar\/muzeum\/kiallitas-archivum\/kulturalis-orokseg-napjai-2023\/","og_site_name":"Hut\u00ffra Ferenc K\u00f6nyvt\u00e1r, Lev\u00e9lt\u00e1r \u00e9s M\u00fazeum","article_modified_time":"2026-01-12T12:54:51+00:00","twitter_card":"summary_large_image","twitter_misc":{"Becs\u00fclt olvas\u00e1si id\u0151":"1 perc"},"schema":{"@context":"https:\/\/schema.org","@graph":[{"@type":"WebPage","@id":"https:\/\/univet.hu\/konyvtar\/muzeum\/kiallitas-archivum\/kulturalis-orokseg-napjai-2023\/","url":"https:\/\/univet.hu\/konyvtar\/muzeum\/kiallitas-archivum\/kulturalis-orokseg-napjai-2023\/","name":"Kultur\u00e1lis \u00d6r\u00f6ks\u00e9g Napjai - 2023. szeptember 16-17. - Hut\u00ffra Ferenc K\u00f6nyvt\u00e1r, Lev\u00e9lt\u00e1r \u00e9s M\u00fazeum","isPartOf":{"@id":"https:\/\/univet.hu\/konyvtar\/#website"},"datePublished":"2025-07-09T13:54:01+00:00","dateModified":"2026-01-12T12:54:51+00:00","breadcrumb":{"@id":"https:\/\/univet.hu\/konyvtar\/muzeum\/kiallitas-archivum\/kulturalis-orokseg-napjai-2023\/#breadcrumb"},"inLanguage":"hu","potentialAction":[{"@type":"ReadAction","target":["https:\/\/univet.hu\/konyvtar\/muzeum\/kiallitas-archivum\/kulturalis-orokseg-napjai-2023\/"]}]},{"@type":"BreadcrumbList","@id":"https:\/\/univet.hu\/konyvtar\/muzeum\/kiallitas-archivum\/kulturalis-orokseg-napjai-2023\/#breadcrumb","itemListElement":[{"@type":"ListItem","position":1,"name":"Kezd\u0151lap","item":"https:\/\/univet.hu\/konyvtar\/"},{"@type":"ListItem","position":2,"name":"M\u00fazeum","item":"https:\/\/univet.hu\/konyvtar\/muzeum\/"},{"@type":"ListItem","position":3,"name":"Ki\u00e1ll\u00edt\u00e1s arch\u00edvum","item":"https:\/\/univet.hu\/konyvtar\/muzeum\/kiallitas-archivum\/"},{"@type":"ListItem","position":4,"name":"Kultur\u00e1lis \u00d6r\u00f6ks\u00e9g Napjai &#8211; 2023. szeptember 16-17."}]},{"@type":"WebSite","@id":"https:\/\/univet.hu\/konyvtar\/#website","url":"https:\/\/univet.hu\/konyvtar\/","name":"Hut\u00ffra Ferenc K\u00f6nyvt\u00e1r, Lev\u00e9lt\u00e1r \u00e9s M\u00fazeum","description":"","potentialAction":[{"@type":"SearchAction","target":{"@type":"EntryPoint","urlTemplate":"https:\/\/univet.hu\/konyvtar\/?s={search_term_string}"},"query-input":{"@type":"PropertyValueSpecification","valueRequired":true,"valueName":"search_term_string"}}],"inLanguage":"hu"}]}},"_links":{"self":[{"href":"https:\/\/univet.hu\/konyvtar\/wp-json\/wp\/v2\/pages\/373","targetHints":{"allow":["GET"]}}],"collection":[{"href":"https:\/\/univet.hu\/konyvtar\/wp-json\/wp\/v2\/pages"}],"about":[{"href":"https:\/\/univet.hu\/konyvtar\/wp-json\/wp\/v2\/types\/page"}],"author":[{"embeddable":true,"href":"https:\/\/univet.hu\/konyvtar\/wp-json\/wp\/v2\/users\/4333"}],"replies":[{"embeddable":true,"href":"https:\/\/univet.hu\/konyvtar\/wp-json\/wp\/v2\/comments?post=373"}],"version-history":[{"count":2,"href":"https:\/\/univet.hu\/konyvtar\/wp-json\/wp\/v2\/pages\/373\/revisions"}],"predecessor-version":[{"id":382,"href":"https:\/\/univet.hu\/konyvtar\/wp-json\/wp\/v2\/pages\/373\/revisions\/382"}],"up":[{"embeddable":true,"href":"https:\/\/univet.hu\/konyvtar\/wp-json\/wp\/v2\/pages\/281"}],"wp:attachment":[{"href":"https:\/\/univet.hu\/konyvtar\/wp-json\/wp\/v2\/media?parent=373"}],"wp:term":[{"taxonomy":"category","embeddable":true,"href":"https:\/\/univet.hu\/konyvtar\/wp-json\/wp\/v2\/categories?post=373"},{"taxonomy":"post_tag","embeddable":true,"href":"https:\/\/univet.hu\/konyvtar\/wp-json\/wp\/v2\/tags?post=373"}],"curies":[{"name":"wp","href":"https:\/\/api.w.org\/{rel}","templated":true}]}}