{"id":386,"date":"2025-07-10T08:08:35","date_gmt":"2025-07-10T06:08:35","guid":{"rendered":"https:\/\/univet.hu\/konyvtar\/?page_id=386"},"modified":"2026-01-12T13:54:53","modified_gmt":"2026-01-12T12:54:53","slug":"muzej-2025","status":"publish","type":"page","link":"https:\/\/univet.hu\/konyvtar\/muzeum\/muzeumok-ejszakaja\/muzej-2025\/","title":{"rendered":"M\u00fazeumok \u00c9jszak\u00e1ja 2025"},"content":{"rendered":"<div class=\"entry-content\"> <p data-start=\"124\" data-end=\"250\"><strong data-start=\"214\" data-end=\"250\">2025. j\u00fanius 21. | 16:00 \u2013 23:30<\/strong><\/p> <p data-start=\"252\" data-end=\"524\">Fedezd fel az \u00c1llatorvostudom\u00e1nyi Egyetem \u00e9s benne az \u00c1llatorvos-t\u00f6rt\u00e9neti Gy\u0171jtem\u00e9ny k\u00fcl\u00f6nleges hangulat\u00e1t a <strong data-start=\"315\" data-end=\"338\">M\u00fazeumok \u00c9jszak\u00e1j\u00e1n<\/strong>!<\/p> <p data-start=\"252\" data-end=\"524\">D\u00e9lut\u00e1nt\u00f3l k\u00e9s\u0151 estig sz\u00ednes, \u00e9lm\u00e9ny d\u00fas programokkal v\u00e1runk kicsiket \u00e9s nagyokat egyar\u00e1nt, legyen sz\u00f3 m\u00fazeuml\u00e1togat\u00e1sr\u00f3l, \u00e1llatsimogat\u00f3r\u00f3l, el\u0151ad\u00e1sr\u00f3l vagy j\u00e1t\u00e9kos kih\u00edv\u00e1sokr\u00f3l.<\/p> <p data-start=\"553\" data-end=\"591\"><strong data-start=\"557\" data-end=\"589\">Ki\u00e1ll\u00edt\u00e1sok, t\u00e1rlatvezet\u00e9sek<\/strong><\/p> <ul> <li data-start=\"594\" data-end=\"647\">Az egyetemt\u00f6rt\u00e9neti ki\u00e1ll\u00edt\u00e1s megl\u00e1togat\u00e1sa (folyamatosan, vezet\u00e9s n\u00e9lk\u00fcl l\u00e1togathat\u00f3)<\/li> <li data-start=\"594\" data-end=\"647\">\u201eTudtad-e?\u201d poszterki\u00e1ll\u00edt\u00e1s \u2013 Tudtad, hogy a sz\u00fcrke farkas a farkasf\u00e9l\u00e9k igazi \u00f3ri\u00e1sa? Hogy a v\u00f6r\u00f6s hi\u00faz hangja megt\u00e9veszt\u0151en hasonl\u00edt egy sik\u00edt\u00f3 n\u0151\u00e9re? \u00c9s azt, hogy egy barnamedve gyorsabb lehet, mint egy olimpiai sprinter? Fedezd fel a nagyragadoz\u00f3k leny\u0171g\u00f6z\u0151 vil\u00e1g\u00e1t a \u201eTudtad-e?\u201d poszterek seg\u00edts\u00e9g\u00e9vel!<\/li> <li data-start=\"594\" data-end=\"647\"><em data-start=\"725\" data-end=\"749\">K\u0151b\u0151l sz\u0151tt t\u00f6rt\u00e9netek<\/em> \u2013 s\u00e9ta az egyetem kertj\u00e9ben vezet\u00e9ssel (16:30, 17:30, 19:30). Tal\u00e1lkoz\u00e1si pont: Marci a macska szobr\u00e1n\u00e1l.<\/li> <\/ul> <p data-start=\"801\" data-end=\"826\"><strong data-start=\"804\" data-end=\"824\">Gyermekprogramok<\/strong><\/p> <ul> <li data-start=\"801\" data-end=\"826\"><em data-start=\"829\" data-end=\"851\">\u00c9letfa \u00c1llatsimogat\u00f3<\/em> \u2013 tal\u00e1lkoz\u00e1s rovarokkal, h\u00fcll\u0151kkel, madarakkal \u00e9s eml\u0151s\u00f6kkel. Ismerkedj meg testk\u00f6zelb\u0151l rovarokkal, h\u00fcll\u0151kkel, madarakkal \u00e9s eml\u0151s\u00f6kkel az \u00c9letfa \u00c1llatsimogat\u00f3 j\u00f3volt\u00e1b\u00f3l. Tal\u00e1lkozhatsz t\u00f6bbek k\u00f6z\u00f6tt var\u00e1nusszal, bo\u00e1val, szeg\u00e9lyes tekn\u0151ssel, p\u00e1paszemes tr\u00f3pusi bagollyal, afrikai feh\u00e9rhas\u00fa t\u00f6rpes\u00fcn\u00f6kkel\u00a0\u00e9s \u00f3ri\u00e1s ezerl\u00e1b\u00faval is. R\u00f6vid ismertet\u0151k ut\u00e1n minden \u00e1llatot\u00a0meg is simogathatsz vagy k\u00e9zbe vehetsz\u00a0\u2013 el\u00e9g b\u00e1tor vagy hozz\u00e1?<\/li> <li data-start=\"801\" data-end=\"826\"><em data-start=\"917\" data-end=\"959\">T\u00fcskev\u00e1r Alap\u00edtv\u00e1ny \u00e9s Vad\u00e1szg\u00f6r\u00e9ny Klub<\/em>. \u201eMindent a szemnek\u201d alapon: \u00e9l\u0151 nyest, nyuszi, f\u00e1c\u00e1n\/galamb, tengerimalac, g\u00f6r\u00f6g tekn\u0151s, s\u00fcni \u00e9s g\u00f6r\u00e9ny bemutat\u00f3.<\/li> <li data-start=\"801\" data-end=\"826\"><em data-start=\"973\" data-end=\"991\">J\u00e1t\u00e9kos kavalk\u00e1d<\/em> \u2013 T\u00e9ged is v\u00e1r az \u00e1llatvil\u00e1g izgalmas kih\u00edv\u00e1sa! Rakd ki az \u00f3ri\u00e1skirak\u00f3t, vagy ismerd fel,\u00a0kinek a l\u00e1bnyoma\u00a0vagy \u00e9pp\u00a0kinek a r\u00f6ntgenk\u00e9pe ker\u00fclt el\u00e9d! P\u00e1ros\u00edt\u00f3 j\u00e1t\u00e9kainkban megfigyel\u00e9sre \u00e9s j\u00f3 meg\u00e9rz\u00e9sre is sz\u00fcks\u00e9g lesz \u2013 vajon felismered az \u00e1llatokat csup\u00e1n a nyomuk vagy a csontjaik alapj\u00e1n? A \u201eHol \u0151shonos?\u201d j\u00e1t\u00e9kban pedig vil\u00e1gt\u00e9rk\u00e9pen kell elhelyezned az \u00e1llatokat \u2013 tudd meg, melyik\u00fck honnan sz\u00e1rmazik! Sz\u00f3rakoztat\u00f3, tanuls\u00e1gos \u00e9s garant\u00e1ltan lek\u00f6ti a k\u00edv\u00e1ncsi kis (\u00e9s nagy) felfedez\u0151ket!<\/li> <li data-start=\"801\" data-end=\"826\"><em data-start=\"1043\" data-end=\"1058\">Kreat\u00edv kuck\u00f3<\/em> \u2013 rajz, sz\u00ednez\u00e9s, arcfest\u00e9s, \u00fatkeres\u0151s j\u00e1t\u00e9k \u00e9s sok m\u00e1s.<\/li> <li data-start=\"801\" data-end=\"826\"><em data-start=\"1108\" data-end=\"1127\">\u201eFarm a v\u00e1rosban\u201d<\/em> \u2013 Az \u00fcll\u0151i Tangazdas\u00e1gunk j\u00f3volt\u00e1b\u00f3l igazi vid\u00e9ki hangulat k\u00f6lt\u00f6zik a rendezv\u00e9nyre! A gyerekeket \u00e9s feln\u0151tteket egyar\u00e1nt v\u00e1rja az \u00e1llatsimogat\u00f3, ahol puha\u00a0kisb\u00e1r\u00e1nyok\u00a0valamint bar\u00e1ts\u00e1gos\u00a0p\u00f3nik\u00a0gondoskodnak a felejthetetlen \u00e9lm\u00e9nyr\u0151l.<\/li> <\/ul> <p data-start=\"1160\" data-end=\"1199\"><strong data-start=\"1163\" data-end=\"1197\">Interakt\u00edv \u00e9lm\u00e9nyek, el\u0151ad\u00e1sok<\/strong><\/p> <ul> <li data-start=\"1202\" data-end=\"1266\"><em data-start=\"1202\" data-end=\"1230\">Mit csin\u00e1l egy \u00e1llatorvos?<\/em> \u2013 Tal\u00e1lkozz az \u00c1llatorvostudom\u00e1nyi Egyetem hallgat\u00f3ival, akik\u00a0betekint\u00e9st ny\u00fajtanak a kulissz\u00e1k m\u00f6g\u00e9!<br \/> Pr\u00f3b\u00e1ld fel az \u00e1llatorvosi k\u00f6penyt, k\u00e9sz\u00edts fot\u00f3t orvosi t\u00e1sk\u00e1val \u00e9s m\u0171szerekkel, n\u00e9zz meg k\u00f6zelr\u0151l egy l\u00f3kopony\u00e1t, \u00e9s\u00a0ismerd meg az \u00e1llatorvosl\u00e1s izgalmas vil\u00e1g\u00e1t testk\u00f6zelb\u0151l!<\/li> <li data-start=\"1202\" data-end=\"1266\"><em data-start=\"1269\" data-end=\"1285\">M\u00faz\u00c9j Detekt\u00edv<\/em> \u2013 QR-k\u00f3dos nyomoz\u00f3s j\u00e1t\u00e9k a campus ter\u00fclet\u00e9n (saj\u00e1t telefonnal j\u00e1tszhat\u00f3).<\/li> <\/ul> <p data-start=\"1335\" data-end=\"1349\"><strong data-start=\"1335\" data-end=\"1349\">El\u0151ad\u00e1sok:<\/strong><\/p> <ul> <li data-start=\"1354\" data-end=\"1425\"><em data-start=\"1354\" data-end=\"1391\">\u201cAmib\u0151l a S\u00e1rga r\u00f3zsa kihajtott\u2026\u201d \u2013 J\u00f3kai M\u00f3r a Hortob\u00e1gyon vend\u00e9gs\u00e9gben Dely Mih\u00e1ly \u00e1llatorvosn\u00e1l 1889<\/em> \u2013 17:00 (Dr. Mar\u00f3ti-Ag\u00f3ts \u00c1kosnak, az \u00c1llatteny\u00e9szt\u00e9si \u00e9s Genetikai Tansz\u00e9k tansz\u00e9kvezet\u0151 helyettes\u00e9nek el\u0151ad\u00e1sa)<\/li> <li data-start=\"1354\" data-end=\"1425\"><em data-start=\"1430\" data-end=\"1456\">\u201cMir\u0151l suttognak J\u00f3kai M\u00f3r f\u00e1i? \u201d \u2013 a J\u00f3kai kert \u00e9s az \u00edr\u00f3 n\u00f6v\u00e9nyszeretete<\/em> \u2013 18:00 (Dr. H\u00e1zi Juditnak, a N\u00f6v\u00e9nytani Tansz\u00e9k leend\u0151 vezet\u0151j\u00e9nek el\u0151ad\u00e1sa)<\/li> <li data-start=\"1354\" data-end=\"1425\"><em data-start=\"1488\" data-end=\"1514\">A \u201cSenki szigete\u201d \u00e9s t\u00e1rsai \u2013 a Duna szigeteinek \u00f6kol\u00f3giai \u00e9rt\u00e9kei<\/em> \u2013 19:00 (Dr. Szab\u00f3 Kriszti\u00e1nnak, a Molekul\u00e1ris \u00d6kol\u00f3gia Kutat\u00f3csoport tagj\u00e1nak el\u0151ad\u00e1sa)<\/li> <li data-start=\"1354\" data-end=\"1425\"><em data-start=\"1551\" data-end=\"1569\">\u201eA s\u00f6t\u00e9ts\u00e9g bajnokai\u201d \u2013 a denev\u00e9rek titokzatos vil\u00e1ga<\/em> \u2013 20:00 (Dr. Szabadi Kriszta Lill\u00e1nak, az \u00d6kol\u00f3giai Kutat\u00f3k\u00f6zpont tudom\u00e1nyos seg\u00e9dmunkat\u00e1rs\u00e1nak el\u0151ad\u00e1sa )<\/li> <li data-start=\"1354\" data-end=\"1425\"><em data-start=\"1612\" data-end=\"1646\">\u201eSebes\u00fclt h\u0151s\u00f6k n\u00e9gy l\u00e1bon\u201d \u2013 katonai \u00e1llatgy\u00f3gy\u00e1szat a szabads\u00e1gharc idej\u00e9n<\/em> \u2013 21:00 (Dr. Bakos Zolt\u00e1nnak, a L\u00f3gy\u00f3gy\u00e1szati Tansz\u00e9k \u00e9s Klinika tansz\u00e9kvezet\u0151-helyettes\u00e9nek el\u0151ad\u00e1sa)<\/li> <\/ul> <p data-start=\"1675\" data-end=\"1867\"><strong data-start=\"1678\" data-end=\"1728\">Gyakorlat, \u00e9lm\u00e9ny, tud\u00e1s \u2013 mindez egy helyen!<\/strong><br data-start=\"1728\" data-end=\"1731\" \/>L\u00e9gy r\u00e9szese e k\u00fcl\u00f6nleges \u00e9jszak\u00e1nak, \u00e9s mer\u00fclj el az \u00e1llatorvosl\u00e1s m\u00faltj\u00e1ban, jelen\u00e9ben \u00e9s j\u00f6v\u0151j\u00e9ben.<\/p> <\/div>","protected":false},"excerpt":{"rendered":"<p>2025. j\u00fanius 21. | 16:00 \u2013 23:30 Fedezd fel az \u00c1llatorvostudom\u00e1nyi Egyetem \u00e9s benne az \u00c1llatorvos-t\u00f6rt\u00e9neti Gy\u0171jtem\u00e9ny k\u00fcl\u00f6nleges hangulat\u00e1t a M\u00fazeumok \u00c9jszak\u00e1j\u00e1n! D\u00e9lut\u00e1nt\u00f3l k\u00e9s\u0151 estig sz\u00ednes, \u00e9lm\u00e9ny d\u00fas programokkal v\u00e1runk kicsiket \u00e9s nagyokat egyar\u00e1nt, legyen sz\u00f3 m\u00fazeuml\u00e1togat\u00e1sr\u00f3l, \u00e1llatsimogat\u00f3r\u00f3l, el\u0151ad\u00e1sr\u00f3l vagy j\u00e1t\u00e9kos kih\u00edv\u00e1sokr\u00f3l. Ki\u00e1ll\u00edt\u00e1sok, t\u00e1rlatvezet\u00e9sek Az egyetemt\u00f6rt\u00e9neti ki\u00e1ll\u00edt\u00e1s megl\u00e1togat\u00e1sa (folyamatosan, vezet\u00e9s n\u00e9lk\u00fcl l\u00e1togathat\u00f3) \u201eTudtad-e?\u201d poszterki\u00e1ll\u00edt\u00e1s \u2013<\/p>\n","protected":false},"author":4333,"featured_media":0,"parent":384,"menu_order":9,"comment_status":"closed","ping_status":"closed","template":"","meta":{"_acf_changed":false,"_eb_attr":"","footnotes":""},"categories":[21],"tags":[],"class_list":["post-386","page","type-page","status-publish","hentry","category-muzeum"],"acf":[],"yoast_head":"<!-- This site is optimized with the Yoast SEO plugin v27.2 - https:\/\/yoast.com\/product\/yoast-seo-wordpress\/ -->\n<title>M\u00fazeumok \u00c9jszak\u00e1ja 2025 - Hut\u00ffra Ferenc K\u00f6nyvt\u00e1r, Lev\u00e9lt\u00e1r \u00e9s M\u00fazeum<\/title>\n<meta name=\"robots\" content=\"index, follow, max-snippet:-1, max-image-preview:large, max-video-preview:-1\" \/>\n<link rel=\"canonical\" href=\"https:\/\/univet.hu\/konyvtar\/muzeum\/muzeumok-ejszakaja\/muzej-2025\/\" \/>\n<meta property=\"og:locale\" content=\"hu_HU\" \/>\n<meta property=\"og:type\" content=\"article\" \/>\n<meta property=\"og:title\" content=\"M\u00fazeumok \u00c9jszak\u00e1ja 2025 - Hut\u00ffra Ferenc K\u00f6nyvt\u00e1r, Lev\u00e9lt\u00e1r \u00e9s M\u00fazeum\" \/>\n<meta property=\"og:description\" content=\"2025. j\u00fanius 21. | 16:00 \u2013 23:30 Fedezd fel az \u00c1llatorvostudom\u00e1nyi Egyetem \u00e9s benne az \u00c1llatorvos-t\u00f6rt\u00e9neti Gy\u0171jtem\u00e9ny k\u00fcl\u00f6nleges hangulat\u00e1t a M\u00fazeumok \u00c9jszak\u00e1j\u00e1n! D\u00e9lut\u00e1nt\u00f3l k\u00e9s\u0151 estig sz\u00ednes, \u00e9lm\u00e9ny d\u00fas programokkal v\u00e1runk kicsiket \u00e9s nagyokat egyar\u00e1nt, legyen sz\u00f3 m\u00fazeuml\u00e1togat\u00e1sr\u00f3l, \u00e1llatsimogat\u00f3r\u00f3l, el\u0151ad\u00e1sr\u00f3l vagy j\u00e1t\u00e9kos kih\u00edv\u00e1sokr\u00f3l. Ki\u00e1ll\u00edt\u00e1sok, t\u00e1rlatvezet\u00e9sek Az egyetemt\u00f6rt\u00e9neti ki\u00e1ll\u00edt\u00e1s megl\u00e1togat\u00e1sa (folyamatosan, vezet\u00e9s n\u00e9lk\u00fcl l\u00e1togathat\u00f3) \u201eTudtad-e?\u201d poszterki\u00e1ll\u00edt\u00e1s \u2013\" \/>\n<meta property=\"og:url\" content=\"https:\/\/univet.hu\/konyvtar\/muzeum\/muzeumok-ejszakaja\/muzej-2025\/\" \/>\n<meta property=\"og:site_name\" content=\"Hut\u00ffra Ferenc K\u00f6nyvt\u00e1r, Lev\u00e9lt\u00e1r \u00e9s M\u00fazeum\" \/>\n<meta property=\"article:modified_time\" content=\"2026-01-12T12:54:53+00:00\" \/>\n<meta name=\"twitter:card\" content=\"summary_large_image\" \/>\n<meta name=\"twitter:label1\" content=\"Becs\u00fclt olvas\u00e1si id\u0151\" \/>\n\t<meta name=\"twitter:data1\" content=\"3 perc\" \/>\n<script type=\"application\/ld+json\" class=\"yoast-schema-graph\">{\"@context\":\"https:\/\/schema.org\",\"@graph\":[{\"@type\":\"WebPage\",\"@id\":\"https:\/\/univet.hu\/konyvtar\/muzeum\/muzeumok-ejszakaja\/muzej-2025\/\",\"url\":\"https:\/\/univet.hu\/konyvtar\/muzeum\/muzeumok-ejszakaja\/muzej-2025\/\",\"name\":\"M\u00fazeumok \u00c9jszak\u00e1ja 2025 - Hut\u00ffra Ferenc K\u00f6nyvt\u00e1r, Lev\u00e9lt\u00e1r \u00e9s M\u00fazeum\",\"isPartOf\":{\"@id\":\"https:\/\/univet.hu\/konyvtar\/#website\"},\"datePublished\":\"2025-07-10T06:08:35+00:00\",\"dateModified\":\"2026-01-12T12:54:53+00:00\",\"breadcrumb\":{\"@id\":\"https:\/\/univet.hu\/konyvtar\/muzeum\/muzeumok-ejszakaja\/muzej-2025\/#breadcrumb\"},\"inLanguage\":\"hu\",\"potentialAction\":[{\"@type\":\"ReadAction\",\"target\":[\"https:\/\/univet.hu\/konyvtar\/muzeum\/muzeumok-ejszakaja\/muzej-2025\/\"]}]},{\"@type\":\"BreadcrumbList\",\"@id\":\"https:\/\/univet.hu\/konyvtar\/muzeum\/muzeumok-ejszakaja\/muzej-2025\/#breadcrumb\",\"itemListElement\":[{\"@type\":\"ListItem\",\"position\":1,\"name\":\"Kezd\u0151lap\",\"item\":\"https:\/\/univet.hu\/konyvtar\/\"},{\"@type\":\"ListItem\",\"position\":2,\"name\":\"M\u00fazeum\",\"item\":\"https:\/\/univet.hu\/konyvtar\/muzeum\/\"},{\"@type\":\"ListItem\",\"position\":3,\"name\":\"M\u00fazeumok \u00c9jszak\u00e1ja\",\"item\":\"https:\/\/univet.hu\/konyvtar\/muzeum\/muzeumok-ejszakaja\/\"},{\"@type\":\"ListItem\",\"position\":4,\"name\":\"M\u00fazeumok \u00c9jszak\u00e1ja 2025\"}]},{\"@type\":\"WebSite\",\"@id\":\"https:\/\/univet.hu\/konyvtar\/#website\",\"url\":\"https:\/\/univet.hu\/konyvtar\/\",\"name\":\"Hut\u00ffra Ferenc K\u00f6nyvt\u00e1r, Lev\u00e9lt\u00e1r \u00e9s M\u00fazeum\",\"description\":\"\",\"potentialAction\":[{\"@type\":\"SearchAction\",\"target\":{\"@type\":\"EntryPoint\",\"urlTemplate\":\"https:\/\/univet.hu\/konyvtar\/?s={search_term_string}\"},\"query-input\":{\"@type\":\"PropertyValueSpecification\",\"valueRequired\":true,\"valueName\":\"search_term_string\"}}],\"inLanguage\":\"hu\"}]}<\/script>\n<!-- \/ Yoast SEO plugin. -->","yoast_head_json":{"title":"M\u00fazeumok \u00c9jszak\u00e1ja 2025 - Hut\u00ffra Ferenc K\u00f6nyvt\u00e1r, Lev\u00e9lt\u00e1r \u00e9s M\u00fazeum","robots":{"index":"index","follow":"follow","max-snippet":"max-snippet:-1","max-image-preview":"max-image-preview:large","max-video-preview":"max-video-preview:-1"},"canonical":"https:\/\/univet.hu\/konyvtar\/muzeum\/muzeumok-ejszakaja\/muzej-2025\/","og_locale":"hu_HU","og_type":"article","og_title":"M\u00fazeumok \u00c9jszak\u00e1ja 2025 - Hut\u00ffra Ferenc K\u00f6nyvt\u00e1r, Lev\u00e9lt\u00e1r \u00e9s M\u00fazeum","og_description":"2025. j\u00fanius 21. | 16:00 \u2013 23:30 Fedezd fel az \u00c1llatorvostudom\u00e1nyi Egyetem \u00e9s benne az \u00c1llatorvos-t\u00f6rt\u00e9neti Gy\u0171jtem\u00e9ny k\u00fcl\u00f6nleges hangulat\u00e1t a M\u00fazeumok \u00c9jszak\u00e1j\u00e1n! D\u00e9lut\u00e1nt\u00f3l k\u00e9s\u0151 estig sz\u00ednes, \u00e9lm\u00e9ny d\u00fas programokkal v\u00e1runk kicsiket \u00e9s nagyokat egyar\u00e1nt, legyen sz\u00f3 m\u00fazeuml\u00e1togat\u00e1sr\u00f3l, \u00e1llatsimogat\u00f3r\u00f3l, el\u0151ad\u00e1sr\u00f3l vagy j\u00e1t\u00e9kos kih\u00edv\u00e1sokr\u00f3l. Ki\u00e1ll\u00edt\u00e1sok, t\u00e1rlatvezet\u00e9sek Az egyetemt\u00f6rt\u00e9neti ki\u00e1ll\u00edt\u00e1s megl\u00e1togat\u00e1sa (folyamatosan, vezet\u00e9s n\u00e9lk\u00fcl l\u00e1togathat\u00f3) \u201eTudtad-e?\u201d poszterki\u00e1ll\u00edt\u00e1s \u2013","og_url":"https:\/\/univet.hu\/konyvtar\/muzeum\/muzeumok-ejszakaja\/muzej-2025\/","og_site_name":"Hut\u00ffra Ferenc K\u00f6nyvt\u00e1r, Lev\u00e9lt\u00e1r \u00e9s M\u00fazeum","article_modified_time":"2026-01-12T12:54:53+00:00","twitter_card":"summary_large_image","twitter_misc":{"Becs\u00fclt olvas\u00e1si id\u0151":"3 perc"},"schema":{"@context":"https:\/\/schema.org","@graph":[{"@type":"WebPage","@id":"https:\/\/univet.hu\/konyvtar\/muzeum\/muzeumok-ejszakaja\/muzej-2025\/","url":"https:\/\/univet.hu\/konyvtar\/muzeum\/muzeumok-ejszakaja\/muzej-2025\/","name":"M\u00fazeumok \u00c9jszak\u00e1ja 2025 - Hut\u00ffra Ferenc K\u00f6nyvt\u00e1r, Lev\u00e9lt\u00e1r \u00e9s M\u00fazeum","isPartOf":{"@id":"https:\/\/univet.hu\/konyvtar\/#website"},"datePublished":"2025-07-10T06:08:35+00:00","dateModified":"2026-01-12T12:54:53+00:00","breadcrumb":{"@id":"https:\/\/univet.hu\/konyvtar\/muzeum\/muzeumok-ejszakaja\/muzej-2025\/#breadcrumb"},"inLanguage":"hu","potentialAction":[{"@type":"ReadAction","target":["https:\/\/univet.hu\/konyvtar\/muzeum\/muzeumok-ejszakaja\/muzej-2025\/"]}]},{"@type":"BreadcrumbList","@id":"https:\/\/univet.hu\/konyvtar\/muzeum\/muzeumok-ejszakaja\/muzej-2025\/#breadcrumb","itemListElement":[{"@type":"ListItem","position":1,"name":"Kezd\u0151lap","item":"https:\/\/univet.hu\/konyvtar\/"},{"@type":"ListItem","position":2,"name":"M\u00fazeum","item":"https:\/\/univet.hu\/konyvtar\/muzeum\/"},{"@type":"ListItem","position":3,"name":"M\u00fazeumok \u00c9jszak\u00e1ja","item":"https:\/\/univet.hu\/konyvtar\/muzeum\/muzeumok-ejszakaja\/"},{"@type":"ListItem","position":4,"name":"M\u00fazeumok \u00c9jszak\u00e1ja 2025"}]},{"@type":"WebSite","@id":"https:\/\/univet.hu\/konyvtar\/#website","url":"https:\/\/univet.hu\/konyvtar\/","name":"Hut\u00ffra Ferenc K\u00f6nyvt\u00e1r, Lev\u00e9lt\u00e1r \u00e9s M\u00fazeum","description":"","potentialAction":[{"@type":"SearchAction","target":{"@type":"EntryPoint","urlTemplate":"https:\/\/univet.hu\/konyvtar\/?s={search_term_string}"},"query-input":{"@type":"PropertyValueSpecification","valueRequired":true,"valueName":"search_term_string"}}],"inLanguage":"hu"}]}},"_links":{"self":[{"href":"https:\/\/univet.hu\/konyvtar\/wp-json\/wp\/v2\/pages\/386","targetHints":{"allow":["GET"]}}],"collection":[{"href":"https:\/\/univet.hu\/konyvtar\/wp-json\/wp\/v2\/pages"}],"about":[{"href":"https:\/\/univet.hu\/konyvtar\/wp-json\/wp\/v2\/types\/page"}],"author":[{"embeddable":true,"href":"https:\/\/univet.hu\/konyvtar\/wp-json\/wp\/v2\/users\/4333"}],"replies":[{"embeddable":true,"href":"https:\/\/univet.hu\/konyvtar\/wp-json\/wp\/v2\/comments?post=386"}],"version-history":[{"count":2,"href":"https:\/\/univet.hu\/konyvtar\/wp-json\/wp\/v2\/pages\/386\/revisions"}],"predecessor-version":[{"id":490,"href":"https:\/\/univet.hu\/konyvtar\/wp-json\/wp\/v2\/pages\/386\/revisions\/490"}],"up":[{"embeddable":true,"href":"https:\/\/univet.hu\/konyvtar\/wp-json\/wp\/v2\/pages\/384"}],"wp:attachment":[{"href":"https:\/\/univet.hu\/konyvtar\/wp-json\/wp\/v2\/media?parent=386"}],"wp:term":[{"taxonomy":"category","embeddable":true,"href":"https:\/\/univet.hu\/konyvtar\/wp-json\/wp\/v2\/categories?post=386"},{"taxonomy":"post_tag","embeddable":true,"href":"https:\/\/univet.hu\/konyvtar\/wp-json\/wp\/v2\/tags?post=386"}],"curies":[{"name":"wp","href":"https:\/\/api.w.org\/{rel}","templated":true}]}}