{"id":446,"date":"2025-07-10T08:44:21","date_gmt":"2025-07-10T06:44:21","guid":{"rendered":"https:\/\/univet.hu\/konyvtar\/?page_id=446"},"modified":"2026-01-12T13:54:52","modified_gmt":"2026-01-12T12:54:52","slug":"muzej-2016","status":"publish","type":"page","link":"https:\/\/univet.hu\/konyvtar\/muzeum\/muzeumok-ejszakaja\/muzej-2016\/","title":{"rendered":"M\u00fazeumok \u00c9jszak\u00e1ja 2016"},"content":{"rendered":"<p>\u00c1llatorvos-t\u00f6rt\u00e9neti Gy\u0171jtem\u00e9ny<\/p> <p><strong>A marhav\u00e9szt\u0151l az embri\u00f3-\u00e1t\u00fcltet\u00e9sig<\/strong><\/p> <p>\u2013 H\u0151s\u00f6k \u00e9s feltal\u00e1l\u00f3k az \u00e1llatorvosok k\u00f6z\u00f6tt-<\/p> <p>2016. j\u00fanius 25.<\/p> <p>&nbsp;<\/p> <div><strong>Ki\u00e1ll\u00edt\u00e1sok:<\/strong><\/div> <div><\/div> <ul> <li><strong>\u00c1llatorvosl\u00e1s \u00e9s egyetemt\u00f6rt\u00e9net;<\/strong><\/li> <li><strong>Mozaikok az \u00e9lelmiszer-vizsg\u00e1lat t\u00f6rt\u00e9net\u00e9b\u0151l;<\/strong><\/li> <li><strong>Zlam\u00e1l Vilmos reg\u00e9nyes \u00e9lete lev\u00e9lt\u00e1ri forr\u00e1sok t\u00fckr\u00e9ben;<\/strong><\/li> <li><strong>Felfedez\u0151 \u00e9s feltal\u00e1l\u00f3 \u00e1llatorvosok r\u00e9gen \u00e9s ma<\/strong><\/li> <\/ul> <p>18.00-t\u00f3l \u00e9s 23.00-t\u00f3l t\u00e1rlatvezet\u00e9s:\u00a0<strong>Egyetemt\u00f6rt\u00e9net anekdot\u00e1kkal<\/strong>\u00a0(Dr. K\u00f3tai Istv\u00e1n)<\/p> <p>21.00-t\u00f3l t\u00e1rlatvezet\u00e9s:\u00a0<strong>Mozaikok az \u00e9lelmiszer-vizsg\u00e1lat t\u00f6rt\u00e9net\u00e9b\u0151l<\/strong>\u00a0(Dr. Szita G\u00e9za)<\/p> <p>&nbsp;<\/p> <p><strong>El\u0151ad\u00e1sok<\/strong><\/p> <div> <table style=\"width: 92.9655%\" border=\"0\"> <tbody> <tr> <td style=\"width: 12.9512%\" width=\"100px\">19.00-19.30<\/td> <td style=\"width: 86.3057%\"><strong>T\u00e9nyleg savas\u00edt \u00e9tel\u00fcnk\u2013italunk?<\/strong>\u00a0(Dr. Fekete S\u00e1ndor Gy\u00f6rgy)<\/td> <\/tr> <tr> <td style=\"width: 12.9512%\">19.30-20.00<\/td> <td style=\"width: 86.3057%\"><strong>A k\u0151balt\u00e1t\u00f3l az \u0171rhaj\u00f3ig, avagy az innov\u00e1ci\u00f3 jelent\u0151s\u00e9ge a halad\u00e1sban<\/strong>\u00a0(Dr. Szita G\u00e9za)<\/td> <\/tr> <tr> <td style=\"width: 12.9512%\">20.00-20.30<\/td> <td style=\"width: 86.3057%\"><strong>A h\u0151s \u00e9s a renesz\u00e1nsz ember<\/strong>\u00a0(Dr. K\u00f3tai Istv\u00e1n)<\/td> <\/tr> <tr> <td style=\"width: 12.9512%\">21.30-22.00<\/td> <td style=\"width: 86.3057%\"><strong>A hazai \u00e1llatgy\u00f3gy\u00e1szati vakcina-fejleszt\u00e9s t\u00f6rt\u00e9nete \u00e9s a fejleszt\u00e9s ir\u00e1nyai<\/strong>\u00a0(Dr. P\u00e9nzes Zolt\u00e1n)<\/td> <\/tr> <tr> <td style=\"width: 12.9512%\">22.00-22.30<\/td> <td style=\"width: 86.3057%\"><strong>Hogy k\u00e9sz\u00fcl az embri\u00f3? \u2013 Avagy az \u00e9let els\u0151 \u00f3r\u00e1i, \u00e9s amit mindebb\u0151l tanulhatunk<\/strong>\u00a0(Dr. Pribenszky Csaba)<\/td> <\/tr> <\/tbody> <\/table> <\/div> <div><\/div> <p>&nbsp;<\/p> <p><strong>Programok<\/strong><\/p> <table style=\"width: 62.4225%\" border=\"0\"> <tbody> <tr> <td style=\"width: 18.6306%\" width=\"100px\">17.00\u201318.00<\/td> <td style=\"width: 80.2548%\"><strong>\u00c1llati tal\u00e1lm\u00e1nyok \u2013 csal\u00e1di vet\u00e9lked\u0151<\/strong>\u00a0(Czig\u00e1ny Ildik\u00f3)<\/td> <\/tr> <tr> <td style=\"width: 18.6306%\">18.00-23.00<\/td> <td style=\"width: 80.2548%\"><strong>A pH-val az eg\u00e9szs\u00e9g\u00e9rt \u2013 bemutat\u00f3\u00a0<\/strong>(Dr. Bers\u00e9nyi Andr\u00e1s)<\/td> <\/tr> <tr> <td style=\"width: 18.6306%\">19.00-23.00<\/td> <td style=\"width: 80.2548%\"><strong>\u00cdzel\u00edt\u0151 egy labor \u00e9let\u00e9b\u0151l \u2013 bemutat\u00f3\u00a0<\/strong>(Dr. Pribenszky Csaba)<\/td> <\/tr> <tr> <td style=\"width: 18.6306%\">16.00\u201324.00<\/td> <td style=\"width: 80.2548%\"><strong>Mikrovil\u00e1g \u2013 \u00e9rdekess\u00e9gek a mikroszk\u00f3p alatt<\/strong><\/td> <\/tr> <tr> <td style=\"width: 18.6306%\">16.00\u201322.00<\/td> <td style=\"width: 80.2548%\"><strong>Kreat\u00edv foglalkoz\u00e1s gyerekeknek<\/strong>\u00a0(Dr. Karancsi Zita,\u00a0Egri Krisztina)<\/td> <\/tr> <tr> <td style=\"width: 18.6306%\">16.00\u201320.00<\/td> <td style=\"width: 80.2548%\"><strong>Simogatni j\u00f3!\u00a0A Kanga Alap\u00edtv\u00e1ny \u00e9s a hallgat\u00f3k \u00e1llatai<\/strong><\/td> <\/tr> <\/tbody> <\/table> <p><iframe loading=\"lazy\" title=\"M\u00fazeumok \u00c9jszak\u00e1ja az \u00c1llatorvos-t\u00f6rt\u00e9neti Gy\u0171jtem\u00e9nyben - 2016\" width=\"1280\" height=\"960\" src=\"https:\/\/www.youtube.com\/embed\/QU-G08_eNq8?feature=oembed\" frameborder=\"0\" allow=\"accelerometer; autoplay; clipboard-write; encrypted-media; gyroscope; picture-in-picture; web-share\" referrerpolicy=\"strict-origin-when-cross-origin\" allowfullscreen><\/iframe><\/p>","protected":false},"excerpt":{"rendered":"<p>\u00c1llatorvos-t\u00f6rt\u00e9neti Gy\u0171jtem\u00e9ny A marhav\u00e9szt\u0151l az embri\u00f3-\u00e1t\u00fcltet\u00e9sig \u2013 H\u0151s\u00f6k \u00e9s feltal\u00e1l\u00f3k az \u00e1llatorvosok k\u00f6z\u00f6tt- 2016. j\u00fanius 25. &nbsp; Ki\u00e1ll\u00edt\u00e1sok: \u00c1llatorvosl\u00e1s \u00e9s egyetemt\u00f6rt\u00e9net; Mozaikok az \u00e9lelmiszer-vizsg\u00e1lat t\u00f6rt\u00e9net\u00e9b\u0151l; Zlam\u00e1l Vilmos reg\u00e9nyes \u00e9lete lev\u00e9lt\u00e1ri forr\u00e1sok t\u00fckr\u00e9ben; Felfedez\u0151 \u00e9s feltal\u00e1l\u00f3 \u00e1llatorvosok r\u00e9gen \u00e9s ma 18.00-t\u00f3l \u00e9s 23.00-t\u00f3l t\u00e1rlatvezet\u00e9s:\u00a0Egyetemt\u00f6rt\u00e9net anekdot\u00e1kkal\u00a0(Dr. K\u00f3tai Istv\u00e1n) 21.00-t\u00f3l t\u00e1rlatvezet\u00e9s:\u00a0Mozaikok az \u00e9lelmiszer-vizsg\u00e1lat t\u00f6rt\u00e9net\u00e9b\u0151l\u00a0(Dr. Szita G\u00e9za) &nbsp; El\u0151ad\u00e1sok<\/p>\n","protected":false},"author":4333,"featured_media":0,"parent":384,"menu_order":1,"comment_status":"closed","ping_status":"closed","template":"","meta":{"_acf_changed":false,"_eb_attr":"","footnotes":""},"categories":[21],"tags":[],"class_list":["post-446","page","type-page","status-publish","hentry","category-muzeum"],"acf":[],"yoast_head":"<!-- This site is optimized with the Yoast SEO plugin v27.2 - https:\/\/yoast.com\/product\/yoast-seo-wordpress\/ -->\n<title>M\u00fazeumok \u00c9jszak\u00e1ja 2016 - Hut\u00ffra Ferenc K\u00f6nyvt\u00e1r, Lev\u00e9lt\u00e1r \u00e9s M\u00fazeum<\/title>\n<meta name=\"robots\" content=\"index, follow, max-snippet:-1, max-image-preview:large, max-video-preview:-1\" \/>\n<link rel=\"canonical\" href=\"https:\/\/univet.hu\/konyvtar\/muzeum\/muzeumok-ejszakaja\/muzej-2016\/\" \/>\n<meta property=\"og:locale\" content=\"hu_HU\" \/>\n<meta property=\"og:type\" content=\"article\" \/>\n<meta property=\"og:title\" content=\"M\u00fazeumok \u00c9jszak\u00e1ja 2016 - Hut\u00ffra Ferenc K\u00f6nyvt\u00e1r, Lev\u00e9lt\u00e1r \u00e9s M\u00fazeum\" \/>\n<meta property=\"og:description\" content=\"\u00c1llatorvos-t\u00f6rt\u00e9neti Gy\u0171jtem\u00e9ny A marhav\u00e9szt\u0151l az embri\u00f3-\u00e1t\u00fcltet\u00e9sig \u2013 H\u0151s\u00f6k \u00e9s feltal\u00e1l\u00f3k az \u00e1llatorvosok k\u00f6z\u00f6tt- 2016. j\u00fanius 25. &nbsp; Ki\u00e1ll\u00edt\u00e1sok: \u00c1llatorvosl\u00e1s \u00e9s egyetemt\u00f6rt\u00e9net; Mozaikok az \u00e9lelmiszer-vizsg\u00e1lat t\u00f6rt\u00e9net\u00e9b\u0151l; Zlam\u00e1l Vilmos reg\u00e9nyes \u00e9lete lev\u00e9lt\u00e1ri forr\u00e1sok t\u00fckr\u00e9ben; Felfedez\u0151 \u00e9s feltal\u00e1l\u00f3 \u00e1llatorvosok r\u00e9gen \u00e9s ma 18.00-t\u00f3l \u00e9s 23.00-t\u00f3l t\u00e1rlatvezet\u00e9s:\u00a0Egyetemt\u00f6rt\u00e9net anekdot\u00e1kkal\u00a0(Dr. K\u00f3tai Istv\u00e1n) 21.00-t\u00f3l t\u00e1rlatvezet\u00e9s:\u00a0Mozaikok az \u00e9lelmiszer-vizsg\u00e1lat t\u00f6rt\u00e9net\u00e9b\u0151l\u00a0(Dr. Szita G\u00e9za) &nbsp; El\u0151ad\u00e1sok\" \/>\n<meta property=\"og:url\" content=\"https:\/\/univet.hu\/konyvtar\/muzeum\/muzeumok-ejszakaja\/muzej-2016\/\" \/>\n<meta property=\"og:site_name\" content=\"Hut\u00ffra Ferenc K\u00f6nyvt\u00e1r, Lev\u00e9lt\u00e1r \u00e9s M\u00fazeum\" \/>\n<meta property=\"article:modified_time\" content=\"2026-01-12T12:54:52+00:00\" \/>\n<meta name=\"twitter:card\" content=\"summary_large_image\" \/>\n<meta name=\"twitter:label1\" content=\"Becs\u00fclt olvas\u00e1si id\u0151\" \/>\n\t<meta name=\"twitter:data1\" content=\"1 perc\" \/>\n<script type=\"application\/ld+json\" class=\"yoast-schema-graph\">{\"@context\":\"https:\/\/schema.org\",\"@graph\":[{\"@type\":\"WebPage\",\"@id\":\"https:\/\/univet.hu\/konyvtar\/muzeum\/muzeumok-ejszakaja\/muzej-2016\/\",\"url\":\"https:\/\/univet.hu\/konyvtar\/muzeum\/muzeumok-ejszakaja\/muzej-2016\/\",\"name\":\"M\u00fazeumok \u00c9jszak\u00e1ja 2016 - Hut\u00ffra Ferenc K\u00f6nyvt\u00e1r, Lev\u00e9lt\u00e1r \u00e9s M\u00fazeum\",\"isPartOf\":{\"@id\":\"https:\/\/univet.hu\/konyvtar\/#website\"},\"datePublished\":\"2025-07-10T06:44:21+00:00\",\"dateModified\":\"2026-01-12T12:54:52+00:00\",\"breadcrumb\":{\"@id\":\"https:\/\/univet.hu\/konyvtar\/muzeum\/muzeumok-ejszakaja\/muzej-2016\/#breadcrumb\"},\"inLanguage\":\"hu\",\"potentialAction\":[{\"@type\":\"ReadAction\",\"target\":[\"https:\/\/univet.hu\/konyvtar\/muzeum\/muzeumok-ejszakaja\/muzej-2016\/\"]}]},{\"@type\":\"BreadcrumbList\",\"@id\":\"https:\/\/univet.hu\/konyvtar\/muzeum\/muzeumok-ejszakaja\/muzej-2016\/#breadcrumb\",\"itemListElement\":[{\"@type\":\"ListItem\",\"position\":1,\"name\":\"Kezd\u0151lap\",\"item\":\"https:\/\/univet.hu\/konyvtar\/\"},{\"@type\":\"ListItem\",\"position\":2,\"name\":\"M\u00fazeum\",\"item\":\"https:\/\/univet.hu\/konyvtar\/muzeum\/\"},{\"@type\":\"ListItem\",\"position\":3,\"name\":\"M\u00fazeumok \u00c9jszak\u00e1ja\",\"item\":\"https:\/\/univet.hu\/konyvtar\/muzeum\/muzeumok-ejszakaja\/\"},{\"@type\":\"ListItem\",\"position\":4,\"name\":\"M\u00fazeumok \u00c9jszak\u00e1ja 2016\"}]},{\"@type\":\"WebSite\",\"@id\":\"https:\/\/univet.hu\/konyvtar\/#website\",\"url\":\"https:\/\/univet.hu\/konyvtar\/\",\"name\":\"Hut\u00ffra Ferenc K\u00f6nyvt\u00e1r, Lev\u00e9lt\u00e1r \u00e9s M\u00fazeum\",\"description\":\"\",\"potentialAction\":[{\"@type\":\"SearchAction\",\"target\":{\"@type\":\"EntryPoint\",\"urlTemplate\":\"https:\/\/univet.hu\/konyvtar\/?s={search_term_string}\"},\"query-input\":{\"@type\":\"PropertyValueSpecification\",\"valueRequired\":true,\"valueName\":\"search_term_string\"}}],\"inLanguage\":\"hu\"}]}<\/script>\n<!-- \/ Yoast SEO plugin. -->","yoast_head_json":{"title":"M\u00fazeumok \u00c9jszak\u00e1ja 2016 - Hut\u00ffra Ferenc K\u00f6nyvt\u00e1r, Lev\u00e9lt\u00e1r \u00e9s M\u00fazeum","robots":{"index":"index","follow":"follow","max-snippet":"max-snippet:-1","max-image-preview":"max-image-preview:large","max-video-preview":"max-video-preview:-1"},"canonical":"https:\/\/univet.hu\/konyvtar\/muzeum\/muzeumok-ejszakaja\/muzej-2016\/","og_locale":"hu_HU","og_type":"article","og_title":"M\u00fazeumok \u00c9jszak\u00e1ja 2016 - Hut\u00ffra Ferenc K\u00f6nyvt\u00e1r, Lev\u00e9lt\u00e1r \u00e9s M\u00fazeum","og_description":"\u00c1llatorvos-t\u00f6rt\u00e9neti Gy\u0171jtem\u00e9ny A marhav\u00e9szt\u0151l az embri\u00f3-\u00e1t\u00fcltet\u00e9sig \u2013 H\u0151s\u00f6k \u00e9s feltal\u00e1l\u00f3k az \u00e1llatorvosok k\u00f6z\u00f6tt- 2016. j\u00fanius 25. &nbsp; Ki\u00e1ll\u00edt\u00e1sok: \u00c1llatorvosl\u00e1s \u00e9s egyetemt\u00f6rt\u00e9net; Mozaikok az \u00e9lelmiszer-vizsg\u00e1lat t\u00f6rt\u00e9net\u00e9b\u0151l; Zlam\u00e1l Vilmos reg\u00e9nyes \u00e9lete lev\u00e9lt\u00e1ri forr\u00e1sok t\u00fckr\u00e9ben; Felfedez\u0151 \u00e9s feltal\u00e1l\u00f3 \u00e1llatorvosok r\u00e9gen \u00e9s ma 18.00-t\u00f3l \u00e9s 23.00-t\u00f3l t\u00e1rlatvezet\u00e9s:\u00a0Egyetemt\u00f6rt\u00e9net anekdot\u00e1kkal\u00a0(Dr. K\u00f3tai Istv\u00e1n) 21.00-t\u00f3l t\u00e1rlatvezet\u00e9s:\u00a0Mozaikok az \u00e9lelmiszer-vizsg\u00e1lat t\u00f6rt\u00e9net\u00e9b\u0151l\u00a0(Dr. Szita G\u00e9za) &nbsp; El\u0151ad\u00e1sok","og_url":"https:\/\/univet.hu\/konyvtar\/muzeum\/muzeumok-ejszakaja\/muzej-2016\/","og_site_name":"Hut\u00ffra Ferenc K\u00f6nyvt\u00e1r, Lev\u00e9lt\u00e1r \u00e9s M\u00fazeum","article_modified_time":"2026-01-12T12:54:52+00:00","twitter_card":"summary_large_image","twitter_misc":{"Becs\u00fclt olvas\u00e1si id\u0151":"1 perc"},"schema":{"@context":"https:\/\/schema.org","@graph":[{"@type":"WebPage","@id":"https:\/\/univet.hu\/konyvtar\/muzeum\/muzeumok-ejszakaja\/muzej-2016\/","url":"https:\/\/univet.hu\/konyvtar\/muzeum\/muzeumok-ejszakaja\/muzej-2016\/","name":"M\u00fazeumok \u00c9jszak\u00e1ja 2016 - Hut\u00ffra Ferenc K\u00f6nyvt\u00e1r, Lev\u00e9lt\u00e1r \u00e9s M\u00fazeum","isPartOf":{"@id":"https:\/\/univet.hu\/konyvtar\/#website"},"datePublished":"2025-07-10T06:44:21+00:00","dateModified":"2026-01-12T12:54:52+00:00","breadcrumb":{"@id":"https:\/\/univet.hu\/konyvtar\/muzeum\/muzeumok-ejszakaja\/muzej-2016\/#breadcrumb"},"inLanguage":"hu","potentialAction":[{"@type":"ReadAction","target":["https:\/\/univet.hu\/konyvtar\/muzeum\/muzeumok-ejszakaja\/muzej-2016\/"]}]},{"@type":"BreadcrumbList","@id":"https:\/\/univet.hu\/konyvtar\/muzeum\/muzeumok-ejszakaja\/muzej-2016\/#breadcrumb","itemListElement":[{"@type":"ListItem","position":1,"name":"Kezd\u0151lap","item":"https:\/\/univet.hu\/konyvtar\/"},{"@type":"ListItem","position":2,"name":"M\u00fazeum","item":"https:\/\/univet.hu\/konyvtar\/muzeum\/"},{"@type":"ListItem","position":3,"name":"M\u00fazeumok \u00c9jszak\u00e1ja","item":"https:\/\/univet.hu\/konyvtar\/muzeum\/muzeumok-ejszakaja\/"},{"@type":"ListItem","position":4,"name":"M\u00fazeumok \u00c9jszak\u00e1ja 2016"}]},{"@type":"WebSite","@id":"https:\/\/univet.hu\/konyvtar\/#website","url":"https:\/\/univet.hu\/konyvtar\/","name":"Hut\u00ffra Ferenc K\u00f6nyvt\u00e1r, Lev\u00e9lt\u00e1r \u00e9s M\u00fazeum","description":"","potentialAction":[{"@type":"SearchAction","target":{"@type":"EntryPoint","urlTemplate":"https:\/\/univet.hu\/konyvtar\/?s={search_term_string}"},"query-input":{"@type":"PropertyValueSpecification","valueRequired":true,"valueName":"search_term_string"}}],"inLanguage":"hu"}]}},"_links":{"self":[{"href":"https:\/\/univet.hu\/konyvtar\/wp-json\/wp\/v2\/pages\/446","targetHints":{"allow":["GET"]}}],"collection":[{"href":"https:\/\/univet.hu\/konyvtar\/wp-json\/wp\/v2\/pages"}],"about":[{"href":"https:\/\/univet.hu\/konyvtar\/wp-json\/wp\/v2\/types\/page"}],"author":[{"embeddable":true,"href":"https:\/\/univet.hu\/konyvtar\/wp-json\/wp\/v2\/users\/4333"}],"replies":[{"embeddable":true,"href":"https:\/\/univet.hu\/konyvtar\/wp-json\/wp\/v2\/comments?post=446"}],"version-history":[{"count":6,"href":"https:\/\/univet.hu\/konyvtar\/wp-json\/wp\/v2\/pages\/446\/revisions"}],"predecessor-version":[{"id":640,"href":"https:\/\/univet.hu\/konyvtar\/wp-json\/wp\/v2\/pages\/446\/revisions\/640"}],"up":[{"embeddable":true,"href":"https:\/\/univet.hu\/konyvtar\/wp-json\/wp\/v2\/pages\/384"}],"wp:attachment":[{"href":"https:\/\/univet.hu\/konyvtar\/wp-json\/wp\/v2\/media?parent=446"}],"wp:term":[{"taxonomy":"category","embeddable":true,"href":"https:\/\/univet.hu\/konyvtar\/wp-json\/wp\/v2\/categories?post=446"},{"taxonomy":"post_tag","embeddable":true,"href":"https:\/\/univet.hu\/konyvtar\/wp-json\/wp\/v2\/tags?post=446"}],"curies":[{"name":"wp","href":"https:\/\/api.w.org\/{rel}","templated":true}]}}