{"id":477,"date":"2025-07-10T08:48:48","date_gmt":"2025-07-10T06:48:48","guid":{"rendered":"https:\/\/univet.hu\/konyvtar\/?page_id=477"},"modified":"2026-01-12T13:54:52","modified_gmt":"2026-01-12T12:54:52","slug":"muzej-2021","status":"publish","type":"page","link":"https:\/\/univet.hu\/konyvtar\/muzeum\/muzeumok-ejszakaja\/muzej-2021\/","title":{"rendered":"M\u00fazeumok \u00c9jszak\u00e1ja 2021"},"content":{"rendered":"<div class=\"entry-content\"> <p>2021. j\u00fanius 26-\u00e1n ism\u00e9t megrendez\u00e9sre ker\u00fcl a M\u00fazeumok \u00c9jszak\u00e1ja, amelynek keret\u00e9ben campusunk kapui megny\u00edlnak a l\u00e1togat\u00f3k el\u0151tt. Az idei \u00e9vben az \u00e1llatv\u00e9delem, az \u00e1llatorvosl\u00e1s, az \u00e1llatok \u00e9s a j\u00e1t\u00e9k k\u00f6r\u00fcl forog majd minden!<\/p> <p>Programunkat megtal\u00e1lhatj\u00e1k a k\u00f6zponti honlapon is <a href=\"https:\/\/muzej.hu\/program-search?field_time_type_target_id=All&amp;field_city_target_id=527&amp;field_county_target_id=All&amp;field_location_target_id_entityreference_filter=4817&amp;field_county_showall=0&amp;field_event_datetime_value=All&amp;program_type=All\">itt.<\/a><\/p> <p><strong>\u00c1llati t\u00e1rsasj\u00e1t\u00e9kok, kirak\u00f3k, mem\u00f3riaj\u00e1t\u00e9kok<\/strong><br \/> 2021. j\u00fanius 26. 16:00 \u2013 23:30<br \/> GYERMEKPROGRAM<br \/> Ezen az \u00e9jszak\u00e1n az \u00e9rdekl\u0151d\u0151k t\u00f6bb egyedi j\u00e1t\u00e9kunkat is kipr\u00f3b\u00e1lhatj\u00e1k, p\u00e9ld\u00e1ul: Kinek a l\u00e1bnyoma? \u2013 p\u00e1ros\u00edt\u00f3 j\u00e1t\u00e9k; kirak\u00f3 a Kincsem szobr\u00e1r\u00f3l \u00e9s az ifj. Vastagh Gy\u00f6rgy \u00e1llatszobrair\u00f3l k\u00e9sz\u00fclt fot\u00f3b\u00f3l. M\u00e1gnest\u00e1bl\u00e1s kirak\u00f3k: a sert\u00e9s \u00e9s szarvasmarha testr\u00e9szei. Kinek a r\u00f6ntgenk\u00e9pe \u2013 p\u00e1ros\u00edt\u00f3 j\u00e1t\u00e9k. \u00c1llati j\u00f3 Blank\u00f3 (sz\u00f3j\u00e1t\u00e9k) \u2013 \u00e1llatos t\u00e1bla \u00e9s szab\u00e1lyok. Tov\u00e1bbi eredeti \u00e9s \u00e1talak\u00edtott j\u00e1t\u00e9kaink is el\u00e9rhet\u0151ek a kicsik \u00e9s nagyok sz\u00e1m\u00e1ra egyar\u00e1nt.<\/p> <p><strong>\u00c1llatorvostan-hallgat\u00f3k mes\u00e9lnek<\/strong><br \/> 2021. j\u00fanius 26. 16:00 \u2013 19:00<br \/> EL\u0150AD\u00c1S, GYERMEKPROGRAM<br \/> Az \u00e1llatorvosok munk\u00e1j\u00e1t bemutat\u00f3 program, melyhez a m\u00fazeumb\u00f3l k\u00f6lcs\u00f6nz\u00fcnk a r\u00e9gm\u00falt \u00e9s a modern kor orvosl\u00e1s\u00e1t seg\u00edt\u0151 t\u00e1rgyakat.<\/p> <p><strong>Az \u00e1llateg\u00e9szs\u00e9g\u00fcgy \u00e9s az \u00e1llatorvosk\u00e9pz\u00e9s eredm\u00e9nyei a p\u00e1rizsi vil\u00e1gki\u00e1ll\u00edt\u00e1son<\/strong><br \/> 2021. j\u00fanius 26. 16:00 \u2013 23:30<br \/> GYERMEKPROGRAM, KI\u00c1LL\u00cdT\u00c1S<br \/> Az 1900-ban P\u00e1rizsban rendezett vil\u00e1gki\u00e1ll\u00edt\u00e1son arany\u00e9rmes lett a M. kir. \u00c1llami Bakteriol\u00f3giai Int\u00e9zet. Dr. Preisz Hug\u00f3 k\u00fcl\u00f6nlegesen sz\u00e9p bakt\u00e9riumfotogr\u00e1fi\u00e1kkal szerepelt (anthrax, tetanus, typhus, sert\u00e9sv\u00e9sz (sert\u00e9spestis), botryomyces, streptococcus). A vil\u00e1gki\u00e1ll\u00edt\u00e1son el\u00e9rt eredm\u00e9nyeinkr\u0151l k\u00e9sz\u00fclt, kor\u00e1bban m\u00e1r bemutatott \u00f3ri\u00e1smolin\u00f3 mellett most a gyermekeket v\u00e1rjuk, akik megrajzolj\u00e1k, kisz\u00ednezik a bacikat vagy v\u00edrusokat, majd Petri-cs\u00e9sz\u00e9ben haza is vihetik \u0151ket.<\/p> <p><strong>Az \u201e\u00c1llatv\u00e9delem gyerekeknek\u201d csapata sz\u00ednes, \u201e\u00e9rint\u00e9smentes\u201d \u00e1llatv\u00e9delmi foglalkoztat\u00f3ja gyerekeknek<\/strong><br \/> 2021. j\u00fanius 26. 16:00 \u2013 23:30<br \/> GYERMEKPROGRAM, KREAT\u00cdV FOGLALKOZ\u00c1S<\/p> <p>Dobble h\u00e1zi\u00e1llatokkal, Ismerd meg a magyar fajt\u00e1kat!, Mit ehetnek a kis\u00e1llataim? Mit kell beszereznem a kis\u00e1llattart\u00e1shoz? Keresd meg a k\u00fcl\u00f6nbs\u00e9get! \u2013 az \u00e1llatorvosn\u00e1l, Hol \u00e9lnek az \u00e1llatok? \u00c1llatok \u00e9s kicsinyeik \u2013 p\u00e1ros\u00edt\u00f3, mem\u00f3riaj\u00e1t\u00e9k, Sz\u00f3keres\u0151, Tudj meg t\u00f6bbet a haszon\u00e1llatokr\u00f3l! Sz\u00ednez\u0151, \u00c1llati k\u00e9mked\u00e9s.<\/p> <p><strong>Egyetemt\u00f6rt\u00e9neti ki\u00e1ll\u00edt\u00e1s + M\u00fazeumok \u00c9jszak\u00e1ja-tot\u00f3k<\/strong><br \/> 2021. j\u00fanius 26. 16:00 \u2013 23:30<\/p> <p>KI\u00c1LL\u00cdT\u00c1S, T\u00c1RLATVEZET\u00c9S<\/p> <p>A nagy \u00e1llatj\u00e1rv\u00e1nyok komoly gazdas\u00e1gi \u00e9s ezzel egy\u00fctt az emberek \u00e9let\u00e9re is kihat\u00f3 k\u00e1rokat okoztak a vil\u00e1gban. Az \u00e1llatbetegs\u00e9gek elleni harcban az els\u0151 komoly v\u00e9dvonalat a szakk\u00e9pzett \u00e1llatorvosok jelenthett\u00e9k. Ennek szellem\u00e9ben Magyarorsz\u00e1gon 1787 \u00f3ta van \u00e1llatorvosk\u00e9pz\u00e9s, vagyis akkor alap\u00edtott\u00e1k az \u00c1llatorvostudom\u00e1nyi Egyetem el\u0151dint\u00e9zm\u00e9ny\u00e9t.<\/p> <p>Az egyetem t\u00f6rt\u00e9net\u00e9vel \u00e9s vele p\u00e1rhuzamosan az \u00e1llatorvosi szakma fejl\u0151d\u00e9s\u00e9vel foglalkoz\u00f3 ki\u00e1ll\u00edt\u00e1s\u00a0megtekint\u00e9s\u00e9re\u00a0\u00e9s tot\u00f3k\u00a0kit\u00f6lt\u00e9s\u00e9re v\u00e1rjuk most az \u00e9rdekl\u0151d\u0151ket.<\/p> <p><strong>M\u00faz\/\u00c9j Detekt\u00edv \u2013 Kincskeres\u00e9s a campuson<\/strong><\/p> <p>2021. j\u00fanius 26. 16:00 \u2013 21:30<\/p> <p>A 2021. \u00e9vi M\u00fazeumok \u00c9jszak\u00e1ja kapcs\u00e1n egy kis egyetemt\u00f6rt\u00e9neti kincskeres\u00e9sre h\u00edvunk minden kedves l\u00e1togat\u00f3t. 1881-ben \u00e9p\u00fclt \u00e1llatorvosi campus az Istv\u00e1n u. 2. sz\u00e1m alatt. Az egykor k\u00fclv\u00e1rosi telephely napjainkban m\u00e1r egy hangulatos z\u00f6ld sz\u00ednfolt a v\u00e1ros k\u00f6zpontj\u00e1ban. Aki telefonj\u00e1n v\u00e9gig k\u00f6veti a nyomokat, egy\u00e9nileg fedezheti fel az \u00c1llatorvostudom\u00e1nyi Egyetem campus\u00e1t, bepillanthat m\u00faltj\u00e1ba \u00e9s felfedezhet n\u00e9h\u00e1ny rejtett kincset, amely az avatatlan szemnek egy s\u00e9ta alkalm\u00e1val tal\u00e1n rejtett maradna.<\/p> <p>Indul\u00e1s: az Istv\u00e1n u. bej\u00e1rattal szemben<\/p> <p><strong>T\u00fcskev\u00e1r Vad \u00e9s Egzotikus \u00c1llatv\u00e9d\u0151 Alap\u00edtv\u00e1ny \u00e9s a Magyar Vad\u00e1szg\u00f6r\u00e9ny Klub standja<\/strong><br \/> 2021. j\u00fanius 26. 16:00 \u2013 20:30<br \/> GYERMEKPROGRAM, KI\u00c1LL\u00cdT\u00c1S<br \/> \u201eMindent a szemnek\u201d: \u00e9l\u0151 nyest, nyuszi, f\u00e1c\u00e1n\/galamb, tengerimalac, g\u00f6r\u00f6g tekn\u0151s, s\u00fcn, g\u00f6r\u00e9ny bemutat\u00f3 \u00e9s kv\u00edzk\u00e9rd\u00e9sek.<\/p> <h2><strong>El\u0151ad\u00e1sok, programok<\/strong><\/h2> <p><strong>S\u00e1ndor Ferenc Alex \u00e9s kuty\u00e1ja, Sz\u00edriusz: A j\u00e1t\u00e9k \u00e9s a tr\u00fckk\u00f6k tan\u00edt\u00e1s\u00e1nak szerepe a kuty\u00e1k \u00e9let\u00e9ben<\/strong> \u2013 interakt\u00edv kuty\u00e1s bemutat\u00f3 \u00e9s el\u0151ad\u00e1s<br \/> 2021. j\u00fanius 26. 16:30 \u2013 16:55<br \/> ATTRAKCI\u00d3, EL\u0150AD\u00c1S, GYERMEKPROGRAM<br \/> Interakt\u00edv kuty\u00e1s bemutat\u00f3 \u00e9s el\u0151ad\u00e1s \u00f6nk\u00e9ntes vend\u00e9gek bevon\u00e1s\u00e1val<\/p> <p><strong>Czig\u00e1ny Ildik\u00f3: \u00c9l\u0151 m\u00fazeum \u2013 k\u00fcl\u00f6nleges \u00e1llatok, \u00e9l\u0151 k\u00f6v\u00fcletek. \u00c1llatv\u00e9delmi kv\u00edzm\u0171sor nyerem\u00e9nyekkel<\/strong><br \/> 2021. j\u00fanius 26. 17:00 \u2013 17:30<br \/> EL\u0150AD\u00c1S, GYERMEKPROGRAM, KREAT\u00cdV FOGLALKOZ\u00c1S<br \/> Kv\u00edzm\u0171sor, apr\u00f3bb t\u00e1rgynyerem\u00e9nyekkel.<\/p> <p><strong>Dr. T\u00f3th Szabina: Pillanatk\u00e9pek egy vadment\u0151 k\u00f6zpont \u00e9let\u00e9b\u0151l<\/strong><br \/> 2021. j\u00fanius 26. 17:30 \u2013 17:50<br \/> EL\u0150AD\u00c1S<\/p> <p><strong>Dr. Vetter Szilvia PhD (az \u00c1TE \u00c1llatv\u00e9delmi K\u00f6zpont vezet\u0151je) ft. D\u00f3ka Attila: H\u00edres \u00e1llatok, felel\u0151s gazdik \u2013 zen\u00e9s \u00e1llatv\u00e9delmi oktat\u00e1s minden koroszt\u00e1lynak<\/strong><br \/> 2021. j\u00fanius 26. 18:00 \u2013 18:40<br \/> EL\u0150AD\u00c1S, GYERMEKPROGRAM, ZENE<br \/> Git\u00e1ros zenei bet\u00e9tekkel tark\u00edtott \u00e1llatv\u00e9delmi el\u0151ad\u00e1s minden koroszt\u00e1lynak<\/p> <p><strong>S\u00e1ndor Ferenc Alex \u00e9s kuty\u00e1ja, Sz\u00edriusz: A j\u00e1t\u00e9k \u00e9s a tr\u00fckk\u00f6k tan\u00edt\u00e1s\u00e1nak szerepe a kuty\u00e1k \u00e9let\u00e9ben<\/strong> \u2013 interakt\u00edv kuty\u00e1s bemutat\u00f3 \u00e9s el\u0151ad\u00e1s<br \/> 2021. j\u00fanius 26. 18:30 \u2013 18:55<br \/> ATTRAKCI\u00d3, EL\u0150AD\u00c1S, GYERMEKPROGRAM<br \/> Interakt\u00edv kuty\u00e1s bemutat\u00f3 \u00e9s el\u0151ad\u00e1s \u00f6nk\u00e9ntes vend\u00e9gek bevon\u00e1s\u00e1val<\/p> <p><strong>Czig\u00e1ny Ildik\u00f3: \u00c9l\u0151 m\u00fazeum \u2013 k\u00fcl\u00f6nleges \u00e1llatok, \u00e9l\u0151 k\u00f6v\u00fcletek. \u00c1llatv\u00e9delmi kv\u00edzm\u0171sor nyerem\u00e9nyekkel<\/strong><br \/> 2021. j\u00fanius 26. 19:00 \u2013 19:30<br \/> EL\u0150AD\u00c1S, GYERMEKPROGRAM, KREAT\u00cdV FOGLALKOZ\u00c1S<br \/> Kv\u00edzm\u0171sor, apr\u00f3bb t\u00e1rgynyerem\u00e9nyekkel.<\/p> <p><strong>Egyetemt\u00f6rt\u00e9net anekdot\u00e1kkal \u2013 m\u00fazeuml\u00e1togat\u00e1s K\u00f3tai Istv\u00e1n professzorral<\/strong><br \/> 2021. j\u00fanius 26. 19:00 \u2013 20:00<br \/> T\u00c1RLATVEZET\u00c9S<\/p> <p><strong>Egyetemt\u00f6rt\u00e9net anekdot\u00e1kkal \u2013 m\u00fazeuml\u00e1togat\u00e1s K\u00f3tai Istv\u00e1n professzorral<\/strong><br \/> 2021. j\u00fanius 26. 20:45 \u2013 21:45<br \/> T\u00c1RLATVEZET\u00c9S<\/p> <p><strong>Egyetemt\u00f6rt\u00e9net anekdot\u00e1kkal \u2013 m\u00fazeuml\u00e1togat\u00e1s K\u00f3tai Istv\u00e1n professzorral<\/strong><br \/> 2021. j\u00fanius 26. 22:30 \u2013 23:30<br \/> T\u00c1RLATVEZET\u00c9S<\/p> <\/div>","protected":false},"excerpt":{"rendered":"<p>2021. j\u00fanius 26-\u00e1n ism\u00e9t megrendez\u00e9sre ker\u00fcl a M\u00fazeumok \u00c9jszak\u00e1ja, amelynek keret\u00e9ben campusunk kapui megny\u00edlnak a l\u00e1togat\u00f3k el\u0151tt. Az idei \u00e9vben az \u00e1llatv\u00e9delem, az \u00e1llatorvosl\u00e1s, az \u00e1llatok \u00e9s a j\u00e1t\u00e9k k\u00f6r\u00fcl forog majd minden! Programunkat megtal\u00e1lhatj\u00e1k a k\u00f6zponti honlapon is itt. \u00c1llati t\u00e1rsasj\u00e1t\u00e9kok, kirak\u00f3k, mem\u00f3riaj\u00e1t\u00e9kok 2021. j\u00fanius 26. 16:00 \u2013 23:30 GYERMEKPROGRAM Ezen az \u00e9jszak\u00e1n az<\/p>\n","protected":false},"author":4333,"featured_media":0,"parent":384,"menu_order":5,"comment_status":"closed","ping_status":"closed","template":"","meta":{"_acf_changed":false,"_eb_attr":"","footnotes":""},"categories":[21],"tags":[],"class_list":["post-477","page","type-page","status-publish","hentry","category-muzeum"],"acf":[],"yoast_head":"<!-- This site is optimized with the Yoast SEO plugin v27.2 - https:\/\/yoast.com\/product\/yoast-seo-wordpress\/ -->\n<title>M\u00fazeumok \u00c9jszak\u00e1ja 2021 - Hut\u00ffra Ferenc K\u00f6nyvt\u00e1r, Lev\u00e9lt\u00e1r \u00e9s M\u00fazeum<\/title>\n<meta name=\"robots\" content=\"index, follow, max-snippet:-1, max-image-preview:large, max-video-preview:-1\" \/>\n<link rel=\"canonical\" href=\"https:\/\/univet.hu\/konyvtar\/muzeum\/muzeumok-ejszakaja\/muzej-2021\/\" \/>\n<meta property=\"og:locale\" content=\"hu_HU\" \/>\n<meta property=\"og:type\" content=\"article\" \/>\n<meta property=\"og:title\" content=\"M\u00fazeumok \u00c9jszak\u00e1ja 2021 - Hut\u00ffra Ferenc K\u00f6nyvt\u00e1r, Lev\u00e9lt\u00e1r \u00e9s M\u00fazeum\" \/>\n<meta property=\"og:description\" content=\"2021. j\u00fanius 26-\u00e1n ism\u00e9t megrendez\u00e9sre ker\u00fcl a M\u00fazeumok \u00c9jszak\u00e1ja, amelynek keret\u00e9ben campusunk kapui megny\u00edlnak a l\u00e1togat\u00f3k el\u0151tt. Az idei \u00e9vben az \u00e1llatv\u00e9delem, az \u00e1llatorvosl\u00e1s, az \u00e1llatok \u00e9s a j\u00e1t\u00e9k k\u00f6r\u00fcl forog majd minden! Programunkat megtal\u00e1lhatj\u00e1k a k\u00f6zponti honlapon is itt. \u00c1llati t\u00e1rsasj\u00e1t\u00e9kok, kirak\u00f3k, mem\u00f3riaj\u00e1t\u00e9kok 2021. j\u00fanius 26. 16:00 \u2013 23:30 GYERMEKPROGRAM Ezen az \u00e9jszak\u00e1n az\" \/>\n<meta property=\"og:url\" content=\"https:\/\/univet.hu\/konyvtar\/muzeum\/muzeumok-ejszakaja\/muzej-2021\/\" \/>\n<meta property=\"og:site_name\" content=\"Hut\u00ffra Ferenc K\u00f6nyvt\u00e1r, Lev\u00e9lt\u00e1r \u00e9s M\u00fazeum\" \/>\n<meta property=\"article:modified_time\" content=\"2026-01-12T12:54:52+00:00\" \/>\n<meta name=\"twitter:card\" content=\"summary_large_image\" \/>\n<meta name=\"twitter:label1\" content=\"Becs\u00fclt olvas\u00e1si id\u0151\" \/>\n\t<meta name=\"twitter:data1\" content=\"4 perc\" \/>\n<script type=\"application\/ld+json\" class=\"yoast-schema-graph\">{\"@context\":\"https:\/\/schema.org\",\"@graph\":[{\"@type\":\"WebPage\",\"@id\":\"https:\/\/univet.hu\/konyvtar\/muzeum\/muzeumok-ejszakaja\/muzej-2021\/\",\"url\":\"https:\/\/univet.hu\/konyvtar\/muzeum\/muzeumok-ejszakaja\/muzej-2021\/\",\"name\":\"M\u00fazeumok \u00c9jszak\u00e1ja 2021 - Hut\u00ffra Ferenc K\u00f6nyvt\u00e1r, Lev\u00e9lt\u00e1r \u00e9s M\u00fazeum\",\"isPartOf\":{\"@id\":\"https:\/\/univet.hu\/konyvtar\/#website\"},\"datePublished\":\"2025-07-10T06:48:48+00:00\",\"dateModified\":\"2026-01-12T12:54:52+00:00\",\"breadcrumb\":{\"@id\":\"https:\/\/univet.hu\/konyvtar\/muzeum\/muzeumok-ejszakaja\/muzej-2021\/#breadcrumb\"},\"inLanguage\":\"hu\",\"potentialAction\":[{\"@type\":\"ReadAction\",\"target\":[\"https:\/\/univet.hu\/konyvtar\/muzeum\/muzeumok-ejszakaja\/muzej-2021\/\"]}]},{\"@type\":\"BreadcrumbList\",\"@id\":\"https:\/\/univet.hu\/konyvtar\/muzeum\/muzeumok-ejszakaja\/muzej-2021\/#breadcrumb\",\"itemListElement\":[{\"@type\":\"ListItem\",\"position\":1,\"name\":\"Kezd\u0151lap\",\"item\":\"https:\/\/univet.hu\/konyvtar\/\"},{\"@type\":\"ListItem\",\"position\":2,\"name\":\"M\u00fazeum\",\"item\":\"https:\/\/univet.hu\/konyvtar\/muzeum\/\"},{\"@type\":\"ListItem\",\"position\":3,\"name\":\"M\u00fazeumok \u00c9jszak\u00e1ja\",\"item\":\"https:\/\/univet.hu\/konyvtar\/muzeum\/muzeumok-ejszakaja\/\"},{\"@type\":\"ListItem\",\"position\":4,\"name\":\"M\u00fazeumok \u00c9jszak\u00e1ja 2021\"}]},{\"@type\":\"WebSite\",\"@id\":\"https:\/\/univet.hu\/konyvtar\/#website\",\"url\":\"https:\/\/univet.hu\/konyvtar\/\",\"name\":\"Hut\u00ffra Ferenc K\u00f6nyvt\u00e1r, Lev\u00e9lt\u00e1r \u00e9s M\u00fazeum\",\"description\":\"\",\"potentialAction\":[{\"@type\":\"SearchAction\",\"target\":{\"@type\":\"EntryPoint\",\"urlTemplate\":\"https:\/\/univet.hu\/konyvtar\/?s={search_term_string}\"},\"query-input\":{\"@type\":\"PropertyValueSpecification\",\"valueRequired\":true,\"valueName\":\"search_term_string\"}}],\"inLanguage\":\"hu\"}]}<\/script>\n<!-- \/ Yoast SEO plugin. -->","yoast_head_json":{"title":"M\u00fazeumok \u00c9jszak\u00e1ja 2021 - Hut\u00ffra Ferenc K\u00f6nyvt\u00e1r, Lev\u00e9lt\u00e1r \u00e9s M\u00fazeum","robots":{"index":"index","follow":"follow","max-snippet":"max-snippet:-1","max-image-preview":"max-image-preview:large","max-video-preview":"max-video-preview:-1"},"canonical":"https:\/\/univet.hu\/konyvtar\/muzeum\/muzeumok-ejszakaja\/muzej-2021\/","og_locale":"hu_HU","og_type":"article","og_title":"M\u00fazeumok \u00c9jszak\u00e1ja 2021 - Hut\u00ffra Ferenc K\u00f6nyvt\u00e1r, Lev\u00e9lt\u00e1r \u00e9s M\u00fazeum","og_description":"2021. j\u00fanius 26-\u00e1n ism\u00e9t megrendez\u00e9sre ker\u00fcl a M\u00fazeumok \u00c9jszak\u00e1ja, amelynek keret\u00e9ben campusunk kapui megny\u00edlnak a l\u00e1togat\u00f3k el\u0151tt. Az idei \u00e9vben az \u00e1llatv\u00e9delem, az \u00e1llatorvosl\u00e1s, az \u00e1llatok \u00e9s a j\u00e1t\u00e9k k\u00f6r\u00fcl forog majd minden! Programunkat megtal\u00e1lhatj\u00e1k a k\u00f6zponti honlapon is itt. \u00c1llati t\u00e1rsasj\u00e1t\u00e9kok, kirak\u00f3k, mem\u00f3riaj\u00e1t\u00e9kok 2021. j\u00fanius 26. 16:00 \u2013 23:30 GYERMEKPROGRAM Ezen az \u00e9jszak\u00e1n az","og_url":"https:\/\/univet.hu\/konyvtar\/muzeum\/muzeumok-ejszakaja\/muzej-2021\/","og_site_name":"Hut\u00ffra Ferenc K\u00f6nyvt\u00e1r, Lev\u00e9lt\u00e1r \u00e9s M\u00fazeum","article_modified_time":"2026-01-12T12:54:52+00:00","twitter_card":"summary_large_image","twitter_misc":{"Becs\u00fclt olvas\u00e1si id\u0151":"4 perc"},"schema":{"@context":"https:\/\/schema.org","@graph":[{"@type":"WebPage","@id":"https:\/\/univet.hu\/konyvtar\/muzeum\/muzeumok-ejszakaja\/muzej-2021\/","url":"https:\/\/univet.hu\/konyvtar\/muzeum\/muzeumok-ejszakaja\/muzej-2021\/","name":"M\u00fazeumok \u00c9jszak\u00e1ja 2021 - Hut\u00ffra Ferenc K\u00f6nyvt\u00e1r, Lev\u00e9lt\u00e1r \u00e9s M\u00fazeum","isPartOf":{"@id":"https:\/\/univet.hu\/konyvtar\/#website"},"datePublished":"2025-07-10T06:48:48+00:00","dateModified":"2026-01-12T12:54:52+00:00","breadcrumb":{"@id":"https:\/\/univet.hu\/konyvtar\/muzeum\/muzeumok-ejszakaja\/muzej-2021\/#breadcrumb"},"inLanguage":"hu","potentialAction":[{"@type":"ReadAction","target":["https:\/\/univet.hu\/konyvtar\/muzeum\/muzeumok-ejszakaja\/muzej-2021\/"]}]},{"@type":"BreadcrumbList","@id":"https:\/\/univet.hu\/konyvtar\/muzeum\/muzeumok-ejszakaja\/muzej-2021\/#breadcrumb","itemListElement":[{"@type":"ListItem","position":1,"name":"Kezd\u0151lap","item":"https:\/\/univet.hu\/konyvtar\/"},{"@type":"ListItem","position":2,"name":"M\u00fazeum","item":"https:\/\/univet.hu\/konyvtar\/muzeum\/"},{"@type":"ListItem","position":3,"name":"M\u00fazeumok \u00c9jszak\u00e1ja","item":"https:\/\/univet.hu\/konyvtar\/muzeum\/muzeumok-ejszakaja\/"},{"@type":"ListItem","position":4,"name":"M\u00fazeumok \u00c9jszak\u00e1ja 2021"}]},{"@type":"WebSite","@id":"https:\/\/univet.hu\/konyvtar\/#website","url":"https:\/\/univet.hu\/konyvtar\/","name":"Hut\u00ffra Ferenc K\u00f6nyvt\u00e1r, Lev\u00e9lt\u00e1r \u00e9s M\u00fazeum","description":"","potentialAction":[{"@type":"SearchAction","target":{"@type":"EntryPoint","urlTemplate":"https:\/\/univet.hu\/konyvtar\/?s={search_term_string}"},"query-input":{"@type":"PropertyValueSpecification","valueRequired":true,"valueName":"search_term_string"}}],"inLanguage":"hu"}]}},"_links":{"self":[{"href":"https:\/\/univet.hu\/konyvtar\/wp-json\/wp\/v2\/pages\/477","targetHints":{"allow":["GET"]}}],"collection":[{"href":"https:\/\/univet.hu\/konyvtar\/wp-json\/wp\/v2\/pages"}],"about":[{"href":"https:\/\/univet.hu\/konyvtar\/wp-json\/wp\/v2\/types\/page"}],"author":[{"embeddable":true,"href":"https:\/\/univet.hu\/konyvtar\/wp-json\/wp\/v2\/users\/4333"}],"replies":[{"embeddable":true,"href":"https:\/\/univet.hu\/konyvtar\/wp-json\/wp\/v2\/comments?post=477"}],"version-history":[{"count":2,"href":"https:\/\/univet.hu\/konyvtar\/wp-json\/wp\/v2\/pages\/477\/revisions"}],"predecessor-version":[{"id":479,"href":"https:\/\/univet.hu\/konyvtar\/wp-json\/wp\/v2\/pages\/477\/revisions\/479"}],"up":[{"embeddable":true,"href":"https:\/\/univet.hu\/konyvtar\/wp-json\/wp\/v2\/pages\/384"}],"wp:attachment":[{"href":"https:\/\/univet.hu\/konyvtar\/wp-json\/wp\/v2\/media?parent=477"}],"wp:term":[{"taxonomy":"category","embeddable":true,"href":"https:\/\/univet.hu\/konyvtar\/wp-json\/wp\/v2\/categories?post=477"},{"taxonomy":"post_tag","embeddable":true,"href":"https:\/\/univet.hu\/konyvtar\/wp-json\/wp\/v2\/tags?post=477"}],"curies":[{"name":"wp","href":"https:\/\/api.w.org\/{rel}","templated":true}]}}