{"id":37,"date":"2026-03-23T15:02:33","date_gmt":"2026-03-23T14:02:33","guid":{"rendered":"https:\/\/univet.hu\/laborcentrum\/cimlap\/new_child_page\/"},"modified":"2026-03-23T15:02:33","modified_gmt":"2026-03-23T14:02:33","slug":"munkatarsak","status":"publish","type":"page","link":"https:\/\/univet.hu\/laborcentrum\/cimlap\/munkatarsak\/","title":{"rendered":"Munkat\u00e1rsak"},"content":{"rendered":"","protected":false},"excerpt":{"rendered":"","protected":false},"author":3837,"featured_media":0,"parent":9,"menu_order":0,"comment_status":"open","ping_status":"open","template":"","meta":{"_acf_changed":false,"footnotes":""},"categories":[],"tags":[],"class_list":["post-37","page","type-page","status-publish","hentry"],"acf":[],"yoast_head":"<!-- This site is optimized with the Yoast SEO plugin v27.2 - https:\/\/yoast.com\/product\/yoast-seo-wordpress\/ -->\n<title>Munkat\u00e1rsak - \u00c9lelmiszerl\u00e1nc Laborat\u00f3rium Centrum<\/title>\n<meta name=\"robots\" content=\"index, follow, max-snippet:-1, max-image-preview:large, max-video-preview:-1\" \/>\n<link rel=\"canonical\" href=\"https:\/\/univet.hu\/laborcentrum\/cimlap\/munkatarsak\/\" \/>\n<meta property=\"og:locale\" content=\"hu_HU\" \/>\n<meta property=\"og:type\" content=\"article\" \/>\n<meta property=\"og:title\" content=\"Munkat\u00e1rsak - \u00c9lelmiszerl\u00e1nc Laborat\u00f3rium Centrum\" \/>\n<meta property=\"og:url\" content=\"https:\/\/univet.hu\/laborcentrum\/cimlap\/munkatarsak\/\" \/>\n<meta property=\"og:site_name\" content=\"\u00c9lelmiszerl\u00e1nc Laborat\u00f3rium Centrum\" \/>\n<meta name=\"twitter:card\" content=\"summary_large_image\" \/>\n<script type=\"application\/ld+json\" class=\"yoast-schema-graph\">{\"@context\":\"https:\/\/schema.org\",\"@graph\":[{\"@type\":\"WebPage\",\"@id\":\"https:\/\/univet.hu\/laborcentrum\/cimlap\/munkatarsak\/\",\"url\":\"https:\/\/univet.hu\/laborcentrum\/cimlap\/munkatarsak\/\",\"name\":\"Munkat\u00e1rsak - \u00c9lelmiszerl\u00e1nc Laborat\u00f3rium Centrum\",\"isPartOf\":{\"@id\":\"https:\/\/univet.hu\/laborcentrum\/#website\"},\"datePublished\":\"2026-03-23T14:02:33+00:00\",\"breadcrumb\":{\"@id\":\"https:\/\/univet.hu\/laborcentrum\/cimlap\/munkatarsak\/#breadcrumb\"},\"inLanguage\":\"hu\",\"potentialAction\":[{\"@type\":\"ReadAction\",\"target\":[\"https:\/\/univet.hu\/laborcentrum\/cimlap\/munkatarsak\/\"]}]},{\"@type\":\"BreadcrumbList\",\"@id\":\"https:\/\/univet.hu\/laborcentrum\/cimlap\/munkatarsak\/#breadcrumb\",\"itemListElement\":[{\"@type\":\"ListItem\",\"position\":1,\"name\":\"Kezd\u0151lap\",\"item\":\"https:\/\/univet.hu\/laborcentrum\/\"},{\"@type\":\"ListItem\",\"position\":2,\"name\":\"Laborat\u00f3riumaink\",\"item\":\"https:\/\/univet.hu\/laborcentrum\/\"},{\"@type\":\"ListItem\",\"position\":3,\"name\":\"Munkat\u00e1rsak\"}]},{\"@type\":\"WebSite\",\"@id\":\"https:\/\/univet.hu\/laborcentrum\/#website\",\"url\":\"https:\/\/univet.hu\/laborcentrum\/\",\"name\":\"\u00c9lelmiszerl\u00e1nc Laborat\u00f3rium Centrum\",\"description\":\"\",\"potentialAction\":[{\"@type\":\"SearchAction\",\"target\":{\"@type\":\"EntryPoint\",\"urlTemplate\":\"https:\/\/univet.hu\/laborcentrum\/?s={search_term_string}\"},\"query-input\":{\"@type\":\"PropertyValueSpecification\",\"valueRequired\":true,\"valueName\":\"search_term_string\"}}],\"inLanguage\":\"hu\"}]}<\/script>\n<!-- \/ Yoast SEO plugin. -->","yoast_head_json":{"title":"Munkat\u00e1rsak - \u00c9lelmiszerl\u00e1nc Laborat\u00f3rium Centrum","robots":{"index":"index","follow":"follow","max-snippet":"max-snippet:-1","max-image-preview":"max-image-preview:large","max-video-preview":"max-video-preview:-1"},"canonical":"https:\/\/univet.hu\/laborcentrum\/cimlap\/munkatarsak\/","og_locale":"hu_HU","og_type":"article","og_title":"Munkat\u00e1rsak - \u00c9lelmiszerl\u00e1nc Laborat\u00f3rium Centrum","og_url":"https:\/\/univet.hu\/laborcentrum\/cimlap\/munkatarsak\/","og_site_name":"\u00c9lelmiszerl\u00e1nc Laborat\u00f3rium Centrum","twitter_card":"summary_large_image","schema":{"@context":"https:\/\/schema.org","@graph":[{"@type":"WebPage","@id":"https:\/\/univet.hu\/laborcentrum\/cimlap\/munkatarsak\/","url":"https:\/\/univet.hu\/laborcentrum\/cimlap\/munkatarsak\/","name":"Munkat\u00e1rsak - \u00c9lelmiszerl\u00e1nc Laborat\u00f3rium Centrum","isPartOf":{"@id":"https:\/\/univet.hu\/laborcentrum\/#website"},"datePublished":"2026-03-23T14:02:33+00:00","breadcrumb":{"@id":"https:\/\/univet.hu\/laborcentrum\/cimlap\/munkatarsak\/#breadcrumb"},"inLanguage":"hu","potentialAction":[{"@type":"ReadAction","target":["https:\/\/univet.hu\/laborcentrum\/cimlap\/munkatarsak\/"]}]},{"@type":"BreadcrumbList","@id":"https:\/\/univet.hu\/laborcentrum\/cimlap\/munkatarsak\/#breadcrumb","itemListElement":[{"@type":"ListItem","position":1,"name":"Kezd\u0151lap","item":"https:\/\/univet.hu\/laborcentrum\/"},{"@type":"ListItem","position":2,"name":"Laborat\u00f3riumaink","item":"https:\/\/univet.hu\/laborcentrum\/"},{"@type":"ListItem","position":3,"name":"Munkat\u00e1rsak"}]},{"@type":"WebSite","@id":"https:\/\/univet.hu\/laborcentrum\/#website","url":"https:\/\/univet.hu\/laborcentrum\/","name":"\u00c9lelmiszerl\u00e1nc Laborat\u00f3rium Centrum","description":"","potentialAction":[{"@type":"SearchAction","target":{"@type":"EntryPoint","urlTemplate":"https:\/\/univet.hu\/laborcentrum\/?s={search_term_string}"},"query-input":{"@type":"PropertyValueSpecification","valueRequired":true,"valueName":"search_term_string"}}],"inLanguage":"hu"}]}},"_links":{"self":[{"href":"https:\/\/univet.hu\/laborcentrum\/wp-json\/wp\/v2\/pages\/37","targetHints":{"allow":["GET"]}}],"collection":[{"href":"https:\/\/univet.hu\/laborcentrum\/wp-json\/wp\/v2\/pages"}],"about":[{"href":"https:\/\/univet.hu\/laborcentrum\/wp-json\/wp\/v2\/types\/page"}],"author":[{"embeddable":true,"href":"https:\/\/univet.hu\/laborcentrum\/wp-json\/wp\/v2\/users\/3837"}],"replies":[{"embeddable":true,"href":"https:\/\/univet.hu\/laborcentrum\/wp-json\/wp\/v2\/comments?post=37"}],"version-history":[{"count":1,"href":"https:\/\/univet.hu\/laborcentrum\/wp-json\/wp\/v2\/pages\/37\/revisions"}],"predecessor-version":[{"id":38,"href":"https:\/\/univet.hu\/laborcentrum\/wp-json\/wp\/v2\/pages\/37\/revisions\/38"}],"up":[{"embeddable":true,"href":"https:\/\/univet.hu\/laborcentrum\/wp-json\/wp\/v2\/pages\/9"}],"wp:attachment":[{"href":"https:\/\/univet.hu\/laborcentrum\/wp-json\/wp\/v2\/media?parent=37"}],"wp:term":[{"taxonomy":"category","embeddable":true,"href":"https:\/\/univet.hu\/laborcentrum\/wp-json\/wp\/v2\/categories?post=37"},{"taxonomy":"post_tag","embeddable":true,"href":"https:\/\/univet.hu\/laborcentrum\/wp-json\/wp\/v2\/tags?post=37"}],"curies":[{"name":"wp","href":"https:\/\/api.w.org\/{rel}","templated":true}]}}