{"id":37312,"date":"2019-04-01T13:36:55","date_gmt":"2019-04-01T11:36:55","guid":{"rendered":"https:\/\/univet.hu\/?page_id=37312"},"modified":"2025-01-10T20:26:33","modified_gmt":"2025-01-10T19:26:33","slug":"nadaskay-bela-1848-1933","status":"publish","type":"page","link":"https:\/\/univet.hu\/pantheon\/nadaskay-bela-1848-1933\/","title":{"rendered":"N\u00e1daskay B\u00e9la (1848-1933)"},"content":{"rendered":"<p>A \u201ele\u00edr\u00f3 \u00e9s t\u00e1jbonczol\u00e1stan\u201d tan\u00e1ra, valamint a n\u00f6v\u00e9nytan, a term\u00e9szettan, az \u00e1sv\u00e1nytan, a sz\u00fcl\u00e9szet \u00e9s a t\u00f6rv\u00e9nysz\u00e9ki \u00e1llatorvostan el\u0151ad\u00f3ja.<\/p> <p>M\u0171v\u00e9szi kivitelez\u00e9s\u0171 prepar\u00e1tumaival megteremtette a mai Anat\u00f3miai M\u00fazeum alapjait. Az utols\u00f3 renesz\u00e1nszemberek egyikek\u00e9nt, anat\u00f3musk\u00e9nt tehets\u00e9gesen rajzolt, zongor\u00e1zott \u00e9s \u00e9nekelt.<\/p> <p>Alap\u00edt\u00f3ja \u00e9s sok \u00e9ven \u00e1t titk\u00e1ra a Magyar Orsz\u00e1gos \u00c1llatorvos Egyes\u00fcletnek, szerkesztette az \u00e1ltala alap\u00edtott Veterinarius (a Magyar \u00c1llatorvosok Lapja jogel\u0151dje) c\u00edm\u0171 foly\u00f3iratot, az els\u0151 magyar nyelv\u0171 \u00e1llatorvosi szaklapot.<\/p>","protected":false},"excerpt":{"rendered":"<p>A \u201ele\u00edr\u00f3 \u00e9s t\u00e1jbonczol\u00e1stan\u201d tan\u00e1ra, valamint a n\u00f6v\u00e9nytan, a term\u00e9szettan, az \u00e1sv\u00e1nytan, a sz\u00fcl\u00e9szet \u00e9s a t\u00f6rv\u00e9nysz\u00e9ki \u00e1llatorvostan el\u0151ad\u00f3ja. M\u0171v\u00e9szi kivitelez\u00e9s\u0171 prepar\u00e1tumaival megteremtette a mai Anat\u00f3miai M\u00fazeum alapjait. Az utols\u00f3 renesz\u00e1nszemberek egyikek\u00e9nt, anat\u00f3musk\u00e9nt tehets\u00e9gesen rajzolt, zongor\u00e1zott \u00e9s \u00e9nekelt. Alap\u00edt\u00f3ja \u00e9s sok \u00e9ven \u00e1t titk\u00e1ra a Magyar Orsz\u00e1gos \u00c1llatorvos Egyes\u00fcletnek, szerkesztette az \u00e1ltala alap\u00edtott Veterinarius (a<\/p>\n","protected":false},"author":4844,"featured_media":0,"parent":0,"menu_order":35,"comment_status":"closed","ping_status":"closed","template":"","meta":{"_acf_changed":false,"footnotes":""},"categories":[],"tags":[],"class_list":["post-37312","page","type-page","status-publish","hentry"],"acf":[],"yoast_head":"<!-- This site is optimized with the Yoast SEO plugin v27.2 - https:\/\/yoast.com\/product\/yoast-seo-wordpress\/ -->\n<title>N\u00e1daskay B\u00e9la (1848-1933) - Neves \u00e1llatorvosaink<\/title>\n<meta name=\"robots\" content=\"index, follow, max-snippet:-1, max-image-preview:large, max-video-preview:-1\" \/>\n<link rel=\"canonical\" href=\"https:\/\/univet.hu\/pantheon\/nadaskay-bela-1848-1933\/\" \/>\n<meta property=\"og:locale\" content=\"hu_HU\" \/>\n<meta property=\"og:type\" content=\"article\" \/>\n<meta property=\"og:title\" content=\"N\u00e1daskay B\u00e9la (1848-1933) - Neves \u00e1llatorvosaink\" \/>\n<meta property=\"og:description\" content=\"A \u201ele\u00edr\u00f3 \u00e9s t\u00e1jbonczol\u00e1stan\u201d tan\u00e1ra, valamint a n\u00f6v\u00e9nytan, a term\u00e9szettan, az \u00e1sv\u00e1nytan, a sz\u00fcl\u00e9szet \u00e9s a t\u00f6rv\u00e9nysz\u00e9ki \u00e1llatorvostan el\u0151ad\u00f3ja. M\u0171v\u00e9szi kivitelez\u00e9s\u0171 prepar\u00e1tumaival megteremtette a mai Anat\u00f3miai M\u00fazeum alapjait. Az utols\u00f3 renesz\u00e1nszemberek egyikek\u00e9nt, anat\u00f3musk\u00e9nt tehets\u00e9gesen rajzolt, zongor\u00e1zott \u00e9s \u00e9nekelt. Alap\u00edt\u00f3ja \u00e9s sok \u00e9ven \u00e1t titk\u00e1ra a Magyar Orsz\u00e1gos \u00c1llatorvos Egyes\u00fcletnek, szerkesztette az \u00e1ltala alap\u00edtott Veterinarius (a\" \/>\n<meta property=\"og:url\" content=\"https:\/\/univet.hu\/pantheon\/nadaskay-bela-1848-1933\/\" \/>\n<meta property=\"og:site_name\" content=\"Neves \u00e1llatorvosaink\" \/>\n<meta property=\"article:modified_time\" content=\"2025-01-10T19:26:33+00:00\" \/>\n<meta name=\"twitter:card\" content=\"summary_large_image\" \/>\n<meta name=\"twitter:label1\" content=\"Becs\u00fclt olvas\u00e1si id\u0151\" \/>\n\t<meta name=\"twitter:data1\" content=\"1 perc\" \/>\n<script type=\"application\/ld+json\" class=\"yoast-schema-graph\">{\"@context\":\"https:\/\/schema.org\",\"@graph\":[{\"@type\":\"WebPage\",\"@id\":\"https:\/\/univet.hu\/pantheon\/nadaskay-bela-1848-1933\/\",\"url\":\"https:\/\/univet.hu\/pantheon\/nadaskay-bela-1848-1933\/\",\"name\":\"N\u00e1daskay B\u00e9la (1848-1933) - Neves \u00e1llatorvosaink\",\"isPartOf\":{\"@id\":\"https:\/\/univet.hu\/pantheon\/de\/#website\"},\"datePublished\":\"2019-04-01T11:36:55+00:00\",\"dateModified\":\"2025-01-10T19:26:33+00:00\",\"breadcrumb\":{\"@id\":\"https:\/\/univet.hu\/pantheon\/nadaskay-bela-1848-1933\/#breadcrumb\"},\"inLanguage\":\"hu\",\"potentialAction\":[{\"@type\":\"ReadAction\",\"target\":[\"https:\/\/univet.hu\/pantheon\/nadaskay-bela-1848-1933\/\"]}]},{\"@type\":\"BreadcrumbList\",\"@id\":\"https:\/\/univet.hu\/pantheon\/nadaskay-bela-1848-1933\/#breadcrumb\",\"itemListElement\":[{\"@type\":\"ListItem\",\"position\":1,\"name\":\"Kezd\u0151lap\",\"item\":\"https:\/\/univet.hu\/pantheon\/\"},{\"@type\":\"ListItem\",\"position\":2,\"name\":\"N\u00e1daskay B\u00e9la (1848-1933)\"}]},{\"@type\":\"WebSite\",\"@id\":\"https:\/\/univet.hu\/pantheon\/de\/#website\",\"url\":\"https:\/\/univet.hu\/pantheon\/de\/\",\"name\":\"Our renowned veterinarians\",\"description\":\"\",\"potentialAction\":[{\"@type\":\"SearchAction\",\"target\":{\"@type\":\"EntryPoint\",\"urlTemplate\":\"https:\/\/univet.hu\/pantheon\/de\/?s={search_term_string}\"},\"query-input\":{\"@type\":\"PropertyValueSpecification\",\"valueRequired\":true,\"valueName\":\"search_term_string\"}}],\"inLanguage\":\"hu\"}]}<\/script>\n<!-- \/ Yoast SEO plugin. -->","yoast_head_json":{"title":"N\u00e1daskay B\u00e9la (1848-1933) - Neves \u00e1llatorvosaink","robots":{"index":"index","follow":"follow","max-snippet":"max-snippet:-1","max-image-preview":"max-image-preview:large","max-video-preview":"max-video-preview:-1"},"canonical":"https:\/\/univet.hu\/pantheon\/nadaskay-bela-1848-1933\/","og_locale":"hu_HU","og_type":"article","og_title":"N\u00e1daskay B\u00e9la (1848-1933) - Neves \u00e1llatorvosaink","og_description":"A \u201ele\u00edr\u00f3 \u00e9s t\u00e1jbonczol\u00e1stan\u201d tan\u00e1ra, valamint a n\u00f6v\u00e9nytan, a term\u00e9szettan, az \u00e1sv\u00e1nytan, a sz\u00fcl\u00e9szet \u00e9s a t\u00f6rv\u00e9nysz\u00e9ki \u00e1llatorvostan el\u0151ad\u00f3ja. M\u0171v\u00e9szi kivitelez\u00e9s\u0171 prepar\u00e1tumaival megteremtette a mai Anat\u00f3miai M\u00fazeum alapjait. Az utols\u00f3 renesz\u00e1nszemberek egyikek\u00e9nt, anat\u00f3musk\u00e9nt tehets\u00e9gesen rajzolt, zongor\u00e1zott \u00e9s \u00e9nekelt. Alap\u00edt\u00f3ja \u00e9s sok \u00e9ven \u00e1t titk\u00e1ra a Magyar Orsz\u00e1gos \u00c1llatorvos Egyes\u00fcletnek, szerkesztette az \u00e1ltala alap\u00edtott Veterinarius (a","og_url":"https:\/\/univet.hu\/pantheon\/nadaskay-bela-1848-1933\/","og_site_name":"Neves \u00e1llatorvosaink","article_modified_time":"2025-01-10T19:26:33+00:00","twitter_card":"summary_large_image","twitter_misc":{"Becs\u00fclt olvas\u00e1si id\u0151":"1 perc"},"schema":{"@context":"https:\/\/schema.org","@graph":[{"@type":"WebPage","@id":"https:\/\/univet.hu\/pantheon\/nadaskay-bela-1848-1933\/","url":"https:\/\/univet.hu\/pantheon\/nadaskay-bela-1848-1933\/","name":"N\u00e1daskay B\u00e9la (1848-1933) - Neves \u00e1llatorvosaink","isPartOf":{"@id":"https:\/\/univet.hu\/pantheon\/de\/#website"},"datePublished":"2019-04-01T11:36:55+00:00","dateModified":"2025-01-10T19:26:33+00:00","breadcrumb":{"@id":"https:\/\/univet.hu\/pantheon\/nadaskay-bela-1848-1933\/#breadcrumb"},"inLanguage":"hu","potentialAction":[{"@type":"ReadAction","target":["https:\/\/univet.hu\/pantheon\/nadaskay-bela-1848-1933\/"]}]},{"@type":"BreadcrumbList","@id":"https:\/\/univet.hu\/pantheon\/nadaskay-bela-1848-1933\/#breadcrumb","itemListElement":[{"@type":"ListItem","position":1,"name":"Kezd\u0151lap","item":"https:\/\/univet.hu\/pantheon\/"},{"@type":"ListItem","position":2,"name":"N\u00e1daskay B\u00e9la (1848-1933)"}]},{"@type":"WebSite","@id":"https:\/\/univet.hu\/pantheon\/de\/#website","url":"https:\/\/univet.hu\/pantheon\/de\/","name":"Our renowned veterinarians","description":"","potentialAction":[{"@type":"SearchAction","target":{"@type":"EntryPoint","urlTemplate":"https:\/\/univet.hu\/pantheon\/de\/?s={search_term_string}"},"query-input":{"@type":"PropertyValueSpecification","valueRequired":true,"valueName":"search_term_string"}}],"inLanguage":"hu"}]}},"_links":{"self":[{"href":"https:\/\/univet.hu\/pantheon\/wp-json\/wp\/v2\/pages\/37312","targetHints":{"allow":["GET"]}}],"collection":[{"href":"https:\/\/univet.hu\/pantheon\/wp-json\/wp\/v2\/pages"}],"about":[{"href":"https:\/\/univet.hu\/pantheon\/wp-json\/wp\/v2\/types\/page"}],"author":[{"embeddable":true,"href":"https:\/\/univet.hu\/pantheon\/wp-json\/wp\/v2\/users\/4844"}],"replies":[{"embeddable":true,"href":"https:\/\/univet.hu\/pantheon\/wp-json\/wp\/v2\/comments?post=37312"}],"version-history":[{"count":1,"href":"https:\/\/univet.hu\/pantheon\/wp-json\/wp\/v2\/pages\/37312\/revisions"}],"predecessor-version":[{"id":103587,"href":"https:\/\/univet.hu\/pantheon\/wp-json\/wp\/v2\/pages\/37312\/revisions\/103587"}],"wp:attachment":[{"href":"https:\/\/univet.hu\/pantheon\/wp-json\/wp\/v2\/media?parent=37312"}],"wp:term":[{"taxonomy":"category","embeddable":true,"href":"https:\/\/univet.hu\/pantheon\/wp-json\/wp\/v2\/categories?post=37312"},{"taxonomy":"post_tag","embeddable":true,"href":"https:\/\/univet.hu\/pantheon\/wp-json\/wp\/v2\/tags?post=37312"}],"curies":[{"name":"wp","href":"https:\/\/api.w.org\/{rel}","templated":true}]}}